{"id":4792,"date":"2021-09-08T11:03:02","date_gmt":"2021-09-08T07:03:02","guid":{"rendered":"http:\/\/lycee-llisle.ac-reunion.fr\/?page_id=4792"},"modified":"2025-01-28T12:24:13","modified_gmt":"2025-01-28T08:24:13","slug":"bts-commerce-international","status":"publish","type":"page","link":"https:\/\/etab.ac-reunion.fr\/lyc-leconte-de-lisle\/bts-commerce-international\/","title":{"rendered":"BTS Commerce International"},"content":{"rendered":"[et_pb_section fb_built=\u00a0\u00bb1&Prime; _builder_version=\u00a0\u00bb4.16&Prime; _module_preset=\u00a0\u00bbdefault\u00a0\u00bb global_colors_info=\u00a0\u00bb{}\u00a0\u00bb][et_pb_row _builder_version=\u00a0\u00bb4.16&Prime; _module_preset=\u00a0\u00bbdefault\u00a0\u00bb global_colors_info=\u00a0\u00bb{}\u00a0\u00bb][et_pb_column type=\u00a0\u00bb4_4&Prime; _builder_version=\u00a0\u00bb4.16&Prime; _module_preset=\u00a0\u00bbdefault\u00a0\u00bb global_colors_info=\u00a0\u00bb{}\u00a0\u00bb][et_pb_text _builder_version=\u00a0\u00bb4.16&Prime; _module_preset=\u00a0\u00bbdefault\u00a0\u00bb text_font=\u00a0\u00bbArial||||||||\u00a0\u00bb text_text_color=\u00a0\u00bb#0C71C3&Prime; text_font_size=\u00a0\u00bb25px\u00a0\u00bb global_colors_info=\u00a0\u00bb{}\u00a0\u00bb]\n<p style=\"text-align: center\"><strong>Brevet de Technicien Sup\u00e9rieur <\/strong><\/p>\n<p style=\"text-align: center\"><strong>Commerce International<\/strong><\/p>\n[\/et_pb_text][\/et_pb_column][\/et_pb_row][et_pb_row column_structure=\u00a0\u00bb2_5,3_5&Prime; _builder_version=\u00a0\u00bb4.16&Prime; _module_preset=\u00a0\u00bbdefault\u00a0\u00bb global_colors_info=\u00a0\u00bb{}\u00a0\u00bb][et_pb_column type=\u00a0\u00bb2_5&Prime; _builder_version=\u00a0\u00bb4.16&Prime; _module_preset=\u00a0\u00bbdefault\u00a0\u00bb global_colors_info=\u00a0\u00bb{}\u00a0\u00bb][et_pb_image src=\u00a0\u00bbhttps:\/\/etab.ac-reunion.fr\/lyc-leconte-de-lisle\/wp-content\/uploads\/sites\/53\/2021\/09\/BTS-CI.jpg\u00a0\u00bb title_text=\u00a0\u00bbBTS CI\u00a0\u00bb _builder_version=\u00a0\u00bb4.16&Prime; _module_preset=\u00a0\u00bbdefault\u00a0\u00bb global_colors_info=\u00a0\u00bb{}\u00a0\u00bb][\/et_pb_image][et_pb_text _builder_version=\u00a0\u00bb4.16&Prime; _module_preset=\u00a0\u00bbdefault\u00a0\u00bb global_colors_info=\u00a0\u00bb{}\u00a0\u00bb][\/et_pb_text][et_pb_text _builder_version=\u00a0\u00bb4.27.4&Prime; _module_preset=\u00a0\u00bbdefault\u00a0\u00bb text_text_color=\u00a0\u00bb#0C71C3&Prime; text_font_size=\u00a0\u00bb18px\u00a0\u00bb hover_enabled=\u00a0\u00bb0&Prime; global_colors_info=\u00a0\u00bb{}\u00a0\u00bb sticky_enabled=\u00a0\u00bb0&Prime;]\n<p><strong>Ci-dessous la plaquette \u00e0 t\u00e9l\u00e9charger<\/strong><strong><a href=\"https:\/\/etab.ac-reunion.fr\/lyc-leconte-de-lisle\/wp-content\/uploads\/sites\/53\/2021\/09\/Plaquette-BTS-CI.pdf\" rel=\"attachment wp-att-4784\"><\/a><\/strong><\/p>\n<p><strong><a href=\"https:\/\/etab.ac-reunion.fr\/lyc-leconte-de-lisle\/wp-content\/uploads\/sites\/53\/2023\/11\/CI-2024.pdf\" rel=\"attachment wp-att-5989\"><\/a><a href=\"https:\/\/etab.ac-reunion.fr\/lyc-leconte-de-lisle\/wp-content\/uploads\/sites\/53\/2025\/01\/BTS-CI-2024-2025.pdf\" rel=\"attachment wp-att-6741\">BTS CI 2024-2025<\/a><a href=\"https:\/\/etab.ac-reunion.fr\/lyc-leconte-de-lisle\/wp-content\/uploads\/sites\/53\/2023\/11\/CI-2024.pdf\" rel=\"attachment wp-att-5989\"><\/a><\/strong><\/p>\n<p>&nbsp;<\/p>\n[\/et_pb_text][\/et_pb_column][et_pb_column type=\u00a0\u00bb3_5&Prime; _builder_version=\u00a0\u00bb4.16&Prime; _module_preset=\u00a0\u00bbdefault\u00a0\u00bb global_colors_info=\u00a0\u00bb{}\u00a0\u00bb][et_pb_text _builder_version=\u00a0\u00bb4.16&Prime; _module_preset=\u00a0\u00bbdefault\u00a0\u00bb text_font=\u00a0\u00bbArial||||||||\u00a0\u00bb text_text_color=\u00a0\u00bb#0C71C3&Prime; global_colors_info=\u00a0\u00bb{}\u00a0\u00bb]\n<p>Le titulaire du Brevet de Technicien sup\u00e9rieur Commerce international contribue au d\u00e9veloppement commercial international de l\u2019entreprise et \u00e0 la p\u00e9rennit\u00e9 des courants d\u2019affaires.<\/p>\n<p>La gestion et le suivi de la relation commerciale dans un contexte interculturel occupent une place primordiale dans les activit\u00e9s quotidiennes de l\u2019assistant import\/export.<\/p>\n<p>Il est responsable de l\u2019ex\u00e9cution des contrats d\u2019achat\/vente \u00e0 l\u2019international.<\/p>\n<p>Il assure l\u2019interface avec les clients et les fournisseurs, de la cotation ou de l\u2019offre au paiement et la gestion administrative des commandes export et des achats \u00e0 l\u2019\u00e9tranger.<\/p>\n<p>Il contribue \u00e0 la gestion des risques de paiement, de change, de transport et de douane ainsi que des r\u00e9clamations et des litiges.<\/p>\n<p>Il participe \u00e0 la conception de tableaux de bord et en assure la tenue, la diffusion et le suivi.<\/p>\n<p>Sa capacit\u00e9 \u00e0 communiquer, n\u00e9gocier, traduire les exigences des clients et des fournisseurs en solutions adapt\u00e9es et organiser les op\u00e9rations d\u2019import\/export, en fran\u00e7ais et en anglais (le cas \u00e9ch\u00e9ant dans une autre langue) permet le d\u00e9veloppement et la p\u00e9rennisation des courants d\u2019affaires.<\/p>\n<p>Il coordonne \u00e9galement les actions de l\u2019ensemble des acteurs internes\/externes impliqu\u00e9s dans les op\u00e9rations internationales et renforce la qualit\u00e9 des relations avec toutes les parties prenantes.<\/p>\n<p>Il participe \u00e0 l\u2019\u00e9laboration des propositions commerciales, aux actions de promotion et de prospection.<\/p>\n<p>Par une activit\u00e9 de veille globale et par une analyse de l\u2019information, il contribue \u00e0 la pr\u00e9paration des d\u00e9cisions de d\u00e9veloppement commercial international.<\/p>\n<p>Il rend compte r\u00e9guli\u00e8rement de ses actions. Par ailleurs, il alerte des difficult\u00e9s et\/ou opportunit\u00e9s rep\u00e9r\u00e9es et formule des propositions adapt\u00e9es.<\/p>\n<p>Sa polyvalence lui permet d\u2019exercer dans tout secteur d\u2019activit\u00e9, tout type d\u2019organisation travaillant avec des clients, des fournisseurs et des partenaires internationaux.<\/p>\n<p>L\u2019ensemble de ses missions s\u2019exerce dans un contexte interculturel multilingue et num\u00e9rique.<\/p>\n<p>Aussi, le titulaire du dipl\u00f4me fait preuve d\u2019adaptabilit\u00e9 aux interlocuteurs et aux contextes d\u2019exercice, ainsi que d\u2019aisance communicationnelle, \u00e9crite, orale, en fran\u00e7ais, en anglais, voire dans une autre langue.<\/p>\n<p>Dans ce cadre, le titulaire du BTS Commerce international exerce dans les domaines d\u2019activit\u00e9s professionnelles suivants :<\/p>\n<p>\u00a0&#8211; \u00a0\u00a0\u00a0\u00a0\u00a0\u00a0\u00a0\u00a0\u00a0\u00a0 D\u00e9veloppement de la relation commerciale dans un environnement interculturel<\/p>\n<p>\u00a0&#8211; \u00a0\u00a0\u00a0\u00a0\u00a0\u00a0\u00a0\u00a0\u00a0\u00a0 Mise en \u0153uvre des op\u00e9rations internationales<\/p>\n<p>\u00a0&#8211; \u00a0\u00a0\u00a0\u00a0\u00a0\u00a0\u00a0\u00a0\u00a0\u00a0 Participation au d\u00e9veloppement commercial international<\/p>\n[\/et_pb_text][\/et_pb_column][\/et_pb_row][\/et_pb_section]\n","protected":false},"excerpt":{"rendered":"<p>Brevet de Technicien Sup\u00e9rieur Commerce InternationalCi-dessous la plaquette \u00e0 t\u00e9l\u00e9charger BTS CI 2024-2025 &nbsp;Le titulaire du Brevet de Technicien sup\u00e9rieur Commerce international contribue au d\u00e9veloppement commercial international de l\u2019entreprise et \u00e0 la p\u00e9rennit\u00e9 des courants d\u2019affaires. La gestion et le suivi de la relation commerciale dans un contexte interculturel occupent une place primordiale dans les [&hellip;]<\/p>\n","protected":false},"author":17510,"featured_media":0,"parent":0,"menu_order":0,"comment_status":"closed","ping_status":"closed","template":"","meta":{"_et_pb_use_builder":"on","_et_pb_old_content":"","_et_gb_content_width":"","footnotes":""},"class_list":["post-4792","page","type-page","status-publish","hentry"],"_links":{"self":[{"href":"https:\/\/etab.ac-reunion.fr\/lyc-leconte-de-lisle\/wp-json\/wp\/v2\/pages\/4792","targetHints":{"allow":["GET"]}}],"collection":[{"href":"https:\/\/etab.ac-reunion.fr\/lyc-leconte-de-lisle\/wp-json\/wp\/v2\/pages"}],"about":[{"href":"https:\/\/etab.ac-reunion.fr\/lyc-leconte-de-lisle\/wp-json\/wp\/v2\/types\/page"}],"author":[{"embeddable":true,"href":"https:\/\/etab.ac-reunion.fr\/lyc-leconte-de-lisle\/wp-json\/wp\/v2\/users\/17510"}],"replies":[{"embeddable":true,"href":"https:\/\/etab.ac-reunion.fr\/lyc-leconte-de-lisle\/wp-json\/wp\/v2\/comments?post=4792"}],"version-history":[{"count":5,"href":"https:\/\/etab.ac-reunion.fr\/lyc-leconte-de-lisle\/wp-json\/wp\/v2\/pages\/4792\/revisions"}],"predecessor-version":[{"id":6752,"href":"https:\/\/etab.ac-reunion.fr\/lyc-leconte-de-lisle\/wp-json\/wp\/v2\/pages\/4792\/revisions\/6752"}],"wp:attachment":[{"href":"https:\/\/etab.ac-reunion.fr\/lyc-leconte-de-lisle\/wp-json\/wp\/v2\/media?parent=4792"}],"curies":[{"name":"wp","href":"https:\/\/api.w.org\/{rel}","templated":true}]}}