{"id":4808,"date":"2021-09-08T11:48:15","date_gmt":"2021-09-08T07:48:15","guid":{"rendered":"http:\/\/lycee-llisle.ac-reunion.fr\/?page_id=4808"},"modified":"2025-01-28T12:25:50","modified_gmt":"2025-01-28T08:25:50","slug":"bts-mco-2","status":"publish","type":"page","link":"https:\/\/etab.ac-reunion.fr\/lyc-leconte-de-lisle\/bts-mco-2\/","title":{"rendered":"BTS Management Commercial Op\u00e9rationnel"},"content":{"rendered":"[et_pb_section fb_built=\u00a0\u00bb1&Prime; _builder_version=\u00a0\u00bb4.16&Prime; _module_preset=\u00a0\u00bbdefault\u00a0\u00bb global_colors_info=\u00a0\u00bb{}\u00a0\u00bb][et_pb_row _builder_version=\u00a0\u00bb4.16&Prime; _module_preset=\u00a0\u00bbdefault\u00a0\u00bb global_colors_info=\u00a0\u00bb{}\u00a0\u00bb][et_pb_column type=\u00a0\u00bb4_4&Prime; _builder_version=\u00a0\u00bb4.16&Prime; _module_preset=\u00a0\u00bbdefault\u00a0\u00bb global_colors_info=\u00a0\u00bb{}\u00a0\u00bb][et_pb_text _builder_version=\u00a0\u00bb4.16&Prime; _module_preset=\u00a0\u00bbdefault\u00a0\u00bb text_font=\u00a0\u00bbArial||||||||\u00a0\u00bb text_text_color=\u00a0\u00bb#2E6411&Prime; text_font_size=\u00a0\u00bb25px\u00a0\u00bb global_colors_info=\u00a0\u00bb{}\u00a0\u00bb]\n<p style=\"text-align: center\"><strong>Brevet de Technicien Sup\u00e9rieur<\/strong><\/p>\n<p style=\"text-align: center\"><strong>Management Commercial Op\u00e9rationnel<\/strong><\/p>\n[\/et_pb_text][\/et_pb_column][\/et_pb_row][et_pb_row column_structure=\u00a0\u00bb2_5,3_5&Prime; _builder_version=\u00a0\u00bb4.16&Prime; _module_preset=\u00a0\u00bbdefault\u00a0\u00bb global_colors_info=\u00a0\u00bb{}\u00a0\u00bb][et_pb_column type=\u00a0\u00bb2_5&Prime; _builder_version=\u00a0\u00bb4.16&Prime; _module_preset=\u00a0\u00bbdefault\u00a0\u00bb global_colors_info=\u00a0\u00bb{}\u00a0\u00bb][et_pb_image src=\u00a0\u00bbhttps:\/\/etab.ac-reunion.fr\/lyc-leconte-de-lisle\/wp-content\/uploads\/sites\/53\/2021\/09\/BTS-MCO.png\u00a0\u00bb title_text=\u00a0\u00bbBTS MCO\u00a0\u00bb _builder_version=\u00a0\u00bb4.16&Prime; _module_preset=\u00a0\u00bbdefault\u00a0\u00bb global_colors_info=\u00a0\u00bb{}\u00a0\u00bb][\/et_pb_image][et_pb_text _builder_version=\u00a0\u00bb4.27.4&Prime; _module_preset=\u00a0\u00bbdefault\u00a0\u00bb text_text_color=\u00a0\u00bb#2E6411&Prime; text_font_size=\u00a0\u00bb18px\u00a0\u00bb hover_enabled=\u00a0\u00bb0&Prime; global_colors_info=\u00a0\u00bb{}\u00a0\u00bb sticky_enabled=\u00a0\u00bb0&Prime;]\n<p><strong>T\u00e9l\u00e9chargez la plaquette du BTS MCO ci-dessous.<\/strong><a href=\"https:\/\/etab.ac-reunion.fr\/lyc-leconte-de-lisle\/wp-content\/uploads\/sites\/53\/2021\/09\/Plaquette-BTS-MCO.pdf\" rel=\"attachment wp-att-4786\"><\/a><\/p>\n<p><strong><\/strong><\/p>\n<p><strong><a href=\"https:\/\/etab.ac-reunion.fr\/lyc-leconte-de-lisle\/wp-content\/uploads\/sites\/53\/2023\/11\/MCO-2024.pdf\" rel=\"attachment wp-att-5995\"><\/a><a href=\"https:\/\/etab.ac-reunion.fr\/lyc-leconte-de-lisle\/wp-content\/uploads\/sites\/53\/2025\/01\/BTS-MCO-2024-2025.pdf\" rel=\"attachment wp-att-6742\">BTS MCO 2024-2025<\/a><a href=\"https:\/\/etab.ac-reunion.fr\/lyc-leconte-de-lisle\/wp-content\/uploads\/sites\/53\/2023\/11\/MCO-2024.pdf\" rel=\"attachment wp-att-5995\"><\/a><\/strong><\/p>\n[\/et_pb_text][\/et_pb_column][et_pb_column type=\u00a0\u00bb3_5&Prime; _builder_version=\u00a0\u00bb4.16&Prime; _module_preset=\u00a0\u00bbdefault\u00a0\u00bb global_colors_info=\u00a0\u00bb{}\u00a0\u00bb][et_pb_text _builder_version=\u00a0\u00bb4.16&Prime; _module_preset=\u00a0\u00bbdefault\u00a0\u00bb text_font=\u00a0\u00bbArial||||||||\u00a0\u00bb text_text_color=\u00a0\u00bb#2E6411&Prime; global_colors_info=\u00a0\u00bb{}\u00a0\u00bb]\n<p>Le titulaire du brevet de technicien sup\u00e9rieur Management commercial op\u00e9rationnel (MCO) a pour perspective de prendre la responsabilit\u00e9 op\u00e9rationnelle de tout ou partie d\u2019une unit\u00e9 commerciale.<\/p>\n<p>Une unit\u00e9 commerciale est un lieu physique et\/ou virtuel permettant \u00e0 un client potentiel d\u2019acc\u00e9der \u00e0 une offre de produits ou de services.<\/p>\n<p>Le titulaire du BTS MCO prend en charge la relation client dans sa globalit\u00e9 ainsi que l\u2019animation et la dynamisation de l\u2019offre.<\/p>\n<p>Il assure \u00e9galement la gestion op\u00e9rationnelle de l\u2019unit\u00e9 commerciale ainsi que le management de son \u00e9quipe commerciale.<\/p>\n<p>Cette polyvalence fonctionnelle s\u2019inscrit dans un contexte d\u2019activit\u00e9s commerciales digitalis\u00e9es visant \u00e0 mettre en \u0153uvre la politique commerciale du r\u00e9seau et\/ou de l\u2019unit\u00e9 commerciale.<\/p>\n<p>Le titulaire du BTS MCO exerce son m\u00e9tier en autonomie en s\u2019adaptant \u00e0 son environnement professionnel.<\/p>\n<p>Le titulaire du BTS MCO acc\u00e8de \u00e0 plusieurs niveaux de responsabilit\u00e9, en fonction de son exp\u00e9rience, de la taille de l\u2019organisation qui l\u2019emploie et des opportunit\u00e9s professionnelles qui s\u2019offrent \u00e0 lui.<\/p>\n<p>Il peut \u00eatre amen\u00e9 \u00e0 cr\u00e9er ou reprendre une unit\u00e9 commerciale en qualit\u00e9 d\u2019entrepreneur.<\/p>\n[\/et_pb_text][\/et_pb_column][\/et_pb_row][\/et_pb_section]\n","protected":false},"excerpt":{"rendered":"<p>Brevet de Technicien Sup\u00e9rieur Management Commercial Op\u00e9rationnelT\u00e9l\u00e9chargez la plaquette du BTS MCO ci-dessous. BTS MCO 2024-2025Le titulaire du brevet de technicien sup\u00e9rieur Management commercial op\u00e9rationnel (MCO) a pour perspective de prendre la responsabilit\u00e9 op\u00e9rationnelle de tout ou partie d\u2019une unit\u00e9 commerciale. Une unit\u00e9 commerciale est un lieu physique et\/ou virtuel permettant \u00e0 un client potentiel [&hellip;]<\/p>\n","protected":false},"author":17510,"featured_media":0,"parent":0,"menu_order":0,"comment_status":"closed","ping_status":"closed","template":"","meta":{"_et_pb_use_builder":"on","_et_pb_old_content":"","_et_gb_content_width":"","footnotes":""},"class_list":["post-4808","page","type-page","status-publish","hentry"],"_links":{"self":[{"href":"https:\/\/etab.ac-reunion.fr\/lyc-leconte-de-lisle\/wp-json\/wp\/v2\/pages\/4808","targetHints":{"allow":["GET"]}}],"collection":[{"href":"https:\/\/etab.ac-reunion.fr\/lyc-leconte-de-lisle\/wp-json\/wp\/v2\/pages"}],"about":[{"href":"https:\/\/etab.ac-reunion.fr\/lyc-leconte-de-lisle\/wp-json\/wp\/v2\/types\/page"}],"author":[{"embeddable":true,"href":"https:\/\/etab.ac-reunion.fr\/lyc-leconte-de-lisle\/wp-json\/wp\/v2\/users\/17510"}],"replies":[{"embeddable":true,"href":"https:\/\/etab.ac-reunion.fr\/lyc-leconte-de-lisle\/wp-json\/wp\/v2\/comments?post=4808"}],"version-history":[{"count":7,"href":"https:\/\/etab.ac-reunion.fr\/lyc-leconte-de-lisle\/wp-json\/wp\/v2\/pages\/4808\/revisions"}],"predecessor-version":[{"id":6755,"href":"https:\/\/etab.ac-reunion.fr\/lyc-leconte-de-lisle\/wp-json\/wp\/v2\/pages\/4808\/revisions\/6755"}],"wp:attachment":[{"href":"https:\/\/etab.ac-reunion.fr\/lyc-leconte-de-lisle\/wp-json\/wp\/v2\/media?parent=4808"}],"curies":[{"name":"wp","href":"https:\/\/api.w.org\/{rel}","templated":true}]}}