{"id":6061,"date":"2019-09-18T08:13:35","date_gmt":"2019-09-18T04:13:35","guid":{"rendered":"http:\/\/wpetab.ac-reunion.fr\/lycee-lepervanche\/wp-content\/uploads\/sites\/17\/2019\/09\/Professeurs-et-\u00e9l\u00e8ves-se-mobilisent.jpg"},"modified":"2019-09-18T08:50:33","modified_gmt":"2019-09-18T04:50:33","slug":"professeurs-et-eleves-se-mobilisent","status":"inherit","type":"attachment","link":"https:\/\/etab.ac-reunion.fr\/lyc-lepervanche\/le-wolrd-cleanup-day\/professeurs-et-eleves-se-mobilisent\/","title":{"rendered":"Professeurs et \u00e9l\u00e8ves se mobilisent"},"author":18514,"featured_media":0,"comment_status":"closed","ping_status":"closed","template":"","meta":{"_et_pb_use_builder":"","_et_pb_old_content":"","_et_gb_content_width":""},"class_list":["post-6061","attachment","type-attachment","status-inherit","hentry"],"description":{"rendered":"<p class=\"attachment\"><a href='https:\/\/etab.ac-reunion.fr\/lyc-lepervanche\/wp-content\/uploads\/sites\/17\/2019\/09\/Professeurs-et-\u00e9l\u00e8ves-se-mobilisent.jpg'><img loading=\"lazy\" decoding=\"async\" width=\"169\" height=\"300\" src=\"https:\/\/etab.ac-reunion.fr\/lyc-lepervanche\/wp-content\/uploads\/sites\/17\/2019\/09\/Professeurs-et-\u00e9l\u00e8ves-se-mobilisent-169x300.jpg\" class=\"attachment-medium size-medium\" alt=\"\" srcset=\"https:\/\/etab.ac-reunion.fr\/lyc-lepervanche\/wp-content\/uploads\/sites\/17\/2019\/09\/Professeurs-et-\u00e9l\u00e8ves-se-mobilisent-169x300.jpg 169w, https:\/\/etab.ac-reunion.fr\/lyc-lepervanche\/wp-content\/uploads\/sites\/17\/2019\/09\/Professeurs-et-\u00e9l\u00e8ves-se-mobilisent-480x854.jpg 480w, https:\/\/etab.ac-reunion.fr\/lyc-lepervanche\/wp-content\/uploads\/sites\/17\/2019\/09\/Professeurs-et-\u00e9l\u00e8ves-se-mobilisent.jpg 519w\" sizes=\"(max-width: 169px) 100vw, 169px\" \/><\/a><\/p>\n<!-- AddThis Advanced Settings generic via filter on the_content --><!-- AddThis Share Buttons generic via filter on the_content -->"},"caption":{"rendered":"<p>Professeurs et \u00e9l\u00e8ves en action<!-- AddThis Advanced Settings generic via filter on get_the_excerpt --><!-- AddThis Share Buttons generic via filter on get_the_excerpt --><\/p>\n"},"alt_text":"","media_type":"image","mime_type":"image\/jpeg","media_details":{"width":519,"height":923,"file":"2019\/09\/Professeurs-et-\u00e9l\u00e8ves-se-mobilisent.jpg","sizes":{"thumbnail":{"file":"Professeurs-et-\u00e9l\u00e8ves-se-mobilisent-150x150.jpg","width":150,"height":150,"mime_type":"image\/jpeg","source_url":"https:\/\/etab.ac-reunion.fr\/lyc-lepervanche\/wp-content\/uploads\/sites\/17\/2019\/09\/Professeurs-et-\u00e9l\u00e8ves-se-mobilisent-150x150.jpg"},"medium":{"file":"Professeurs-et-\u00e9l\u00e8ves-se-mobilisent-169x300.jpg","width":169,"height":300,"mime_type":"image\/jpeg","source_url":"https:\/\/etab.ac-reunion.fr\/lyc-lepervanche\/wp-content\/uploads\/sites\/17\/2019\/09\/Professeurs-et-\u00e9l\u00e8ves-se-mobilisent-169x300.jpg"},"et-pb-post-main-image":{"file":"Professeurs-et-\u00e9l\u00e8ves-se-mobilisent-400x250.jpg","width":400,"height":250,"mime_type":"image\/jpeg","source_url":"https:\/\/etab.ac-reunion.fr\/lyc-lepervanche\/wp-content\/uploads\/sites\/17\/2019\/09\/Professeurs-et-\u00e9l\u00e8ves-se-mobilisent-400x250.jpg"},"et-pb-post-main-image-fullwidth":{"file":"Professeurs-et-\u00e9l\u00e8ves-se-mobilisent-519x675.jpg","width":519,"height":675,"mime_type":"image\/jpeg","source_url":"https:\/\/etab.ac-reunion.fr\/lyc-lepervanche\/wp-content\/uploads\/sites\/17\/2019\/09\/Professeurs-et-\u00e9l\u00e8ves-se-mobilisent-519x675.jpg"},"et-pb-portfolio-image":{"file":"Professeurs-et-\u00e9l\u00e8ves-se-mobilisent-400x284.jpg","width":400,"height":284,"mime_type":"image\/jpeg","source_url":"https:\/\/etab.ac-reunion.fr\/lyc-lepervanche\/wp-content\/uploads\/sites\/17\/2019\/09\/Professeurs-et-\u00e9l\u00e8ves-se-mobilisent-400x284.jpg"},"et-pb-portfolio-module-image":{"file":"Professeurs-et-\u00e9l\u00e8ves-se-mobilisent-510x382.jpg","width":510,"height":382,"mime_type":"image\/jpeg","source_url":"https:\/\/etab.ac-reunion.fr\/lyc-lepervanche\/wp-content\/uploads\/sites\/17\/2019\/09\/Professeurs-et-\u00e9l\u00e8ves-se-mobilisent-510x382.jpg"},"et-pb-gallery-module-image-portrait":{"file":"Professeurs-et-\u00e9l\u00e8ves-se-mobilisent-400x516.jpg","width":400,"height":516,"mime_type":"image\/jpeg","source_url":"https:\/\/etab.ac-reunion.fr\/lyc-lepervanche\/wp-content\/uploads\/sites\/17\/2019\/09\/Professeurs-et-\u00e9l\u00e8ves-se-mobilisent-400x516.jpg"},"et-pb-image--responsive--phone":{"file":"Professeurs-et-\u00e9l\u00e8ves-se-mobilisent-480x854.jpg","width":480,"height":854,"mime_type":"image\/jpeg","source_url":"https:\/\/etab.ac-reunion.fr\/lyc-lepervanche\/wp-content\/uploads\/sites\/17\/2019\/09\/Professeurs-et-\u00e9l\u00e8ves-se-mobilisent-480x854.jpg"},"full":{"file":"Professeurs-et-\u00e9l\u00e8ves-se-mobilisent.jpg","width":519,"height":923,"mime_type":"image\/jpeg","source_url":"https:\/\/etab.ac-reunion.fr\/lyc-lepervanche\/wp-content\/uploads\/sites\/17\/2019\/09\/Professeurs-et-\u00e9l\u00e8ves-se-mobilisent.jpg"}},"image_meta":{"aperture":"0","credit":"","camera":"","caption":"","created_timestamp":"0","copyright":"","focal_length":"0","iso":"0","shutter_speed":"0","title":"","orientation":"0","keywords":[]}},"post":6056,"source_url":"https:\/\/etab.ac-reunion.fr\/lyc-lepervanche\/wp-content\/uploads\/sites\/17\/2019\/09\/Professeurs-et-\u00e9l\u00e8ves-se-mobilisent.jpg","_links":{"self":[{"href":"https:\/\/etab.ac-reunion.fr\/lyc-lepervanche\/wp-json\/wp\/v2\/media\/6061","targetHints":{"allow":["GET"]}}],"collection":[{"href":"https:\/\/etab.ac-reunion.fr\/lyc-lepervanche\/wp-json\/wp\/v2\/media"}],"about":[{"href":"https:\/\/etab.ac-reunion.fr\/lyc-lepervanche\/wp-json\/wp\/v2\/types\/attachment"}],"author":[{"embeddable":true,"href":"https:\/\/etab.ac-reunion.fr\/lyc-lepervanche\/wp-json\/wp\/v2\/users\/18514"}],"replies":[{"embeddable":true,"href":"https:\/\/etab.ac-reunion.fr\/lyc-lepervanche\/wp-json\/wp\/v2\/comments?post=6061"}],"wp:attached-to":[{"embeddable":true,"post_type":"post","id":6056,"href":"https:\/\/etab.ac-reunion.fr\/lyc-lepervanche\/wp-json\/wp\/v2\/posts\/6056"}],"curies":[{"name":"wp","href":"https:\/\/api.w.org\/{rel}","templated":true}]}}

http://wpetab.ac-reunion.fr/lycee-lepervanche/wp-content/uploads/sites/17/2019/09/Professeurs-et-élèves-se-mobilisent.jpg

Professeurs et élèves se mobilisent

<p class="attachment"><a href='https://etab.ac-reunion.fr/lyc-lepervanche/wp-content/uploads/sites/17/2019/09/Professeurs-et-élèves-se-mobilisent.jpg'><img loading="lazy" decoding="async" width="169" height="300" src="https://etab.ac-reunion.fr/lyc-lepervanche/wp-content/uploads/sites/17/2019/09/Professeurs-et-élèves-se-mobilisent-169x300.jpg" class="attachment-medium size-medium" alt="" srcset="https://etab.ac-reunion.fr/lyc-lepervanche/wp-content/uploads/sites/17/2019/09/Professeurs-et-élèves-se-mobilisent-169x300.jpg 169w, https://etab.ac-reunion.fr/lyc-lepervanche/wp-content/uploads/sites/17/2019/09/Professeurs-et-élèves-se-mobilisent-480x854.jpg 480w, https://etab.ac-reunion.fr/lyc-lepervanche/wp-content/uploads/sites/17/2019/09/Professeurs-et-élèves-se-mobilisent.jpg 519w" sizes="(max-width: 169px) 100vw, 169px" /></a></p>
<!-- AddThis Advanced Settings generic via filter on the_content --><!-- AddThis Share Buttons generic via filter on the_content -->

<p>Professeurs et élèves en action<!-- AddThis Advanced Settings generic via filter on get_the_excerpt --><!-- AddThis Share Buttons generic via filter on get_the_excerpt --></p>

2019/09/Professeurs-et-élèves-se-mobilisent.jpg

Professeurs-et-élèves-se-mobilisent-150x150.jpg

https://etab.ac-reunion.fr/lyc-lepervanche/wp-content/uploads/sites/17/2019/09/Professeurs-et-élèves-se-mobilisent-150x150.jpg

Professeurs-et-élèves-se-mobilisent-169x300.jpg

https://etab.ac-reunion.fr/lyc-lepervanche/wp-content/uploads/sites/17/2019/09/Professeurs-et-élèves-se-mobilisent-169x300.jpg

Professeurs-et-élèves-se-mobilisent-400x250.jpg

https://etab.ac-reunion.fr/lyc-lepervanche/wp-content/uploads/sites/17/2019/09/Professeurs-et-élèves-se-mobilisent-400x250.jpg

Professeurs-et-élèves-se-mobilisent-519x675.jpg

https://etab.ac-reunion.fr/lyc-lepervanche/wp-content/uploads/sites/17/2019/09/Professeurs-et-élèves-se-mobilisent-519x675.jpg

Professeurs-et-élèves-se-mobilisent-400x284.jpg

https://etab.ac-reunion.fr/lyc-lepervanche/wp-content/uploads/sites/17/2019/09/Professeurs-et-élèves-se-mobilisent-400x284.jpg

Professeurs-et-élèves-se-mobilisent-510x382.jpg

https://etab.ac-reunion.fr/lyc-lepervanche/wp-content/uploads/sites/17/2019/09/Professeurs-et-élèves-se-mobilisent-510x382.jpg

Professeurs-et-élèves-se-mobilisent-400x516.jpg

https://etab.ac-reunion.fr/lyc-lepervanche/wp-content/uploads/sites/17/2019/09/Professeurs-et-élèves-se-mobilisent-400x516.jpg

Professeurs-et-élèves-se-mobilisent-480x854.jpg

https://etab.ac-reunion.fr/lyc-lepervanche/wp-content/uploads/sites/17/2019/09/Professeurs-et-élèves-se-mobilisent-480x854.jpg

Professeurs-et-élèves-se-mobilisent.jpg

https://etab.ac-reunion.fr/lyc-lepervanche/wp-content/uploads/sites/17/2019/09/Professeurs-et-élèves-se-mobilisent.jpg
