{"id":1269,"date":"2013-11-21T14:42:17","date_gmt":"2013-11-21T10:42:17","guid":{"rendered":"http:\/\/lycee-lepervanche.ac-reunion.fr\/?page_id=1269"},"modified":"2017-09-06T19:27:14","modified_gmt":"2017-09-06T15:27:14","slug":"pedagogie","status":"publish","type":"page","link":"https:\/\/etab.ac-reunion.fr\/lyc-lepervanche\/pedagogie\/","title":{"rendered":"La formation en lyc\u00e9e professionnel"},"content":{"rendered":"<h4>La formation en lyc\u00e9e professionnel<\/h4>\n<p>Le lyc\u00e9e professionnel propose un enseignement en relation avec l&rsquo;entreprise et ses m\u00e9tiers afin de faire acqu\u00e9rir des comp\u00e9tences et des connaissances g\u00e9n\u00e9rales et professionnelles dans divers secteurs et \u00e0 diff\u00e9rents niveaux de formation. L&rsquo;enseignement dispens\u00e9 poursuit deux finalit\u00e9s, l&rsquo;insertion professionnelle et la poursuite d&rsquo;\u00e9tudes.<\/p>\n<p>Le lyc\u00e9e professionnel conduit \u00e0 des\u00a0<a class=\"lien_interne\" href=\"http:\/\/eduscol.education.fr\/cid47633\/les-diplomes-professionnels.html\">dipl\u00f4mes de niveau V &#8211; certificat d&rsquo;aptitude professionnelle (CAP) et mention compl\u00e9mentaire de niveau V &#8211; et \u00e0 des dipl\u00f4mes de niveau IV &#8211; baccalaur\u00e9at professionnel, brevet des m\u00e9tiers d&rsquo;art (BMA), mention compl\u00e9mentaire de niveau IV<\/a>. Les contenus de ces dipl\u00f4mes sont pr\u00e9sent\u00e9s sous forme de r\u00e9f\u00e9rentiels d\u00e9crivant les comp\u00e9tences et les connaissances terminales attendues des candidats.<\/p>\n<h2><strong>Des points communs avec les autres voies de formation<\/strong><\/h2>\n<p>Comme tous les lyc\u00e9es, le lyc\u00e9e professionnel vise l&rsquo;obtention du baccalaur\u00e9at. Aussi, son organisation et sa p\u00e9dagogie pr\u00e9sentent-elles de nombreux points communs avec celles des voies g\u00e9n\u00e9rale et technologique\u00a0:<\/p>\n<ul>\n<li>un perfectionnement dans les disciplines g\u00e9n\u00e9rales\u00a0: fran\u00e7ais, math\u00e9matiques, sciences, arts, \u00e9ducation physique et sportive, langues vivantes&#8230;<\/li>\n<li>une pr\u00e9paration au\u00a0<a href=\"http:\/\/eduscol.education.fr\/D0053\/accueil.htm\">brevet informatique et internet (B2i)<\/a><\/li>\n<li>des activit\u00e9s pluridisciplinaires telles les\u00a0<a href=\"http:\/\/eduscol.education.fr\/D0047\/default.htm\">projets pluridisciplinaires \u00e0 caract\u00e8re professionnel (PPCP)<\/a>\u00a0ou les\u00a0<a href=\"http:\/\/eduscol.education.fr\/D0061\/PAC.htm\">classes \u00e0 projet artistique et culturel (PAC)<\/a><\/li>\n<li>une prise en charge individualis\u00e9e (modules, aide individualis\u00e9e)<\/li>\n<li>une possible insertion dans des\u00a0<a href=\"http:\/\/eduscol.education.fr\/D0121\/accueil.htm\">sections europ\u00e9ennes<\/a><\/li>\n<li>une pr\u00e9paration au r\u00f4le de citoyen\u00a0: \u00e9ducation morale et\u00a0 civique<\/li>\n<li>un conseil de la vie lyc\u00e9enne<\/li>\n<\/ul>\n<h2><strong>Des passerelles facilit\u00e9es<\/strong><\/h2>\n<p>Les lyc\u00e9es professionnels facilitent les passages entre\u00a0:<\/p>\n<ul>\n<li>l&rsquo;enseignement professionnel et l&rsquo;enseignement g\u00e9n\u00e9ral et technologique, dans les deux sens<\/li>\n<li class=\"lien_interne\">le\u00a0<a class=\"lien_interne\" href=\"http:\/\/eduscol.education.fr\/cid47637\/le-certificat-aptitude-professionnelle-cap.html\">certificat d&rsquo;aptitude professionnelle (CAP)<\/a>\u00a0 et\u00a0<a class=\"lien_interne\" href=\"http:\/\/eduscol.education.fr\/cid47640\/le-baccalaureat-professionnel.html\">le baccalaur\u00e9at professionnel (BAC PRO)<\/a><\/li>\n<li>la voie scolaire et l&rsquo;apprentissage<\/li>\n<\/ul>\n<p>Pour l&rsquo;\u00e9l\u00e8ve qui a choisi d&rsquo;obtenir un CAP, le parcours en 4 ans vers le baccalaur\u00e9at professionnel est possible. Dans ce cas, l&rsquo;\u00e9l\u00e8ve int\u00e8gre le cursus scolaire en premi\u00e8re professionnelle ou signe un contrat de baccalaur\u00e9at professionnel en 2 ans.<\/p>\n<h2><strong>Des sp\u00e9cificit\u00e9s<\/strong><\/h2>\n<h3>Des stages en entreprises<\/h3>\n<p><a class=\"lien_interne\" href=\"http:\/\/eduscol.education.fr\/cid47128\/pfmp.html\">Les p\u00e9riodes de formation en milieu professionnel\u00a0<\/a>(PFMP) sont effectu\u00e9es afin d&rsquo;exp\u00e9rimenter et de compl\u00e9ter en situation r\u00e9elle de production les connaissances et les comp\u00e9tences acquises en lyc\u00e9e.<\/p>\n<h3>Des r\u00e9alisations professionnelles<\/h3>\n<p>En CAP,<strong><a class=\"lien_interne\" href=\"http:\/\/eduscol.education.fr\/cid45808\/ppcp.html\">\u00a0le projet pluridisciplinaire \u00e0 caract\u00e8re professionnel<\/a><\/strong>\u00a0(PPCP) permet de r\u00e9aliser en \u00e9quipe une production ou un service mettant en jeu des connaissances et des comp\u00e9tences appartenant \u00e0 plusieurs disciplines.<\/p>\n<h3>Des contr\u00f4les en cours de formation<\/h3>\n<p>Obligatoire pour tous les \u00e9l\u00e8ves de lyc\u00e9e professionnel, le\u00a0<a class=\"lien_interne\" href=\"http:\/\/eduscol.education.fr\/cid112826\/controle-cours-formation.html\"><strong><span class=\"lien_interne\">contr\u00f4le en cours de formation<\/span><\/strong><\/a>\u00a0(CCF) permet d&rsquo;\u00e9taler l&rsquo;\u00e9valuation des comp\u00e9tences terminales de certaines disciplines pour tenir compte du rythme individuel des acquisitions.<\/p>\n<h3>Des locaux et des \u00e9quipements<\/h3>\n<p>Les lyc\u00e9es professionnels b\u00e9n\u00e9ficient de plateaux techniques et d&rsquo;\u00e9quipements permettant de\u00a0<strong>reproduire en grandeur r\u00e9elle ou simul\u00e9e les conditions d&rsquo;exercice des activit\u00e9s professionnelles<\/strong>. L&rsquo;installation des \u00e9quipements et des locaux s&rsquo;appuie sur les guides d&rsquo;\u00e9quipement des lyc\u00e9es, documents de r\u00e9f\u00e9rence pour les responsables rectoraux et r\u00e9gionaux.<\/p>\n<!-- AddThis Advanced Settings generic via filter on the_content --><!-- AddThis Share Buttons generic via filter on the_content -->","protected":false},"excerpt":{"rendered":"<p>La formation en lyc\u00e9e professionnel Le lyc\u00e9e professionnel propose un enseignement en relation avec l&rsquo;entreprise et ses m\u00e9tiers afin de faire acqu\u00e9rir des comp\u00e9tences et des connaissances g\u00e9n\u00e9rales et professionnelles dans divers secteurs et \u00e0 diff\u00e9rents niveaux de formation. L&rsquo;enseignement dispens\u00e9 poursuit deux finalit\u00e9s, l&rsquo;insertion professionnelle et la poursuite d&rsquo;\u00e9tudes. Le lyc\u00e9e professionnel conduit \u00e0 [&hellip;]<!-- AddThis Advanced Settings generic via filter on get_the_excerpt --><!-- AddThis Share Buttons generic via filter on get_the_excerpt --><\/p>\n","protected":false},"author":15058,"featured_media":0,"parent":0,"menu_order":0,"comment_status":"closed","ping_status":"open","template":"","meta":{"_et_pb_use_builder":"","_et_pb_old_content":"","_et_gb_content_width":"","footnotes":""},"class_list":["post-1269","page","type-page","status-publish","hentry"],"_links":{"self":[{"href":"https:\/\/etab.ac-reunion.fr\/lyc-lepervanche\/wp-json\/wp\/v2\/pages\/1269","targetHints":{"allow":["GET"]}}],"collection":[{"href":"https:\/\/etab.ac-reunion.fr\/lyc-lepervanche\/wp-json\/wp\/v2\/pages"}],"about":[{"href":"https:\/\/etab.ac-reunion.fr\/lyc-lepervanche\/wp-json\/wp\/v2\/types\/page"}],"author":[{"embeddable":true,"href":"https:\/\/etab.ac-reunion.fr\/lyc-lepervanche\/wp-json\/wp\/v2\/users\/15058"}],"replies":[{"embeddable":true,"href":"https:\/\/etab.ac-reunion.fr\/lyc-lepervanche\/wp-json\/wp\/v2\/comments?post=1269"}],"version-history":[{"count":10,"href":"https:\/\/etab.ac-reunion.fr\/lyc-lepervanche\/wp-json\/wp\/v2\/pages\/1269\/revisions"}],"predecessor-version":[{"id":3915,"href":"https:\/\/etab.ac-reunion.fr\/lyc-lepervanche\/wp-json\/wp\/v2\/pages\/1269\/revisions\/3915"}],"wp:attachment":[{"href":"https:\/\/etab.ac-reunion.fr\/lyc-lepervanche\/wp-json\/wp\/v2\/media?parent=1269"}],"curies":[{"name":"wp","href":"https:\/\/api.w.org\/{rel}","templated":true}]}}