{"id":2489,"date":"2015-09-21T14:28:56","date_gmt":"2015-09-21T10:28:56","guid":{"rendered":"http:\/\/lycee-lepervanche.ac-reunion.fr\/?page_id=2489"},"modified":"2021-01-12T18:38:28","modified_gmt":"2021-01-12T14:38:28","slug":"les-missions-du-professeur-principal","status":"publish","type":"page","link":"https:\/\/etab.ac-reunion.fr\/lyc-lepervanche\/espace-enseignants\/les-missions-du-professeur-principal\/","title":{"rendered":"Professeur Principal"},"content":{"rendered":"<p><a href=\"https:\/\/etab.ac-reunion.fr\/lyc-lepervanche\/wp-content\/uploads\/sites\/17\/2020\/03\/576x768bb.jpg\"><img loading=\"lazy\" decoding=\"async\" class=\"wp-image-6525 alignright\" src=\"https:\/\/etab.ac-reunion.fr\/lyc-lepervanche\/wp-content\/uploads\/sites\/17\/2020\/03\/576x768bb.jpg\" alt=\"\" width=\"166\" height=\"214\" srcset=\"https:\/\/etab.ac-reunion.fr\/lyc-lepervanche\/wp-content\/uploads\/sites\/17\/2020\/03\/576x768bb.jpg 397w, https:\/\/etab.ac-reunion.fr\/lyc-lepervanche\/wp-content\/uploads\/sites\/17\/2020\/03\/576x768bb-233x300.jpg 233w\" sizes=\"(max-width: 166px) 100vw, 166px\" \/><\/a><\/p>\n<p class=\"header__title\">Au BO du 11 octobre 2018 :<\/p>\n<p class=\"header__title\">R\u00f4le du professeur principal dans les coll\u00e8ges et les lyc\u00e9es<\/p>\n<p>Cette circulaire d\u00e9finit les diff\u00e9rentes missions du professeur principal dans les coll\u00e8ges et les lyc\u00e9es\u00a0:<\/p>\n<ul>\n<li>Le suivi des acquis scolaires et de l&rsquo;\u00e9valuation des \u00e9l\u00e8ves<\/li>\n<li>L&rsquo;accompagnement des \u00e9l\u00e8ves \u00e0 besoins \u00e9ducatifs particuliers<\/li>\n<li>L&rsquo;implication dans la vie de classe et de l&rsquo;\u00e9tablissement<\/li>\n<li>L&rsquo;orientation<\/li>\n<\/ul>\n<p>&nbsp;<\/p>\n<div>Ce texte pr\u00e9cise \u00e9galement les enjeux de formation et la reconnaissance financi\u00e8re du professeur principal.<\/div>\n<div><\/div>\n<div><\/div>\n<div>Ci dessous :<\/div>\n<div><\/div>\n<div><\/div>\n<div><a href=\"https:\/\/etab.ac-reunion.fr\/lyc-lepervanche\/wp-content\/uploads\/sites\/17\/2020\/03\/Professeur-Principal.docx\">Les missions du PROFESSEUR PRINCIPAL<\/a><\/div>\n<p>&nbsp;<\/p>\n<!-- AddThis Advanced Settings generic via filter on the_content --><!-- AddThis Share Buttons generic via filter on the_content -->","protected":false},"excerpt":{"rendered":"<p>Au BO du 11 octobre 2018 : R\u00f4le du professeur principal dans les coll\u00e8ges et les lyc\u00e9es Cette circulaire d\u00e9finit les diff\u00e9rentes missions du professeur principal dans les coll\u00e8ges et les lyc\u00e9es\u00a0: Le suivi des acquis scolaires et de l&rsquo;\u00e9valuation des \u00e9l\u00e8ves L&rsquo;accompagnement des \u00e9l\u00e8ves \u00e0 besoins \u00e9ducatifs particuliers L&rsquo;implication dans la vie de classe [&hellip;]<!-- AddThis Advanced Settings generic via filter on get_the_excerpt --><!-- AddThis Share Buttons generic via filter on get_the_excerpt --><\/p>\n","protected":false},"author":15058,"featured_media":4121,"parent":2221,"menu_order":3,"comment_status":"closed","ping_status":"closed","template":"","meta":{"_et_pb_use_builder":"","_et_pb_old_content":"","_et_gb_content_width":"","footnotes":""},"class_list":["post-2489","page","type-page","status-publish","has-post-thumbnail","hentry"],"_links":{"self":[{"href":"https:\/\/etab.ac-reunion.fr\/lyc-lepervanche\/wp-json\/wp\/v2\/pages\/2489","targetHints":{"allow":["GET"]}}],"collection":[{"href":"https:\/\/etab.ac-reunion.fr\/lyc-lepervanche\/wp-json\/wp\/v2\/pages"}],"about":[{"href":"https:\/\/etab.ac-reunion.fr\/lyc-lepervanche\/wp-json\/wp\/v2\/types\/page"}],"author":[{"embeddable":true,"href":"https:\/\/etab.ac-reunion.fr\/lyc-lepervanche\/wp-json\/wp\/v2\/users\/15058"}],"replies":[{"embeddable":true,"href":"https:\/\/etab.ac-reunion.fr\/lyc-lepervanche\/wp-json\/wp\/v2\/comments?post=2489"}],"version-history":[{"count":9,"href":"https:\/\/etab.ac-reunion.fr\/lyc-lepervanche\/wp-json\/wp\/v2\/pages\/2489\/revisions"}],"predecessor-version":[{"id":6527,"href":"https:\/\/etab.ac-reunion.fr\/lyc-lepervanche\/wp-json\/wp\/v2\/pages\/2489\/revisions\/6527"}],"up":[{"embeddable":true,"href":"https:\/\/etab.ac-reunion.fr\/lyc-lepervanche\/wp-json\/wp\/v2\/pages\/2221"}],"wp:featuredmedia":[{"embeddable":true,"href":"https:\/\/etab.ac-reunion.fr\/lyc-lepervanche\/wp-json\/wp\/v2\/media\/4121"}],"wp:attachment":[{"href":"https:\/\/etab.ac-reunion.fr\/lyc-lepervanche\/wp-json\/wp\/v2\/media?parent=2489"}],"curies":[{"name":"wp","href":"https:\/\/api.w.org\/{rel}","templated":true}]}}