{"id":3839,"date":"2017-08-29T10:18:55","date_gmt":"2017-08-29T06:18:55","guid":{"rendered":"http:\/\/lycee-lepervanche.ac-reunion.fr\/?page_id=3839"},"modified":"2020-03-24T17:13:06","modified_gmt":"2020-03-24T13:13:06","slug":"planing-formations-sst","status":"publish","type":"page","link":"https:\/\/etab.ac-reunion.fr\/lyc-lepervanche\/planing-formations-sst\/","title":{"rendered":"Formations SST"},"content":{"rendered":"<p><a href=\"https:\/\/etab.ac-reunion.fr\/lyc-lepervanche\/wp-content\/uploads\/sites\/17\/2020\/03\/logo-sst-scan2.png\"><img loading=\"lazy\" decoding=\"async\" class=\"wp-image-6488 alignright\" src=\"https:\/\/etab.ac-reunion.fr\/lyc-lepervanche\/wp-content\/uploads\/sites\/17\/2020\/03\/logo-sst-scan2.png\" alt=\"\" width=\"151\" height=\"155\" \/><\/a><\/p>\n<p><strong>SAUVETEUR SECOURISTE DU TRAVAIL \u00a0(SST)<\/strong><\/p>\n<p>Les \u00e9l\u00e8ves des formations technologiques et professionnelles b\u00e9n\u00e9ficient d&rsquo;une formation de sauveteur secouriste du travail (SST), dans le cadre de l&rsquo;enseignement qui leur est dispens\u00e9 sur la sant\u00e9 et la s\u00e9curit\u00e9 au travail dans certaines sp\u00e9cialit\u00e9s.<\/p>\n<p style=\"text-align: center\"><strong>Cette formation est sanctionn\u00e9e par le certificat de sauveteur secouriste du travail.<\/strong><\/p>\n<p style=\"text-align: center\"><strong>La formation au secourisme est int\u00e9gr\u00e9e \u00e0 la pr\u00e9paration de certains dipl\u00f4mes, <\/strong><strong>notamment en CAP et en baccalaur\u00e9ats professionnels.<\/strong><\/p>\n<p>L&rsquo;organisation et le contenu de cette formation sont d\u00e9finis par la Caisse nationale de l&rsquo;assurance maladie des travailleurs salari\u00e9s (CNAMTS) sur proposition de l&rsquo;Institut national de recherche et de s\u00e9curit\u00e9 (INRS).<\/p>\n<p>Seuls sont habilit\u00e9s \u00e0 dispenser cette formation, les titulaires du certificat d&rsquo;aptitude p\u00e9dagogique de SST, \u00e0 jour de leur formation continue.<\/p>\n<p>&nbsp;<\/p>\n<p><a href=\"https:\/\/etab.ac-reunion.fr\/lyc-lepervanche\/wp-content\/uploads\/sites\/17\/2020\/03\/programme-SST.jpg\"><img loading=\"lazy\" decoding=\"async\" class=\"aligncenter  wp-image-6491\" src=\"https:\/\/etab.ac-reunion.fr\/lyc-lepervanche\/wp-content\/uploads\/sites\/17\/2020\/03\/programme-SST.jpg\" alt=\"\" width=\"638\" height=\"478\" srcset=\"https:\/\/etab.ac-reunion.fr\/lyc-lepervanche\/wp-content\/uploads\/sites\/17\/2020\/03\/programme-SST.jpg 638w, https:\/\/etab.ac-reunion.fr\/lyc-lepervanche\/wp-content\/uploads\/sites\/17\/2020\/03\/programme-SST-480x360.jpg 480w\" sizes=\"(min-width: 0px) and (max-width: 480px) 480px, (min-width: 481px) 638px, 100vw\" \/><\/a><\/p>\n<p><img loading=\"lazy\" decoding=\"async\" class=\"aligncenter size-full wp-image-6489\" src=\"https:\/\/etab.ac-reunion.fr\/lyc-lepervanche\/wp-content\/uploads\/sites\/17\/2020\/03\/formation-sst-tres-interessant-1-638.jpg\" alt=\"\" width=\"638\" height=\"479\" srcset=\"https:\/\/etab.ac-reunion.fr\/lyc-lepervanche\/wp-content\/uploads\/sites\/17\/2020\/03\/formation-sst-tres-interessant-1-638.jpg 638w, https:\/\/etab.ac-reunion.fr\/lyc-lepervanche\/wp-content\/uploads\/sites\/17\/2020\/03\/formation-sst-tres-interessant-1-638-480x360.jpg 480w\" sizes=\"(min-width: 0px) and (max-width: 480px) 480px, (min-width: 481px) 638px, 100vw\" \/><\/p>\n<p><a href=\"https:\/\/etab.ac-reunion.fr\/lyc-lepervanche\/wp-content\/uploads\/sites\/17\/2020\/03\/tableau-SST.jpg\"><img loading=\"lazy\" decoding=\"async\" class=\"aligncenter  wp-image-6492\" src=\"https:\/\/etab.ac-reunion.fr\/lyc-lepervanche\/wp-content\/uploads\/sites\/17\/2020\/03\/tableau-SST.jpg\" alt=\"\" width=\"727\" height=\"461\" \/><\/a><\/p>\n<p style=\"text-align: center\"><a href=\"https:\/\/etab.ac-reunion.fr\/lyc-lepervanche\/wp-content\/uploads\/sites\/17\/2017\/08\/tableau-SST.jpg\">\u00a0<\/a><\/p>\n<p><a href=\"https:\/\/etab.ac-reunion.fr\/lyc-lepervanche\/wp-content\/uploads\/sites\/17\/2020\/03\/SaynForm.jpg\"><img loading=\"lazy\" decoding=\"async\" class=\"aligncenter  wp-image-6490\" src=\"https:\/\/etab.ac-reunion.fr\/lyc-lepervanche\/wp-content\/uploads\/sites\/17\/2020\/03\/SaynForm-1024x726.jpg\" alt=\"\" width=\"672\" height=\"477\" \/><\/a><\/p>\n<!-- AddThis Advanced Settings generic via filter on the_content --><!-- AddThis Share Buttons generic via filter on the_content -->","protected":false},"excerpt":{"rendered":"<p>SAUVETEUR SECOURISTE DU TRAVAIL \u00a0(SST) Les \u00e9l\u00e8ves des formations technologiques et professionnelles b\u00e9n\u00e9ficient d&rsquo;une formation de sauveteur secouriste du travail (SST), dans le cadre de l&rsquo;enseignement qui leur est dispens\u00e9 sur la sant\u00e9 et la s\u00e9curit\u00e9 au travail dans certaines sp\u00e9cialit\u00e9s. Cette formation est sanctionn\u00e9e par le certificat de sauveteur secouriste du travail. La formation [&hellip;]<!-- AddThis Advanced Settings generic via filter on get_the_excerpt --><!-- AddThis Share Buttons generic via filter on get_the_excerpt --><\/p>\n","protected":false},"author":15058,"featured_media":3900,"parent":0,"menu_order":0,"comment_status":"closed","ping_status":"closed","template":"","meta":{"_et_pb_use_builder":"","_et_pb_old_content":"","_et_gb_content_width":"","footnotes":""},"class_list":["post-3839","page","type-page","status-publish","has-post-thumbnail","hentry"],"_links":{"self":[{"href":"https:\/\/etab.ac-reunion.fr\/lyc-lepervanche\/wp-json\/wp\/v2\/pages\/3839","targetHints":{"allow":["GET"]}}],"collection":[{"href":"https:\/\/etab.ac-reunion.fr\/lyc-lepervanche\/wp-json\/wp\/v2\/pages"}],"about":[{"href":"https:\/\/etab.ac-reunion.fr\/lyc-lepervanche\/wp-json\/wp\/v2\/types\/page"}],"author":[{"embeddable":true,"href":"https:\/\/etab.ac-reunion.fr\/lyc-lepervanche\/wp-json\/wp\/v2\/users\/15058"}],"replies":[{"embeddable":true,"href":"https:\/\/etab.ac-reunion.fr\/lyc-lepervanche\/wp-json\/wp\/v2\/comments?post=3839"}],"version-history":[{"count":11,"href":"https:\/\/etab.ac-reunion.fr\/lyc-lepervanche\/wp-json\/wp\/v2\/pages\/3839\/revisions"}],"predecessor-version":[{"id":6494,"href":"https:\/\/etab.ac-reunion.fr\/lyc-lepervanche\/wp-json\/wp\/v2\/pages\/3839\/revisions\/6494"}],"wp:featuredmedia":[{"embeddable":true,"href":"https:\/\/etab.ac-reunion.fr\/lyc-lepervanche\/wp-json\/wp\/v2\/media\/3900"}],"wp:attachment":[{"href":"https:\/\/etab.ac-reunion.fr\/lyc-lepervanche\/wp-json\/wp\/v2\/media?parent=3839"}],"curies":[{"name":"wp","href":"https:\/\/api.w.org\/{rel}","templated":true}]}}