{"id":3840,"date":"2017-08-29T10:18:55","date_gmt":"2017-08-29T06:18:55","guid":{"rendered":"http:\/\/lycee-lepervanche.ac-reunion.fr\/?page_id=3840"},"modified":"2020-03-24T15:35:25","modified_gmt":"2020-03-24T11:35:25","slug":"pfmp","status":"publish","type":"page","link":"https:\/\/etab.ac-reunion.fr\/lyc-lepervanche\/pfmp\/","title":{"rendered":"PFMP"},"content":{"rendered":"<a href='https:\/\/etab.ac-reunion.fr\/lyc-lepervanche\/wp-content\/uploads\/sites\/17\/2020\/03\/Protocole-PFMP-du-20022020.pdf' class='big-button bigblue'>Protocole PFMP (F\u00e9v 2020)<\/a>\n<a href='https:\/\/etab.ac-reunion.fr\/lyc-lepervanche\/wp-content\/uploads\/sites\/17\/2020\/03\/PFMP-calendrier-2019-2020.pdf' class='big-button biglightblue'>PFMP calendrier 2019-2020<\/a>\n<p>&nbsp;<\/p>\n<h1><strong><span class=\"contenu_titre_non_image\">P\u00e9riodes de Formation en Milieu Professionnel\u00a0<\/span><\/strong><\/h1>\n<h5>Tous les dipl\u00f4mes professionnels comportent des p\u00e9riodes obligatoires de formation en milieu professionnel dont la dur\u00e9e varie en fonction du dipl\u00f4me ou de la sp\u00e9cialit\u00e9 pr\u00e9par\u00e9e.<\/h5>\n<h2>D\u00e9finition, objectifs et dur\u00e9e<\/h2>\n<h3>D\u00e9finition et objectifs<\/h3>\n<p>Les p\u00e9riodes de formation en milieu professionnel font partie int\u00e9grante de la formation\u00a0: elles sont des occasions privil\u00e9gi\u00e9es de pr\u00e9ciser le\u00a0<strong>projet professionnel des \u00e9l\u00e8ves<\/strong>\u00a0et elles sont un facteur d\u00e9terminant de son\u00a0<strong>insertion professionnelle<\/strong>.<\/p>\n<p>L&rsquo;int\u00e9r\u00eat et l&rsquo;efficacit\u00e9 des p\u00e9riodes de formation en milieu professionnel impliquent que les \u00e9quipes p\u00e9dagogiques mettent en place un\u00a0<strong>accompagnement des \u00e9l\u00e8ves, incluant la pr\u00e9paration, le suivi et l&rsquo;utilisation p\u00e9dagogique de ces p\u00e9riodes.<\/strong><\/p>\n<p>Les p\u00e9riodes de formation en milieu professionnel sont d\u00e9finies \u00e0 l&rsquo;<a class=\"lien_externe\" href=\"https:\/\/www.legifrance.gouv.fr\/affichCodeArticle.do?cidTexte=LEGITEXT000006071191&amp;idArticle=LEGIARTI000029233449\">article L. 124-1 du code de l&rsquo;\u00e9ducation<\/a>\u00a0:\u00a0<em>\u00ab Les p\u00e9riodes de formation en milieu professionnel (&#8230;) correspondent \u00e0 des p\u00e9riodes temporaires de mise en situation en milieu professionnel au cours desquelles l&rsquo;\u00e9l\u00e8ve (&#8230;) acquiert des comp\u00e9tences professionnelles et met en \u0153uvre les acquis de sa formation en vue de l&rsquo;obtention d&rsquo;un dipl\u00f4me ou d&rsquo;une certification et de favoriser son insertion professionnelle. Le stagiaire se voit confier une ou des missions conformes au projet p\u00e9dagogique d\u00e9fini par son \u00e9tablissement d&rsquo;enseignement et approuv\u00e9es par l&rsquo;organisme d&rsquo;accueil. \u00bb<\/em><\/p>\n<p>Les p\u00e9riodes de formation en milieu professionnel (PFMP) en\u00a0<acronym>CAP<\/acronym>\u00a0et en baccalaur\u00e9at professionnel impliquent un rapport particulier avec l&rsquo;entreprise. L&rsquo;\u00e9l\u00e8ve n&rsquo;y applique pas seulement ce qu&rsquo;il a appris au lyc\u00e9e, l&rsquo;entreprise est le lieu o\u00f9 il acquiert certaines comp\u00e9tences professionnelles d\u00e9finies dans le dipl\u00f4me qui ne peuvent \u00eatre obtenues qu&rsquo;au contact de la r\u00e9alit\u00e9 professionnelle.<\/p>\n<p><strong>Pour le CAP et le baccalaur\u00e9at professionnel<\/strong>, ces p\u00e9riodes sont\u00a0<strong>obligatoires\u00a0<\/strong>\u00a0et\u00a0<strong>\u00e9valu\u00e9es<\/strong>.<\/p>\n<p>Qu&rsquo;il s&rsquo;agisse de stages ou de p\u00e9riodes de formation, l&rsquo;\u00e9l\u00e8ve est plac\u00e9 sous la responsabilit\u00e9 d&rsquo;un tuteur.<\/p>\n<h3>Dur\u00e9e<\/h3>\n<p>La<strong>\u00a0dur\u00e9e globale<\/strong>\u00a0des p\u00e9riodes de formation en milieu professionnel est d\u00e9finie dans la r\u00e9glementation des dipl\u00f4mes. Elle est variable selon le type de dipl\u00f4me et les objectifs de la formation. \u00c0 chaque dipl\u00f4me correspond une p\u00e9riode\u00a0:<\/p>\n<ul>\n<li><a class=\"lien_interne\" href=\"http:\/\/eduscol.education.fr\/cid47637\/le-certificat-aptitude-professionnelle-cap.html\">CAP<\/a>\u00a0: de 12 \u00e0 16 semaines<\/li>\n<li><a class=\"lien_interne\" href=\"http:\/\/eduscol.education.fr\/cid47640\/le-baccalaureat-professionnel.html\">baccalaur\u00e9at professionnel<\/a>\u00a0: 22 semaines dont 6 semaines pour les\u00a0<strong>dipl\u00f4mes interm\u00e9diaires<\/strong>\u00a0-CAP ou BEP r\u00e9nov\u00e9- (semaines r\u00e9parties sur les trois ann\u00e9es de formation).<\/li>\n<\/ul>\n<p>La<strong>\u00a0r\u00e9partition de ces p\u00e9riodes dans le calendrier scolaire<\/strong>\u00a0au cours du cursus de formation est de la responsabilit\u00e9 des \u00e9tablissements scolaires, en fonction des contraintes p\u00e9dagogiques et \u00e9conomiques locales.<\/p>\n<div class=\"encart\">\n<div class=\"encart_edus_sans_titre\">\n<div class=\"contenant\">\n<div class=\"contenu\">\n<p>Texte r\u00e9glementaire<\/p>\n<p><a href=\"http:\/\/www.education.gouv.fr\/pid285\/bulletin_officiel.html?cid_bo=100542\">Organisation et accompagnement des p\u00e9riodes de formation en milieu professionnel, circulaire n\u00b0 2016-053 du 29 mars 2016 (BOEN du 31 mars 2016)<\/a><\/p>\n<\/div>\n<\/div>\n<\/div>\n<\/div>\n<p><a name=\"lien1\"><\/a><\/p>\n<h2>Convention de stage<\/h2>\n<p>La convention de stage est\u00a0<strong>obligatoire<\/strong>\u00a0pour toute p\u00e9riode de formation en milieu professionnel effectu\u00e9e par un \u00e9l\u00e8ve dans le cadre de sa formation, que cette p\u00e9riode ait lieu en France ou \u00e0 l&rsquo;\u00e9tranger. Elle pr\u00e9cise les\u00a0<strong>engagements et les obligations de l&rsquo;entreprise, de l&rsquo;\u00e9tablissement scolaire et de l&rsquo;\u00e9l\u00e8ve<\/strong>. Elle est\u00a0<strong>sign\u00e9e<\/strong>\u00a0par le chef d&rsquo;\u00e9tablissement, le chef d&rsquo;entreprise, le professeur r\u00e9f\u00e9rent, le tuteur et l&rsquo;\u00e9l\u00e8ve s&rsquo;il est majeur ou son repr\u00e9sentant l\u00e9gal s&rsquo;il est mineur. Elle comporte des\u00a0<strong>dispositions administratives et quatre annexes<\/strong>.<\/p>\n<h3>Annexe n\u00b01\u00a0: annexe p\u00e9dagogique<\/h3>\n<p>L&rsquo;annexe p\u00e9dagogique est essentielle\u00a0: elle d\u00e9crit les\u00a0<strong>activit\u00e9s exerc\u00e9es par l&rsquo;\u00e9l\u00e8ve<\/strong>\u00a0pendant la p\u00e9riode de formation en milieu professionnel. Ces activit\u00e9s sont d\u00e9termin\u00e9es par un professeur et par le tuteur de l&rsquo;entreprise, en fonction de l&rsquo;<strong>ann\u00e9e de formation<\/strong>, de la p\u00e9riode o\u00f9 se d\u00e9roule le s\u00e9jour en milieu professionnel, des\u00a0<strong>objectifs de formation<\/strong>\u00a0par rapport au dipl\u00f4me pr\u00e9par\u00e9 et des activit\u00e9s de l&rsquo;organisme d&rsquo;accueil.<\/p>\n<h3>Annexe n\u00b02\u00a0: annexe financi\u00e8re<\/h3>\n<p>L&rsquo;annexe financi\u00e8re pr\u00e9cise notamment les\u00a0<strong>modalit\u00e9s de remboursement des frais de stage<\/strong>\u00a0et, \u00e9ventuellement, la contribution de l&rsquo;entreprise \u00e0 l&rsquo;indemnisation des d\u00e9penses engag\u00e9es par l&rsquo;\u00e9l\u00e8ve.<\/p>\n<h3>Annexe n\u00b03\u00a0: attestation de stage<\/h3>\n<p>Conform\u00e9ment \u00e0 l&rsquo;article D. 124-9 du code de l&rsquo;\u00e9ducation, une attestation de stage est d\u00e9livr\u00e9e par l&rsquo;organisme d&rsquo;accueil \u00e0 tout \u00e9l\u00e8ve. Ce document doit \u00eatre compl\u00e9t\u00e9 et sign\u00e9 le dernier jour de la p\u00e9riode de formation en milieu professionnel par une personne habilit\u00e9e de l&rsquo;organisme d&rsquo;accueil et remis au stagiaire.<\/p>\n<h3>Annexe n\u00b04\u00a0: \u00e9valuation de la qualit\u00e9 d&rsquo;accueil par le stagiaire<\/h3>\n<p>Conform\u00e9ment \u00e0\u00a0<a class=\"lien_externe\" href=\"https:\/\/www.legifrance.gouv.fr\/affichCodeArticle.do;jsessionid=2CE2BD8F8ED05453F829BD5DF4723C5C.tpdila16v_1?idArticle=LEGIARTI000029233865&amp;cidTexte=LEGITEXT000006071191\">L.124.4 du code de l&rsquo;\u00e9ducation<\/a><em>\u00a0\u00abTout \u00e9l\u00e8ve (&#8230;) ayant achev\u00e9 sa p\u00e9riode de formation en milieu professionnel (&#8230;) transmet aux services de son \u00e9tablissement d&rsquo;enseignement charg\u00e9s de l&rsquo;accompagner dans son projet d&rsquo;\u00e9tudes et d&rsquo;insertion professionnelle un document dans lequel il \u00e9value la qualit\u00e9 de l&rsquo;accueil dont il a b\u00e9n\u00e9fici\u00e9 au sein de l&rsquo;organisme. Ce document n&rsquo;est pas pris en compte dans son \u00e9valuation ou dans l&rsquo;obtention de son dipl\u00f4me.\u00bb\u00a0<\/em>Ce document est compl\u00e9t\u00e9 \u00e0 l&rsquo;issue de la p\u00e9riode de formation en milieu professionnel par le stagiaire et remis au lyc\u00e9e.<\/p>\n<p>S&rsquo;agissant des\u00a0<strong>p\u00e9riodes de formation en milieu professionnel r\u00e9alis\u00e9es \u00e0 l&rsquo;\u00e9tranger<\/strong>, une convention-type nationale sp\u00e9cifique a \u00e9t\u00e9 \u00e9labor\u00e9e pour prendre en compte les particularit\u00e9s juridiques et p\u00e9dagogiques propres au domaine international. Elle est traduite en anglais, allemand, espagnol et italien.<\/p>\n<div class=\"encart\">\n<div class=\"encart_edus_sans_titre\">\n<div class=\"contenant\">\n<div class=\"contenu\">\n<p class=\"_mce_tagged_br\">Textes r\u00e9glementaires<\/p>\n<p class=\"_mce_tagged_br\"><a class=\"download\" title=\"Convention type de stage (PDF-602.43 Ko-Nouvelle fen\u00eatre)\" href=\"http:\/\/cache.media.eduscol.education.fr\/file\/Form_prof_initiale_insertion\/83\/5\/Convention_type_PFMP_565835.pdf\" target=\"_blank\" rel=\"noopener noreferrer\"><span class=\"download\">Convention type pour les \u00e9l\u00e8ves de lyc\u00e9e professionnel et annexes de la circulaire n\u00b0 2016-053 du 29 mars 2016<\/span><\/a><\/p>\n<p><a href=\"http:\/\/www.education.gouv.fr\/bo\/2003\/44\/MENE0302367C.htm\" target=\"_blank\" rel=\"noopener noreferrer\">Convention type relative aux p\u00e9riodes de formation en milieu professionnel \u00e0 l&rsquo;\u00e9tranger<\/a><\/p>\n<\/div>\n<\/div>\n<\/div>\n<\/div>\n<p><a name=\"lien2\"><\/a><\/p>\n<h2>Pr\u00e9paration, suivi et exploitation p\u00e9dagogique<\/h2>\n<p>La pr\u00e9paration de la p\u00e9riode de formation en milieu professionnel, phase d\u00e9terminante pour la qualit\u00e9 des p\u00e9riodes de formation en milieu professionnel, doit s&rsquo;entendre comme une activit\u00e9 sp\u00e9cifique conduite avec les \u00e9l\u00e8ves. Elle n\u00e9cessite un dialogue avec l&rsquo;organisme d&rsquo;accueil. Elle suppose de la part des \u00e9quipes et des \u00e9tablissements une mobilisation aupr\u00e8s des \u00e9l\u00e8ves et un r\u00f4le de conseil aupr\u00e8s des organismes d&rsquo;accueil pour les guider dans une meilleure prise en charge de publics de plus en plus jeunes.<\/p>\n<h3>Recherche des organismes d&rsquo;accueil<\/h3>\n<p>La recherche des organismes d&rsquo;accueil est men\u00e9e sous la\u00a0<strong>responsabilit\u00e9 de l&rsquo;\u00e9quipe p\u00e9dagogique<\/strong>, coordonn\u00e9e par le directeur ou la directrice d\u00e9l\u00e9gu\u00e9(e) aux formations technologiques et professionnelles, ce qui n&rsquo;exclut pas une participation des \u00e9l\u00e8ves \u00e0 cette recherche sous r\u00e9serve que celle-ci soit pr\u00e9par\u00e9e.<\/p>\n<p>Les professeurs des disciplines professionnelles ont un r\u00f4le essentiel pour aider \u00e0 rep\u00e9rer les entreprises qui correspondent le mieux aux objectifs de la formation dispens\u00e9e.<\/p>\n<p>Les\u00a0<a class=\"lien_interne\" href=\"http:\/\/eduscol.education.fr\/pid34101\/poles-stages.html\"><span class=\"lien_interne\">p\u00f4les de stages<\/span><\/a>\u00a0pourront aider l&rsquo;\u00e9quipe p\u00e9dagogique dans la recherche d&rsquo;un lieu d&rsquo;accueil, en cas de difficult\u00e9. Ces p\u00f4les, cr\u00e9\u00e9s par circulaire n\u00b0 2015-035 du 26 f\u00e9vrier 2015, ont pour mission de d\u00e9velopper un vivier d&rsquo;entreprises et d&rsquo;\u00eatre un appui facilitateur pour les \u00e9tablissements, afin de renforcer l&rsquo;\u00e9quit\u00e9 d&rsquo;acc\u00e8s aux p\u00e9riodes de formation en milieu professionnel. Ils n&rsquo;ont pas vocation \u00e0 se substituer aux enseignant(e)s, qui conservent leur mission de recherche de lieux de stage mais de constituer un soutien des \u00e9quipes p\u00e9dagogiques dans des situations particuli\u00e8rement difficiles pour le placement d&rsquo;un jeune.<\/p>\n<div class=\"encart\">\n<div class=\"encart_edus_sans_titre\">\n<div class=\"contenant\">\n<div class=\"contenu\">\n<p>Texte r\u00e9glementaire<\/p>\n<p><a title=\"Site du minist\u00e8re de l'\u00e9ducation nationale, de l'enseignement sup\u00e9rieur et de la recherche\" href=\"http:\/\/www.education.gouv.fr\/pid25535\/bulletin_officiel.html?cid_bo=86521\" target=\"_blank\" rel=\"noopener noreferrer\">P\u00f4les de stages, circulaire n\u00b0 2015-035 du 26 f\u00e9vrier 2015<\/a><\/p>\n<\/div>\n<\/div>\n<\/div>\n<\/div>\n<h3>Pr\u00e9paration p\u00e9dagogique de la p\u00e9riode de formation en milieu professionnel<\/h3>\n<p>La pr\u00e9paration p\u00e9dagogique de la p\u00e9riode de formation\u00a0 en milieu professionnel concerne \u00e0 la fois\u00a0:<\/p>\n<ul>\n<li><strong>l&rsquo;\u00e9l\u00e8ve<\/strong>, que toute l&rsquo;\u00e9quipe p\u00e9dagogique doit aider \u00e0 acqu\u00e9rir les savoirs, les savoir-faire et savoir-\u00eatre n\u00e9cessaires \u00e0 une bonne int\u00e9gration dans le milieu professionnel\u00a0;<\/li>\n<li><strong>l&rsquo;organisme d&rsquo;accueil<\/strong>, que l&rsquo;\u00e9tablissement scolaire doit informer de la mani\u00e8re la plus exhaustive possible sur les caract\u00e9ristiques de la formation suivie par l&rsquo;\u00e9l\u00e8ve et sur les objectifs de la p\u00e9riode de formation\u00a0 en milieu professionnel .<\/li>\n<\/ul>\n<p>Le professeur r\u00e9f\u00e9rent d\u00e9finit avec le responsable de l&rsquo;organisme d&rsquo;accueil les modalit\u00e9s de d\u00e9roulement du s\u00e9jour en entreprise et les t\u00e2ches qui seront confi\u00e9es \u00e0 l&rsquo;\u00e9l\u00e8ve. L&rsquo;entreprise d\u00e9signe de son c\u00f4t\u00e9 \u00a0un\u00a0<strong>tuteur de stage<\/strong>.<\/p>\n<p>Si la pr\u00e9paration de l&rsquo;\u00e9l\u00e8ve est n\u00e9cessaire quelle que soit la p\u00e9riode de formation en milieu professionnel, la pr\u00e9paration \u00e0<strong>\u00a0la premi\u00e8re p\u00e9riode de formation<\/strong>\u00a0 en milieu professionnel rev\u00eat une importance toute particuli\u00e8re et doit faire l&rsquo;objet d&rsquo;une attention renforc\u00e9e. A partir de la rentr\u00e9e 2016, tous les \u00e9l\u00e8ves entrant en classe de seconde professionnelle ou en en premi\u00e8re ann\u00e9e de CAP b\u00e9n\u00e9ficient d&rsquo;<strong>une semaine de pr\u00e9paration \u00e0 leur premi\u00e8re p\u00e9riode de formation en milieu professionnel.<\/strong><\/p>\n<p>Ce temps, construit par l&rsquo;\u00e9quipe p\u00e9dagogique et associant les partenaires du monde \u00e9conomique, est utilis\u00e9 pour pr\u00e9parer l&rsquo;\u00e9l\u00e8ve aussi bien aux attendus du monde professionnel qu&rsquo;aux\u00a0<strong>r\u00e8gles de sant\u00e9 et de s\u00e9curit\u00e9<\/strong>\u00a0indispensables au bon d\u00e9roulement de cette premi\u00e8re prise de contact avec un environnement professionnel.<\/p>\n<div class=\"encart\">\n<div class=\"encart_edus_sans_titre\">\n<div class=\"contenant\">\n<div class=\"contenu\">\n<p>Texte r\u00e9glementaire<\/p>\n<p><a class=\"lien_externe\" href=\"http:\/\/www.education.gouv.fr\/pid285\/bulletin_officiel.html?cid_bo=100538\" target=\"_blank\" rel=\"noopener noreferrer\">R\u00e9ussir l&rsquo;entr\u00e9e au lyc\u00e9e professionnel, circulaire n\u00b0 2016-055 du 29 mars 2016<\/a><\/p>\n<\/div>\n<\/div>\n<\/div>\n<\/div>\n<h3>Suivi de la p\u00e9riode de formation en milieu professionnel<\/h3>\n<p>Le suivi des \u00e9l\u00e8ves par leurs professeurs pendant leur p\u00e9riode de formation en entreprise est obligatoire. Il repr\u00e9sente une activit\u00e9 p\u00e9dagogique \u00e0 part enti\u00e8re.\u00a0<b>L&rsquo;accompagnement pendant la p\u00e9riode de formation en milieu professionnel\u00a0<\/b>est assur\u00e9 par l&rsquo;enseignant r\u00e9f\u00e9rent.<\/p>\n<h4>Une activit\u00e9 p\u00e9dagogique \u00e0 part enti\u00e8re<\/h4>\n<p>\u00c0\u00a0ce titre, le suivi des p\u00e9riodes de formation en milieu professionnel est comptabilis\u00e9 dans le service des enseignants, ainsi qu&rsquo;il est d\u00e9fini dans le d\u00e9cret portant statut des professeurs de lyc\u00e9e professionnel. Le suivi des p\u00e9riodes de formation en milieu professionnel poursuit les objectifs suivants :<strong>\u00a0 \u00a0 \u00a0 \u00a0 \u00a0 \u00a0 \u00a0 \u00a0 \u00a0 \u00a0 <\/strong><\/p>\n<ul>\n<li><strong>s&rsquo;assurer du bon d\u00e9roulement de ladite p\u00e9riode<\/strong>\u00a0;<\/li>\n<li><strong>faire le point sur les activit\u00e9s de l&rsquo;\u00e9l\u00e8ve et ses progr\u00e8s<\/strong>\u00a0;<\/li>\n<li><strong>compl\u00e9ter ou rectifier<\/strong><strong>\u00a0le choix des activit\u00e9s<\/strong>\u00a0qui lui sont confi\u00e9es en application de la convention de stage\u00a0;<\/li>\n<li><strong>r\u00e9aliser les \u00e9valuations<\/strong>\u00a0pr\u00e9vues dans le r\u00e8glement d&rsquo;examen de certains dipl\u00f4mes.<\/li>\n<\/ul>\n<h4>Une d\u00e9marche globale<\/h4>\n<p>Le suivi p\u00e9dagogique des p\u00e9riodes de formation en milieu professionnel implique les professeurs de toutes les disciplines, aussi bien g\u00e9n\u00e9rales que professionnelles. En effet, les professeurs de disciplines g\u00e9n\u00e9rales portent sur cette p\u00e9riode de l&rsquo;\u00e9l\u00e8ve en entreprise une appr\u00e9ciation qui compl\u00e8te le point de vue des enseignants des disciplines professionnelles et qui contribue \u00e0 faire de ce temps, un moment de formation complet, incluant toutes les dimensions exig\u00e9es dans le dipl\u00f4me pr\u00e9par\u00e9.<\/p>\n<h3>Exploitation p\u00e9dagogique des p\u00e9riodes de formation en milieu professionnel<\/h3>\n<p>Le<strong>\u00a0r\u00e9investissement au lyc\u00e9e des exp\u00e9riences<\/strong>\u00a0v\u00e9cues pendant \u00a0la p\u00e9riode de formation en milieu professionnel est un \u00e9l\u00e9ment essentiel et caract\u00e9ristique de l&rsquo;enseignement professionnel.<\/p>\n<p>La restitution des exp\u00e9riences v\u00e9cues par l&rsquo;\u00e9l\u00e8ve, au regard des objectifs assign\u00e9s \u00e0 la p\u00e9riode de formation en milieu professionnel, contribue au\u00a0<strong>d\u00e9veloppement<\/strong>\u00a0et \u00e0 la\u00a0<strong>consolidation<\/strong>\u00a0de ses comp\u00e9tences, cette approche r\u00e9flexive \u00e9tant en soi formative. Aussi, il est important d&rsquo;organiser ce retour dans l&rsquo;\u00e9tablissement scolaire, pour\u00a0<strong>valoriser<\/strong>\u00a0et\u00a0<strong>exploiter le v\u00e9cu en entreprise<\/strong>\u00a0selon les mani\u00e8res choisies par l&rsquo;\u00e9quipe p\u00e9dagogique et en associant les organismes d&rsquo;accueil.<\/p>\n<p>Un<b>\u00a0retour d&rsquo;exp\u00e9rience aux structures d&rsquo;accueil\u00a0<\/b>est souhaitable pour valoriser leurs apports \u00e0 la formation de l&rsquo;\u00e9l\u00e8ve et aussi pour renforcer le lien avec ce partenaire.<\/p>\n<p><strong>L&rsquo;\u00e9valuation de la<\/strong><b>\u00a0qualit\u00e9 de l&rsquo;accueil\u00a0<\/b>incombe \u00e0 l&rsquo;\u00e9l\u00e8ve en vertu de\u00a0<a class=\"lien_externe\" href=\"https:\/\/www.legifrance.gouv.fr\/affichCodeArticle.do?cidTexte=LEGITEXT000006071191&amp;idArticle=LEGIARTI000029814152\" target=\"_blank\" rel=\"noopener noreferrer\">l&rsquo;article L. 124-4 du code de l&rsquo;\u00e9ducation<\/a>. Elle constitue \u00e9galement pour l&rsquo;\u00e9quipe \u00e9ducative un \u00e9l\u00e9ment de connaissance pour adapter, si besoin, ses relations avec la structure concern\u00e9e.<\/p>\n<h4>Le r\u00e9investissement des comp\u00e9tences acquises<\/h4>\n<p>Au retour de l&rsquo;\u00e9l\u00e8ve dans l&rsquo;\u00e9tablissement scolaire, l&rsquo;\u00e9quipe p\u00e9dagogique doit utiliser ses\u00a0<strong>d\u00e9couvertes<\/strong>\u00a0et ses\u00a0<strong>acquis<\/strong>\u00a0en structure d&rsquo;accueil. Cette exploitation p\u00e9dagogique concerne toutes les disciplines, car le milieu professionnel est un lieu de vie et une\u00a0<strong>source d&rsquo;informations<\/strong>\u00a0sur des th\u00e8mes qui concourent aussi \u00e0 la<strong>\u00a0f<\/strong>ormation g\u00e9n\u00e9rale et \u00e0 la citoyennet\u00e9.<\/p>\n<h4>La n\u00e9cessit\u00e9 de documents supports<\/h4>\n<p>La p\u00e9riode de formation en milieu professionnel n&rsquo;est pas un moment isol\u00e9 et d\u00e9connect\u00e9 de la formation au lyc\u00e9e\u00a0: elle contribue \u00e0 renforcer, \u00e0 compl\u00e9ter, \u00e0 pr\u00e9ciser les acquisitions r\u00e9alis\u00e9es dans l&rsquo;\u00e9tablissement. Pour que cela soit pleinement effectif, il est n\u00e9cessaire de mettre au point des documents p\u00e9dagogiques simples pour aider l&rsquo;\u00e9l\u00e8ve \u00e0 observer et agir dans le milieu professionnel et qui, au retour, sont le support de l&rsquo;exploitation p\u00e9dagogique des activit\u00e9s et d\u00e9couvertes r\u00e9alis\u00e9es en entreprise.<\/p>\n<div class=\"encart\">\n<div class=\"encart_edus_sans_titre\">\n<div class=\"contenant\">\n<div class=\"contenu\">\n<p>Textes r\u00e9glementaires<\/p>\n<p><a href=\"http:\/\/www.education.gouv.fr\/pid285\/bulletin_officiel.html?cid_bo=100542\">Organisation et accompagnement des p\u00e9riodes de formation en milieu professionnel, circulaire n\u00b0 2016-053 du 29 mars 2016 (BOEN du 31 mars 2016)<\/a><\/p>\n<p><a href=\"https:\/\/www.legifrance.gouv.fr\/affichTexte.do?cidTexte=LEGITEXT000006080320&amp;dateTexte=20160608\">D\u00e9cret n\u00b02000-753 du 1er ao\u00fbt 2000 portant modification du d\u00e9cret n\u00b0 92-1189 du 6 novembre 1992 relatif au statut particulier des professeurs de lyc\u00e9e professionnel<\/a><\/p>\n<h2>Indemnisation des frais<\/h2>\n<p>Le remboursement des frais des stagiaires, ainsi que les frais de suivi des \u00e9l\u00e8ves par les professeurs, est assur\u00e9 par l&rsquo;\u00e9tablissement scolaire, \u00e0 qui sont d\u00e9l\u00e9gu\u00e9s des cr\u00e9dits \u00e0 cet effet.<\/p>\n<p>Les conditions de prise en charge de ces d\u00e9penses sont d\u00e9finies dans la\u00a0<a href=\"http:\/\/circulaires.legifrance.gouv.fr\/pdf\/2009\/05\/cir_25597.pdf\" target=\"_blank\" rel=\"noopener noreferrer\">note de service n\u00b0 93-179 du 24 mars 1993 (BOEN du 15-4-2013)<\/a>\u00a0relative au financement des frais d&rsquo;h\u00e9bergement, de restauration, de transport et d&rsquo;assurance des \u00e9l\u00e8ves stagiaires en entreprise. L&rsquo;<a href=\"https:\/\/www.legifrance.gouv.fr\/affichTexte.do?cidTexte=JORFTEXT000000406693\">arr\u00eat\u00e9 du 20 septembre 2001<\/a>\u00a0fixe les taux des indemnit\u00e9s kilom\u00e9triques.<\/p>\n<div class=\"encart\">\n<div class=\"encart_edus_sans_titre\">\n<div class=\"contenant\">\n<div class=\"contenu\">\n<p>Textes r\u00e9glementaires<\/p>\n<p><a href=\"http:\/\/circulaires.legifrance.gouv.fr\/pdf\/2009\/05\/cir_25597.pdf\">Financement des frais d&rsquo;h\u00e9bergement, de restauration, de transport et d&rsquo;assurance des \u00e9l\u00e8ves stagiaires en entreprise, note de service n\u00b0 93 179 du 24 mars 1993<\/a><\/p>\n<p><a href=\"https:\/\/www.legifrance.gouv.fr\/affichTexte.do?cidTexte=JORFTEXT000000406693\">Taux des indemnit\u00e9s kilom\u00e9triques, arr\u00eat\u00e9 du 20 septembre 200<strong>1<\/strong><\/a><\/p>\n<\/div>\n<\/div>\n<\/div>\n<\/div>\n<p><a name=\"lien4\"><\/a><\/p>\n<p>Mis \u00e0 jour le 09 ao\u00fbt 2017<\/p>\n<\/div>\n<\/div>\n<\/div>\n<\/div>\n<!-- AddThis Advanced Settings generic via filter on the_content --><!-- AddThis Share Buttons generic via filter on the_content -->","protected":false},"excerpt":{"rendered":"<p>&nbsp; P\u00e9riodes de Formation en Milieu Professionnel\u00a0 Tous les dipl\u00f4mes professionnels comportent des p\u00e9riodes obligatoires de formation en milieu professionnel dont la dur\u00e9e varie en fonction du dipl\u00f4me ou de la sp\u00e9cialit\u00e9 pr\u00e9par\u00e9e. D\u00e9finition, objectifs et dur\u00e9e D\u00e9finition et objectifs Les p\u00e9riodes de formation en milieu professionnel font partie int\u00e9grante de la formation\u00a0: elles sont [&hellip;]<!-- AddThis Advanced Settings generic via filter on get_the_excerpt --><!-- AddThis Share Buttons generic via filter on get_the_excerpt --><\/p>\n","protected":false},"author":15058,"featured_media":4062,"parent":0,"menu_order":0,"comment_status":"closed","ping_status":"closed","template":"","meta":{"_et_pb_use_builder":"","_et_pb_old_content":"","_et_gb_content_width":"","footnotes":""},"class_list":["post-3840","page","type-page","status-publish","has-post-thumbnail","hentry"],"_links":{"self":[{"href":"https:\/\/etab.ac-reunion.fr\/lyc-lepervanche\/wp-json\/wp\/v2\/pages\/3840","targetHints":{"allow":["GET"]}}],"collection":[{"href":"https:\/\/etab.ac-reunion.fr\/lyc-lepervanche\/wp-json\/wp\/v2\/pages"}],"about":[{"href":"https:\/\/etab.ac-reunion.fr\/lyc-lepervanche\/wp-json\/wp\/v2\/types\/page"}],"author":[{"embeddable":true,"href":"https:\/\/etab.ac-reunion.fr\/lyc-lepervanche\/wp-json\/wp\/v2\/users\/15058"}],"replies":[{"embeddable":true,"href":"https:\/\/etab.ac-reunion.fr\/lyc-lepervanche\/wp-json\/wp\/v2\/comments?post=3840"}],"version-history":[{"count":10,"href":"https:\/\/etab.ac-reunion.fr\/lyc-lepervanche\/wp-json\/wp\/v2\/pages\/3840\/revisions"}],"predecessor-version":[{"id":4067,"href":"https:\/\/etab.ac-reunion.fr\/lyc-lepervanche\/wp-json\/wp\/v2\/pages\/3840\/revisions\/4067"}],"wp:featuredmedia":[{"embeddable":true,"href":"https:\/\/etab.ac-reunion.fr\/lyc-lepervanche\/wp-json\/wp\/v2\/media\/4062"}],"wp:attachment":[{"href":"https:\/\/etab.ac-reunion.fr\/lyc-lepervanche\/wp-json\/wp\/v2\/media?parent=3840"}],"curies":[{"name":"wp","href":"https:\/\/api.w.org\/{rel}","templated":true}]}}