{"id":3987,"date":"2017-09-07T09:46:59","date_gmt":"2017-09-07T05:46:59","guid":{"rendered":"http:\/\/lycee-lepervanche.ac-reunion.fr\/?page_id=3987"},"modified":"2021-09-27T17:34:36","modified_gmt":"2021-09-27T13:34:36","slug":"reunionscommissions","status":"publish","type":"page","link":"https:\/\/etab.ac-reunion.fr\/lyc-lepervanche\/reunionscommissions\/","title":{"rendered":"R\u00e9unions\/Commissions"},"content":{"rendered":"<p><strong><a href=\"https:\/\/etab.ac-reunion.fr\/lyc-lepervanche\/wp-content\/uploads\/sites\/17\/2021\/01\/Capture-de\u0301cran-2021-01-13-a\u0300-16.16.50.png\"><img loading=\"lazy\" decoding=\"async\" class=\"aligncenter wp-image-8061\" src=\"https:\/\/etab.ac-reunion.fr\/lyc-lepervanche\/wp-content\/uploads\/sites\/17\/2021\/01\/Capture-de\u0301cran-2021-01-13-a\u0300-16.16.50-1024x611.png\" alt=\"\" width=\"556\" height=\"332\" srcset=\"https:\/\/etab.ac-reunion.fr\/lyc-lepervanche\/wp-content\/uploads\/sites\/17\/2021\/01\/Capture-de\u0301cran-2021-01-13-a\u0300-16.16.50-1024x611.png 1024w, https:\/\/etab.ac-reunion.fr\/lyc-lepervanche\/wp-content\/uploads\/sites\/17\/2021\/01\/Capture-de\u0301cran-2021-01-13-a\u0300-16.16.50-300x179.png 300w, https:\/\/etab.ac-reunion.fr\/lyc-lepervanche\/wp-content\/uploads\/sites\/17\/2021\/01\/Capture-de\u0301cran-2021-01-13-a\u0300-16.16.50-768x458.png 768w, https:\/\/etab.ac-reunion.fr\/lyc-lepervanche\/wp-content\/uploads\/sites\/17\/2021\/01\/Capture-de\u0301cran-2021-01-13-a\u0300-16.16.50-1536x917.png 1536w, https:\/\/etab.ac-reunion.fr\/lyc-lepervanche\/wp-content\/uploads\/sites\/17\/2021\/01\/Capture-de\u0301cran-2021-01-13-a\u0300-16.16.50-1080x645.png 1080w, https:\/\/etab.ac-reunion.fr\/lyc-lepervanche\/wp-content\/uploads\/sites\/17\/2021\/01\/Capture-de\u0301cran-2021-01-13-a\u0300-16.16.50-1280x764.png 1280w, https:\/\/etab.ac-reunion.fr\/lyc-lepervanche\/wp-content\/uploads\/sites\/17\/2021\/01\/Capture-de\u0301cran-2021-01-13-a\u0300-16.16.50-980x585.png 980w, https:\/\/etab.ac-reunion.fr\/lyc-lepervanche\/wp-content\/uploads\/sites\/17\/2021\/01\/Capture-de\u0301cran-2021-01-13-a\u0300-16.16.50-480x287.png 480w, https:\/\/etab.ac-reunion.fr\/lyc-lepervanche\/wp-content\/uploads\/sites\/17\/2021\/01\/Capture-de\u0301cran-2021-01-13-a\u0300-16.16.50.png 1732w\" sizes=\"(max-width: 556px) 100vw, 556px\" \/><\/a><\/strong><\/p>\n<p>&nbsp;<\/p>\n<p>&nbsp;<\/p>\n<p><strong>&#8211; DATES REUNIONS PARENTS \/ PROFESSEURS :<\/strong><\/p>\n<p><strong>Ann\u00e9e scolaire 2021-2022 :<\/strong><\/p>\n<ul>\n<li>Suite l&rsquo;actualit\u00e9 COVID, les r\u00e9union parents\/professeurs sont annul\u00e9es sous leur forme classique, mais peuvent se faire sous forme de rencontres individuelles sur invitation de la part des enseignants.<\/li>\n<\/ul>\n<p>&nbsp;<\/p>\n<p><strong>&#8211; DATES COMMISSIONS GPDS (Groupe de Pr\u00e9vention du D\u00e9crochage Scolaire) :<\/strong><\/p>\n<ul>\n<li><a href=\"https:\/\/etab.ac-reunion.fr\/lyc-lepervanche\/wp-content\/uploads\/sites\/17\/2021\/01\/PLANNINGGPDS.pdf\" target=\"_blank\" rel=\"noopener noreferrer\">PLANNING GPDS 2020-2021<\/a><\/li>\n<\/ul>\n<p>&nbsp;<\/p>\n<!-- AddThis Advanced Settings generic via filter on the_content --><!-- AddThis Share Buttons generic via filter on the_content -->","protected":false},"excerpt":{"rendered":"<p>&nbsp; &nbsp; &#8211; DATES REUNIONS PARENTS \/ PROFESSEURS : Ann\u00e9e scolaire 2021-2022 : Suite l&rsquo;actualit\u00e9 COVID, les r\u00e9union parents\/professeurs sont annul\u00e9es sous leur forme classique, mais peuvent se faire sous forme de rencontres individuelles sur invitation de la part des enseignants. &nbsp; &#8211; DATES COMMISSIONS GPDS (Groupe de Pr\u00e9vention du D\u00e9crochage Scolaire) : PLANNING GPDS [&hellip;]<!-- AddThis Advanced Settings generic via filter on get_the_excerpt --><!-- AddThis Share Buttons generic via filter on get_the_excerpt --><\/p>\n","protected":false},"author":15058,"featured_media":4082,"parent":0,"menu_order":0,"comment_status":"closed","ping_status":"closed","template":"","meta":{"_et_pb_use_builder":"","_et_pb_old_content":"","_et_gb_content_width":"","footnotes":""},"class_list":["post-3987","page","type-page","status-publish","has-post-thumbnail","hentry"],"_links":{"self":[{"href":"https:\/\/etab.ac-reunion.fr\/lyc-lepervanche\/wp-json\/wp\/v2\/pages\/3987","targetHints":{"allow":["GET"]}}],"collection":[{"href":"https:\/\/etab.ac-reunion.fr\/lyc-lepervanche\/wp-json\/wp\/v2\/pages"}],"about":[{"href":"https:\/\/etab.ac-reunion.fr\/lyc-lepervanche\/wp-json\/wp\/v2\/types\/page"}],"author":[{"embeddable":true,"href":"https:\/\/etab.ac-reunion.fr\/lyc-lepervanche\/wp-json\/wp\/v2\/users\/15058"}],"replies":[{"embeddable":true,"href":"https:\/\/etab.ac-reunion.fr\/lyc-lepervanche\/wp-json\/wp\/v2\/comments?post=3987"}],"version-history":[{"count":6,"href":"https:\/\/etab.ac-reunion.fr\/lyc-lepervanche\/wp-json\/wp\/v2\/pages\/3987\/revisions"}],"predecessor-version":[{"id":9181,"href":"https:\/\/etab.ac-reunion.fr\/lyc-lepervanche\/wp-json\/wp\/v2\/pages\/3987\/revisions\/9181"}],"wp:featuredmedia":[{"embeddable":true,"href":"https:\/\/etab.ac-reunion.fr\/lyc-lepervanche\/wp-json\/wp\/v2\/media\/4082"}],"wp:attachment":[{"href":"https:\/\/etab.ac-reunion.fr\/lyc-lepervanche\/wp-json\/wp\/v2\/media?parent=3987"}],"curies":[{"name":"wp","href":"https:\/\/api.w.org\/{rel}","templated":true}]}}