{"id":4421,"date":"2017-12-12T17:24:58","date_gmt":"2017-12-12T13:24:58","guid":{"rendered":"http:\/\/lycee-lepervanche.ac-reunion.fr\/?page_id=4421"},"modified":"2021-02-25T10:02:21","modified_gmt":"2021-02-25T06:02:21","slug":"ppms-plan-particulier-de-mise-en-securite","status":"publish","type":"page","link":"https:\/\/etab.ac-reunion.fr\/lyc-lepervanche\/ppms-plan-particulier-de-mise-en-securite\/","title":{"rendered":"PPMS &#8211; Plan Particulier de Mise en S\u00e9curit\u00e9"},"content":{"rendered":"<p><a href=\"https:\/\/etab.ac-reunion.fr\/lyc-lepervanche\/wp-content\/uploads\/sites\/17\/2021\/01\/b436cf_141a9f23c689401da316a183e2c48c84_mv2.jpg\"><img loading=\"lazy\" decoding=\"async\" class=\"aligncenter wp-image-8044\" src=\"https:\/\/etab.ac-reunion.fr\/lyc-lepervanche\/wp-content\/uploads\/sites\/17\/2021\/01\/b436cf_141a9f23c689401da316a183e2c48c84_mv2.jpg\" alt=\"\" width=\"567\" height=\"315\" \/><\/a><\/p>\n<p><a href=\"https:\/\/www.education.gouv.fr\/bo\/15\/Hebdo44\/MENE1528696C.htm\" target=\"_blank\" rel=\"noopener noreferrer\">Plan particulier de mise en s\u00fbret\u00e9 face aux risques majeurs<\/a><\/p>\n<p>Un accident majeur peut provoquer une situation d\u2019exception laissant un certain temps la communaut\u00e9 scolaire seule et isol\u00e9e face \u00e0 la catastrophe (plus de t\u00e9l\u00e9phone, d\u2019\u00e9lectricit\u00e9, intervention des secours tr\u00e8s diff\u00e9r\u00e9e les intervenants \u00ab\u00a0locaux\u00a0\u00bb \u00e9tant eux-m\u00eames victimes ou d\u00e9pass\u00e9s par les demandes&#8230;).<\/p>\n<p>Pour que les \u00e9tablissements scolaires confront\u00e9s \u00e0 un tel \u00e9v\u00e9nement soient pr\u00e9par\u00e9s \u00e0 la \u00ab\u00a0gestion de crise\u00a0\u00bb, le minist\u00e8re charg\u00e9 de l\u2019\u00c9ducation nationale a publi\u00e9 le 30 mai 2002 un B.O. E.N. Hors-S\u00e9rie num\u00e9ro 3 relatif \u00e0 la mise en \u0153uvre de plans particuliers de mise en s\u00fbret\u00e9 face \u00e0 un accident majeur.<\/p>\n<p><strong>2. Quel est l\u2019objectif d\u2019un P.P.M.S. ?<\/strong><\/p>\n<p>\u00catre pr\u00eat face \u00e0 une situation de crise li\u00e9e \u00e0 la survenue d\u2019un accident majeur :<\/p>\n<p>&#8211; \u00e0 assurer la s\u00e9curit\u00e9 des \u00e9l\u00e8ves et des personnels, en attendant l\u2019arriv\u00e9e des secours ext\u00e9rieurs,<\/p>\n<p>&#8211; \u00e0 appliquer les directives des autorit\u00e9s,<\/p>\n<p>&#8211; \u00e0 enseigner dans le cadre de l&rsquo;\u00e9ducation \u00e0 la responsabilit\u00e9 et \u00e0 la citoyennet\u00e9, de la sensibilisation \u00e0 la pr\u00e9vention des risques.<\/p>\n<p><strong>3. Pourquoi un plan \u00ab\u00a0particulier\u00a0\u00bb ?<\/strong><\/p>\n<p>Le P.P.M.S. doit \u00eatre adapt\u00e9 aux sp\u00e9cificit\u00e9s de l\u2019\u00e9tablissement scolaire. Il prend donc en compte :<\/p>\n<p>&#8211; Les risques majeurs li\u00e9s \u00e0 son environnement.<\/p>\n<p>&#8211; Ses composantes (effectifs, qualit\u00e9 du b\u00e2ti&#8230;).<\/p>\n<p>&#8211; La prise en charge particuli\u00e8re des \u00e9l\u00e8ves et personnels lors des activit\u00e9s \u00ab\u00a0extra-muros \u00a0\u00bb (installations d\u2019E.P.S. par exemple), durant les horaires d\u2019internat et d\u2019activit\u00e9s p\u00e9ri-\u00e9ducatives, sans oublier celle des publics \u00e0 besoins sp\u00e9cifiques (handicap\u00e9s, Projet d\u2019Accueil Individualis\u00e9).<\/p>\n<p>Trois exercices de simulation auront lieu au cours de l&rsquo;ann\u00e9e scolaire dont un exercice d&rsquo;attentat-intrusion.<\/p>\n<p>&nbsp;<\/p>\n<p><a href=\"https:\/\/etab.ac-reunion.fr\/lyc-lepervanche\/wp-content\/uploads\/sites\/17\/2021\/02\/info_parents-ppms-risque-majeur.jpg\"><img loading=\"lazy\" decoding=\"async\" class=\"aligncenter size-full wp-image-8253\" src=\"https:\/\/etab.ac-reunion.fr\/lyc-lepervanche\/wp-content\/uploads\/sites\/17\/2021\/02\/info_parents-ppms-risque-majeur.jpg\" alt=\"\" width=\"854\" height=\"513\" srcset=\"https:\/\/etab.ac-reunion.fr\/lyc-lepervanche\/wp-content\/uploads\/sites\/17\/2021\/02\/info_parents-ppms-risque-majeur.jpg 854w, https:\/\/etab.ac-reunion.fr\/lyc-lepervanche\/wp-content\/uploads\/sites\/17\/2021\/02\/info_parents-ppms-risque-majeur-480x288.jpg 480w\" sizes=\"(min-width: 0px) and (max-width: 480px) 480px, (min-width: 481px) 854px, 100vw\" \/><\/a><\/p>\n<!-- AddThis Advanced Settings generic via filter on the_content --><!-- AddThis Share Buttons generic via filter on the_content -->","protected":false},"excerpt":{"rendered":"<p>Plan particulier de mise en s\u00fbret\u00e9 face aux risques majeurs Un accident majeur peut provoquer une situation d\u2019exception laissant un certain temps la communaut\u00e9 scolaire seule et isol\u00e9e face \u00e0 la catastrophe (plus de t\u00e9l\u00e9phone, d\u2019\u00e9lectricit\u00e9, intervention des secours tr\u00e8s diff\u00e9r\u00e9e les intervenants \u00ab\u00a0locaux\u00a0\u00bb \u00e9tant eux-m\u00eames victimes ou d\u00e9pass\u00e9s par les demandes&#8230;). Pour que les [&hellip;]<!-- AddThis Advanced Settings generic via filter on get_the_excerpt --><!-- AddThis Share Buttons generic via filter on get_the_excerpt --><\/p>\n","protected":false},"author":15058,"featured_media":0,"parent":0,"menu_order":0,"comment_status":"closed","ping_status":"closed","template":"","meta":{"_et_pb_use_builder":"","_et_pb_old_content":"","_et_gb_content_width":"","footnotes":""},"class_list":["post-4421","page","type-page","status-publish","hentry"],"_links":{"self":[{"href":"https:\/\/etab.ac-reunion.fr\/lyc-lepervanche\/wp-json\/wp\/v2\/pages\/4421","targetHints":{"allow":["GET"]}}],"collection":[{"href":"https:\/\/etab.ac-reunion.fr\/lyc-lepervanche\/wp-json\/wp\/v2\/pages"}],"about":[{"href":"https:\/\/etab.ac-reunion.fr\/lyc-lepervanche\/wp-json\/wp\/v2\/types\/page"}],"author":[{"embeddable":true,"href":"https:\/\/etab.ac-reunion.fr\/lyc-lepervanche\/wp-json\/wp\/v2\/users\/15058"}],"replies":[{"embeddable":true,"href":"https:\/\/etab.ac-reunion.fr\/lyc-lepervanche\/wp-json\/wp\/v2\/comments?post=4421"}],"version-history":[{"count":6,"href":"https:\/\/etab.ac-reunion.fr\/lyc-lepervanche\/wp-json\/wp\/v2\/pages\/4421\/revisions"}],"predecessor-version":[{"id":8254,"href":"https:\/\/etab.ac-reunion.fr\/lyc-lepervanche\/wp-json\/wp\/v2\/pages\/4421\/revisions\/8254"}],"wp:attachment":[{"href":"https:\/\/etab.ac-reunion.fr\/lyc-lepervanche\/wp-json\/wp\/v2\/media?parent=4421"}],"curies":[{"name":"wp","href":"https:\/\/api.w.org\/{rel}","templated":true}]}}