{"id":4423,"date":"2017-12-12T17:25:30","date_gmt":"2017-12-12T13:25:30","guid":{"rendered":"http:\/\/lycee-lepervanche.ac-reunion.fr\/?page_id=4423"},"modified":"2021-02-25T09:55:58","modified_gmt":"2021-02-25T05:55:58","slug":"alerte-incendie","status":"publish","type":"page","link":"https:\/\/etab.ac-reunion.fr\/lyc-lepervanche\/alerte-incendie\/","title":{"rendered":"Alerte Incendie"},"content":{"rendered":"<div id=\"corps\" class=\"p-like wysiwyg\">\n<p>Les consignes d&rsquo;\u00e9vacuation en cas d&rsquo;incendie s&rsquo;adressent \u00e0 toutes les personnes pr\u00e9sentes dans l&rsquo;\u00e9tablissement.<\/p>\n<p>Elles doivent \u00eatre connues de tous et sont mises en \u0153uvre en cas de d\u00e9clenchement de l&rsquo;alarme incendie.<\/p>\n<p>2 alertes incendie comme exercice d&rsquo;\u00e9vacuation sont organis\u00e9s au cours de l&rsquo;ann\u00e9e scolaire.<\/p>\n<p>&nbsp;<\/p>\n<p><span style=\"color: #ff0000\"><strong>ZONES DE REGROUPEMENT INCENDIE :<\/strong><\/span><\/p>\n<ul>\n<li>Parking professeur<\/li>\n<li>Devant le b\u00e2timent K<\/li>\n<li>Derri\u00e8re le b\u00e2timent D<\/li>\n<li>Sur l&rsquo;arboretum<\/li>\n<\/ul>\n<\/div>\n<p><a href=\"https:\/\/etab.ac-reunion.fr\/lyc-lepervanche\/wp-content\/uploads\/sites\/17\/2021\/02\/1.jpg\"><img loading=\"lazy\" decoding=\"async\" class=\" wp-image-8250 alignleft\" src=\"https:\/\/etab.ac-reunion.fr\/lyc-lepervanche\/wp-content\/uploads\/sites\/17\/2021\/02\/1-709x1024.jpg\" alt=\"\" width=\"312\" height=\"451\" \/><\/a> <a href=\"https:\/\/etab.ac-reunion.fr\/lyc-lepervanche\/wp-content\/uploads\/sites\/17\/2021\/02\/2.jpg\"><img loading=\"lazy\" decoding=\"async\" class=\" wp-image-8251 alignleft\" src=\"https:\/\/etab.ac-reunion.fr\/lyc-lepervanche\/wp-content\/uploads\/sites\/17\/2021\/02\/2-709x1024.jpg\" alt=\"\" width=\"315\" height=\"455\" \/><\/a><\/p>\n<div id=\"corps\" class=\"p-like wysiwyg\">\n<p>&nbsp;<\/p>\n<p>&nbsp;<\/p>\n<p>&nbsp;<\/p>\n<p>&nbsp;<\/p>\n<p>&nbsp;<\/p>\n<p>&nbsp;<\/p>\n<p>&nbsp;<\/p>\n<p>&nbsp;<\/p>\n<p>&nbsp;<\/p>\n<p>&nbsp;<\/p>\n<p>&nbsp;<\/p>\n<p>&nbsp;<\/p>\n<p>&nbsp;<\/p>\n<p>&nbsp;<\/p>\n<p>&nbsp;<\/p>\n<p style=\"text-align: left\"><span style=\"color: #ff0000\"><strong>PROTOCOLE D\u2019\u00c9VACUATION :<\/strong><\/span><\/p>\n<ul>\n<li>Quitter rapidement les salles en laissant tout sur place<\/li>\n<li>Fermer la porte mais pas \u00e0 cl\u00e9<\/li>\n<li>\u00c9vacuer les \u00e9l\u00e8ves en premier et l&rsquo;enseignant en dernier<\/li>\n<li>Regroupement aux 3 points de rassemblement (ci-dessus)<\/li>\n<li>L&rsquo;enseignant doit faire l&rsquo;appel en arrivant au point de rassemblement<\/li>\n<\/ul>\n<p>&nbsp;<\/p>\n<\/div>\n<p><a href=\"https:\/\/etab.ac-reunion.fr\/lyc-lepervanche\/wp-content\/uploads\/sites\/17\/2018\/02\/Consignes-de\u0301vacuation.jpg\"><img loading=\"lazy\" decoding=\"async\" class=\"wp-image-4629 alignleft\" src=\"https:\/\/etab.ac-reunion.fr\/lyc-lepervanche\/wp-content\/uploads\/sites\/17\/2018\/02\/Consignes-de\u0301vacuation-300x200.jpg\" alt=\"\" width=\"510\" height=\"340\" srcset=\"https:\/\/etab.ac-reunion.fr\/lyc-lepervanche\/wp-content\/uploads\/sites\/17\/2018\/02\/Consignes-de\u0301vacuation-300x200.jpg 300w, https:\/\/etab.ac-reunion.fr\/lyc-lepervanche\/wp-content\/uploads\/sites\/17\/2018\/02\/Consignes-de\u0301vacuation-1024x684.jpg 1024w, https:\/\/etab.ac-reunion.fr\/lyc-lepervanche\/wp-content\/uploads\/sites\/17\/2018\/02\/Consignes-de\u0301vacuation-1080x722.jpg 1080w, https:\/\/etab.ac-reunion.fr\/lyc-lepervanche\/wp-content\/uploads\/sites\/17\/2018\/02\/Consignes-de\u0301vacuation.jpg 1462w\" sizes=\"(max-width: 510px) 100vw, 510px\" \/><\/a><\/p>\n<!-- AddThis Advanced Settings generic via filter on the_content --><!-- AddThis Share Buttons generic via filter on the_content -->","protected":false},"excerpt":{"rendered":"<p>Les consignes d&rsquo;\u00e9vacuation en cas d&rsquo;incendie s&rsquo;adressent \u00e0 toutes les personnes pr\u00e9sentes dans l&rsquo;\u00e9tablissement. Elles doivent \u00eatre connues de tous et sont mises en \u0153uvre en cas de d\u00e9clenchement de l&rsquo;alarme incendie. 2 alertes incendie comme exercice d&rsquo;\u00e9vacuation sont organis\u00e9s au cours de l&rsquo;ann\u00e9e scolaire. &nbsp; ZONES DE REGROUPEMENT INCENDIE : Parking professeur Devant le [&hellip;]<!-- AddThis Advanced Settings generic via filter on get_the_excerpt --><!-- AddThis Share Buttons generic via filter on get_the_excerpt --><\/p>\n","protected":false},"author":15058,"featured_media":0,"parent":0,"menu_order":0,"comment_status":"closed","ping_status":"closed","template":"","meta":{"_et_pb_use_builder":"","_et_pb_old_content":"","_et_gb_content_width":"","footnotes":""},"class_list":["post-4423","page","type-page","status-publish","hentry"],"_links":{"self":[{"href":"https:\/\/etab.ac-reunion.fr\/lyc-lepervanche\/wp-json\/wp\/v2\/pages\/4423","targetHints":{"allow":["GET"]}}],"collection":[{"href":"https:\/\/etab.ac-reunion.fr\/lyc-lepervanche\/wp-json\/wp\/v2\/pages"}],"about":[{"href":"https:\/\/etab.ac-reunion.fr\/lyc-lepervanche\/wp-json\/wp\/v2\/types\/page"}],"author":[{"embeddable":true,"href":"https:\/\/etab.ac-reunion.fr\/lyc-lepervanche\/wp-json\/wp\/v2\/users\/15058"}],"replies":[{"embeddable":true,"href":"https:\/\/etab.ac-reunion.fr\/lyc-lepervanche\/wp-json\/wp\/v2\/comments?post=4423"}],"version-history":[{"count":8,"href":"https:\/\/etab.ac-reunion.fr\/lyc-lepervanche\/wp-json\/wp\/v2\/pages\/4423\/revisions"}],"predecessor-version":[{"id":8252,"href":"https:\/\/etab.ac-reunion.fr\/lyc-lepervanche\/wp-json\/wp\/v2\/pages\/4423\/revisions\/8252"}],"wp:attachment":[{"href":"https:\/\/etab.ac-reunion.fr\/lyc-lepervanche\/wp-json\/wp\/v2\/media?parent=4423"}],"curies":[{"name":"wp","href":"https:\/\/api.w.org\/{rel}","templated":true}]}}