{"id":4425,"date":"2017-12-12T17:26:34","date_gmt":"2017-12-12T13:26:34","guid":{"rendered":"http:\/\/lycee-lepervanche.ac-reunion.fr\/?page_id=4425"},"modified":"2021-01-13T15:40:32","modified_gmt":"2021-01-13T11:40:32","slug":"hygiene-et-securite-au-travail","status":"publish","type":"page","link":"https:\/\/etab.ac-reunion.fr\/lyc-lepervanche\/hygiene-et-securite-au-travail\/","title":{"rendered":"Hygi\u00e8ne et S\u00e9curit\u00e9 au Travail"},"content":{"rendered":"<div><span style=\"color: #000000\">La Direction informe toutes les personnes de passage dans l&rsquo;\u00e9tablissement, qu&rsquo;un registre Hygi\u00e8ne et S\u00e9curit\u00e9 au Travail est disponible \u00e0 l&rsquo;accueil.<\/span><\/div>\n<div><\/div>\n<div><\/div>\n<div><span style=\"color: #000000\">Ce registre est constitu\u00e9 de fiches \u00e0 renseigner par chaque personne qui constate un fait potentiellement dangereux :<\/span><\/div>\n<ul>\n<li style=\"list-style-type: none\">\n<ul>\n<li><span style=\"color: #000000\">Une branche instable<\/span><\/li>\n<li><span style=\"color: #000000\">Un trou dans le sol&#8230; etc<\/span><\/li>\n<\/ul>\n<\/li>\n<\/ul>\n<p>&nbsp;<\/p>\n<p style=\"text-align: left\"><strong><span style=\"color: #000000\">Tous les personnels, \u00e9l\u00e8ves, visiteurs sont donc invit\u00e9s \u00e0 porter au registre toutes les remarques qui pourraient <\/span><\/strong><strong><span style=\"color: #000000\">am\u00e9liorer la s\u00e9curit\u00e9 de tous. <\/span><\/strong><\/p>\n<p style=\"text-align: left\"><strong><span style=\"color: #000000\">Merci<\/span><\/strong><\/p>\n<p><span style=\"color: #000000\"><strong>La Direction<\/strong><\/span><\/p>\n<p>&nbsp;<\/p>\n<p><a href=\"https:\/\/etab.ac-reunion.fr\/lyc-lepervanche\/wp-content\/uploads\/sites\/17\/2021\/01\/affiche-hygie\u0300ne-et-se\u0301curite\u0301-pdf.jpg\"><img loading=\"lazy\" decoding=\"async\" class=\"aligncenter size-large wp-image-8039\" src=\"https:\/\/etab.ac-reunion.fr\/lyc-lepervanche\/wp-content\/uploads\/sites\/17\/2021\/01\/affiche-hygie\u0300ne-et-se\u0301curite\u0301-pdf-785x1024.jpg\" alt=\"\" width=\"785\" height=\"1024\" srcset=\"https:\/\/etab.ac-reunion.fr\/lyc-lepervanche\/wp-content\/uploads\/sites\/17\/2021\/01\/affiche-hygie\u0300ne-et-se\u0301curite\u0301-pdf-785x1024.jpg 785w, https:\/\/etab.ac-reunion.fr\/lyc-lepervanche\/wp-content\/uploads\/sites\/17\/2021\/01\/affiche-hygie\u0300ne-et-se\u0301curite\u0301-pdf-230x300.jpg 230w, https:\/\/etab.ac-reunion.fr\/lyc-lepervanche\/wp-content\/uploads\/sites\/17\/2021\/01\/affiche-hygie\u0300ne-et-se\u0301curite\u0301-pdf-768x1001.jpg 768w, https:\/\/etab.ac-reunion.fr\/lyc-lepervanche\/wp-content\/uploads\/sites\/17\/2021\/01\/affiche-hygie\u0300ne-et-se\u0301curite\u0301-pdf-1178x1536.jpg 1178w, https:\/\/etab.ac-reunion.fr\/lyc-lepervanche\/wp-content\/uploads\/sites\/17\/2021\/01\/affiche-hygie\u0300ne-et-se\u0301curite\u0301-pdf-1080x1408.jpg 1080w, https:\/\/etab.ac-reunion.fr\/lyc-lepervanche\/wp-content\/uploads\/sites\/17\/2021\/01\/affiche-hygie\u0300ne-et-se\u0301curite\u0301-pdf-1280x1669.jpg 1280w, https:\/\/etab.ac-reunion.fr\/lyc-lepervanche\/wp-content\/uploads\/sites\/17\/2021\/01\/affiche-hygie\u0300ne-et-se\u0301curite\u0301-pdf-980x1278.jpg 980w, https:\/\/etab.ac-reunion.fr\/lyc-lepervanche\/wp-content\/uploads\/sites\/17\/2021\/01\/affiche-hygie\u0300ne-et-se\u0301curite\u0301-pdf-480x626.jpg 480w, https:\/\/etab.ac-reunion.fr\/lyc-lepervanche\/wp-content\/uploads\/sites\/17\/2021\/01\/affiche-hygie\u0300ne-et-se\u0301curite\u0301-pdf.jpg 1488w\" sizes=\"(max-width: 785px) 100vw, 785px\" \/><\/a><\/p>\n<!-- AddThis Advanced Settings generic via filter on the_content --><!-- AddThis Share Buttons generic via filter on the_content -->","protected":false},"excerpt":{"rendered":"<p>La Direction informe toutes les personnes de passage dans l&rsquo;\u00e9tablissement, qu&rsquo;un registre Hygi\u00e8ne et S\u00e9curit\u00e9 au Travail est disponible \u00e0 l&rsquo;accueil. Ce registre est constitu\u00e9 de fiches \u00e0 renseigner par chaque personne qui constate un fait potentiellement dangereux : Une branche instable Un trou dans le sol&#8230; etc &nbsp; Tous les personnels, \u00e9l\u00e8ves, visiteurs sont [&hellip;]<!-- AddThis Advanced Settings generic via filter on get_the_excerpt --><!-- AddThis Share Buttons generic via filter on get_the_excerpt --><\/p>\n","protected":false},"author":15058,"featured_media":0,"parent":0,"menu_order":0,"comment_status":"closed","ping_status":"closed","template":"","meta":{"_et_pb_use_builder":"","_et_pb_old_content":"","_et_gb_content_width":"","footnotes":""},"class_list":["post-4425","page","type-page","status-publish","hentry"],"_links":{"self":[{"href":"https:\/\/etab.ac-reunion.fr\/lyc-lepervanche\/wp-json\/wp\/v2\/pages\/4425","targetHints":{"allow":["GET"]}}],"collection":[{"href":"https:\/\/etab.ac-reunion.fr\/lyc-lepervanche\/wp-json\/wp\/v2\/pages"}],"about":[{"href":"https:\/\/etab.ac-reunion.fr\/lyc-lepervanche\/wp-json\/wp\/v2\/types\/page"}],"author":[{"embeddable":true,"href":"https:\/\/etab.ac-reunion.fr\/lyc-lepervanche\/wp-json\/wp\/v2\/users\/15058"}],"replies":[{"embeddable":true,"href":"https:\/\/etab.ac-reunion.fr\/lyc-lepervanche\/wp-json\/wp\/v2\/comments?post=4425"}],"version-history":[{"count":11,"href":"https:\/\/etab.ac-reunion.fr\/lyc-lepervanche\/wp-json\/wp\/v2\/pages\/4425\/revisions"}],"predecessor-version":[{"id":8043,"href":"https:\/\/etab.ac-reunion.fr\/lyc-lepervanche\/wp-json\/wp\/v2\/pages\/4425\/revisions\/8043"}],"wp:attachment":[{"href":"https:\/\/etab.ac-reunion.fr\/lyc-lepervanche\/wp-json\/wp\/v2\/media?parent=4425"}],"curies":[{"name":"wp","href":"https:\/\/api.w.org\/{rel}","templated":true}]}}