{"id":4692,"date":"2018-04-16T15:10:42","date_gmt":"2018-04-16T11:10:42","guid":{"rendered":"http:\/\/lycee-lepervanche.ac-reunion.fr\/?page_id=4692"},"modified":"2021-01-13T15:20:11","modified_gmt":"2021-01-13T11:20:11","slug":"station-meteo","status":"publish","type":"page","link":"https:\/\/etab.ac-reunion.fr\/lyc-lepervanche\/station-meteo\/","title":{"rendered":"Station m\u00e9t\u00e9o"},"content":{"rendered":"<div id=\"text_bloc_home\">\n<p><a href=\"https:\/\/etab.ac-reunion.fr\/lyc-lepervanche\/wp-content\/uploads\/sites\/17\/2016\/09\/meteo_a_l_ecole.jpg\"><img loading=\"lazy\" decoding=\"async\" class=\"wp-image-2944 alignleft\" src=\"https:\/\/etab.ac-reunion.fr\/lyc-lepervanche\/wp-content\/uploads\/sites\/17\/2016\/09\/meteo_a_l_ecole.jpg\" alt=\"\" width=\"223\" height=\"209\" srcset=\"https:\/\/etab.ac-reunion.fr\/lyc-lepervanche\/wp-content\/uploads\/sites\/17\/2016\/09\/meteo_a_l_ecole.jpg 807w, https:\/\/etab.ac-reunion.fr\/lyc-lepervanche\/wp-content\/uploads\/sites\/17\/2016\/09\/meteo_a_l_ecole-300x281.jpg 300w\" sizes=\"(max-width: 223px) 100vw, 223px\" \/><\/a><\/p>\n<p>&nbsp;<\/p>\n<p>&nbsp;<\/p>\n<p>&nbsp;<\/p>\n<p><strong>L&rsquo;op\u00e9ration \u00ab M\u00c9T\u00c9O \u00e0 l&rsquo; \u00c9cole \u00bb, met \u00e0 votre disposition :<\/strong><\/p>\n<ul>\n<li><strong>les donn\u00e9es enregistr\u00e9es par les stations m\u00e9t\u00e9orologiques de son r\u00e9seau d&rsquo;\u00e9tablissements scolaires,<\/strong><\/li>\n<li><strong>les ressources scientifiques et p\u00e9dagogiques produites par et pour les enseignants sur des questions de m\u00e9t\u00e9orologie et de climatologie.<\/strong><\/li>\n<\/ul>\n<p>&nbsp;<\/p>\n<p>L&rsquo;op\u00e9ration \u00ab M\u00c9T\u00c9O \u00e0 l&rsquo; \u00c9cole \u00bb, pilot\u00e9e par \u00ab Sciences \u00e0 l&rsquo; \u00c9cole \u00bb en partenariat avec M\u00e9t\u00e9o-France, met en place et anime un r\u00e9seau de stations m\u00e9t\u00e9orologiques \u00e0 vocation \u00e9ducative dans des coll\u00e8ges et des lyc\u00e9es r\u00e9partis sur le territoire fran\u00e7ais.<\/p>\n<p>&nbsp;<\/p>\n<p>Au lyc\u00e9e Lepervanche &#8230; (article en cours)<\/p>\n<p><a href=\"http:\/\/www.meteoalecole.org\/ressources\/ressources-pedagogiques\">Site m\u00e9t\u00e9o \u00e0 l&rsquo;\u00e9cole.<\/a><\/p>\n<p><a href=\"https:\/\/etab.ac-reunion.fr\/lyc-lepervanche\/wp-content\/uploads\/sites\/17\/2018\/04\/Diff\u00e9rence-climatologie-et-m\u00e9t\u00e9orologie.pdf\" target=\"_blank\" rel=\"noopener noreferrer\">Diff\u00e9rence climatologie et m\u00e9t\u00e9orologie<\/a><\/p>\n<p><a href=\"https:\/\/etab.ac-reunion.fr\/lyc-lepervanche\/wp-content\/uploads\/sites\/17\/2018\/04\/Comprendre-la-diff\u00e9rence-entre-brise-de-terre-et-brise-de-mer.pdf\" target=\"_blank\" rel=\"noopener noreferrer\">Comprendre la diff\u00e9rence entre brise de terre et brise de mer<\/a><\/p>\n<\/div>\n<p>&nbsp;<\/p>\n<!-- AddThis Advanced Settings generic via filter on the_content --><!-- AddThis Share Buttons generic via filter on the_content -->","protected":false},"excerpt":{"rendered":"<p>&nbsp; &nbsp; &nbsp; L&rsquo;op\u00e9ration \u00ab M\u00c9T\u00c9O \u00e0 l&rsquo; \u00c9cole \u00bb, met \u00e0 votre disposition : les donn\u00e9es enregistr\u00e9es par les stations m\u00e9t\u00e9orologiques de son r\u00e9seau d&rsquo;\u00e9tablissements scolaires, les ressources scientifiques et p\u00e9dagogiques produites par et pour les enseignants sur des questions de m\u00e9t\u00e9orologie et de climatologie. &nbsp; L&rsquo;op\u00e9ration \u00ab M\u00c9T\u00c9O \u00e0 l&rsquo; \u00c9cole \u00bb, pilot\u00e9e [&hellip;]<!-- AddThis Advanced Settings generic via filter on get_the_excerpt --><!-- AddThis Share Buttons generic via filter on get_the_excerpt --><\/p>\n","protected":false},"author":15058,"featured_media":4707,"parent":0,"menu_order":0,"comment_status":"closed","ping_status":"closed","template":"","meta":{"_et_pb_use_builder":"","_et_pb_old_content":"","_et_gb_content_width":"","footnotes":""},"class_list":["post-4692","page","type-page","status-publish","has-post-thumbnail","hentry"],"_links":{"self":[{"href":"https:\/\/etab.ac-reunion.fr\/lyc-lepervanche\/wp-json\/wp\/v2\/pages\/4692","targetHints":{"allow":["GET"]}}],"collection":[{"href":"https:\/\/etab.ac-reunion.fr\/lyc-lepervanche\/wp-json\/wp\/v2\/pages"}],"about":[{"href":"https:\/\/etab.ac-reunion.fr\/lyc-lepervanche\/wp-json\/wp\/v2\/types\/page"}],"author":[{"embeddable":true,"href":"https:\/\/etab.ac-reunion.fr\/lyc-lepervanche\/wp-json\/wp\/v2\/users\/15058"}],"replies":[{"embeddable":true,"href":"https:\/\/etab.ac-reunion.fr\/lyc-lepervanche\/wp-json\/wp\/v2\/comments?post=4692"}],"version-history":[{"count":16,"href":"https:\/\/etab.ac-reunion.fr\/lyc-lepervanche\/wp-json\/wp\/v2\/pages\/4692\/revisions"}],"predecessor-version":[{"id":8030,"href":"https:\/\/etab.ac-reunion.fr\/lyc-lepervanche\/wp-json\/wp\/v2\/pages\/4692\/revisions\/8030"}],"wp:featuredmedia":[{"embeddable":true,"href":"https:\/\/etab.ac-reunion.fr\/lyc-lepervanche\/wp-json\/wp\/v2\/media\/4707"}],"wp:attachment":[{"href":"https:\/\/etab.ac-reunion.fr\/lyc-lepervanche\/wp-json\/wp\/v2\/media?parent=4692"}],"curies":[{"name":"wp","href":"https:\/\/api.w.org\/{rel}","templated":true}]}}