{"id":5035,"date":"2018-06-30T16:47:10","date_gmt":"2018-06-30T12:47:10","guid":{"rendered":"http:\/\/lycee-lepervanche.ac-reunion.fr\/?page_id=5035"},"modified":"2023-05-28T12:19:46","modified_gmt":"2023-05-28T08:19:46","slug":"codofil","status":"publish","type":"page","link":"https:\/\/etab.ac-reunion.fr\/lyc-lepervanche\/codofil\/","title":{"rendered":"INFO : Rentr\u00e9e Scolaire"},"content":{"rendered":"<p><a href=\"https:\/\/etab.ac-reunion.fr\/lyc-lepervanche\/wp-content\/uploads\/sites\/17\/2021\/07\/Capture-de\u0301cran-2021-07-19-a\u0300-21.46.35.png\"><img loading=\"lazy\" decoding=\"async\" class=\"aligncenter size-large wp-image-8989\" src=\"https:\/\/etab.ac-reunion.fr\/lyc-lepervanche\/wp-content\/uploads\/sites\/17\/2021\/07\/Capture-de\u0301cran-2021-07-19-a\u0300-21.46.35-1024x162.png\" alt=\"\" width=\"1024\" height=\"162\" srcset=\"https:\/\/etab.ac-reunion.fr\/lyc-lepervanche\/wp-content\/uploads\/sites\/17\/2021\/07\/Capture-de\u0301cran-2021-07-19-a\u0300-21.46.35-1024x162.png 1024w, https:\/\/etab.ac-reunion.fr\/lyc-lepervanche\/wp-content\/uploads\/sites\/17\/2021\/07\/Capture-de\u0301cran-2021-07-19-a\u0300-21.46.35-300x47.png 300w, https:\/\/etab.ac-reunion.fr\/lyc-lepervanche\/wp-content\/uploads\/sites\/17\/2021\/07\/Capture-de\u0301cran-2021-07-19-a\u0300-21.46.35-768x122.png 768w, https:\/\/etab.ac-reunion.fr\/lyc-lepervanche\/wp-content\/uploads\/sites\/17\/2021\/07\/Capture-de\u0301cran-2021-07-19-a\u0300-21.46.35-1536x243.png 1536w, https:\/\/etab.ac-reunion.fr\/lyc-lepervanche\/wp-content\/uploads\/sites\/17\/2021\/07\/Capture-de\u0301cran-2021-07-19-a\u0300-21.46.35-2048x324.png 2048w, https:\/\/etab.ac-reunion.fr\/lyc-lepervanche\/wp-content\/uploads\/sites\/17\/2021\/07\/Capture-de\u0301cran-2021-07-19-a\u0300-21.46.35-1080x171.png 1080w, https:\/\/etab.ac-reunion.fr\/lyc-lepervanche\/wp-content\/uploads\/sites\/17\/2021\/07\/Capture-de\u0301cran-2021-07-19-a\u0300-21.46.35-1280x203.png 1280w, https:\/\/etab.ac-reunion.fr\/lyc-lepervanche\/wp-content\/uploads\/sites\/17\/2021\/07\/Capture-de\u0301cran-2021-07-19-a\u0300-21.46.35-980x155.png 980w, https:\/\/etab.ac-reunion.fr\/lyc-lepervanche\/wp-content\/uploads\/sites\/17\/2021\/07\/Capture-de\u0301cran-2021-07-19-a\u0300-21.46.35-480x76.png 480w\" sizes=\"(max-width: 1024px) 100vw, 1024px\" \/><\/a><\/p>\n<p>Documents obligatoires :<\/p>\n<p><a href=\"https:\/\/etab.ac-reunion.fr\/lyc-lepervanche\/wp-content\/uploads\/sites\/17\/2023\/05\/1-Nouveaux-eleves-Questionnaire-de-sante-a-remplir-par-les-parents.pdf\" target=\"_blank\" rel=\"noopener\">1-Nouveaux \u00e9l\u00e8ves : Questionnaire de sant\u00e9 \u00e0 remplir et signer par les parents<\/a><\/p>\n<p><a href=\"https:\/\/etab.ac-reunion.fr\/lyc-lepervanche\/wp-content\/uploads\/sites\/17\/2023\/05\/2-Anciens-eleves-Actualisation-questionnaire-sante.pdf\" target=\"_blank\" rel=\"noopener\">2-Anciens \u00e9l\u00e8ves : Actualisation questionnaire de sant\u00e9 \u00e0 remplir et signer par les parents<\/a><\/p>\n<!-- AddThis Advanced Settings generic via filter on the_content --><!-- AddThis Share Buttons generic via filter on the_content -->","protected":false},"excerpt":{"rendered":"<p>Documents obligatoires : 1-Nouveaux \u00e9l\u00e8ves : Questionnaire de sant\u00e9 \u00e0 remplir et signer par les parents 2-Anciens \u00e9l\u00e8ves : Actualisation questionnaire de sant\u00e9 \u00e0 remplir et signer par les parents<!-- AddThis Advanced Settings generic via filter on get_the_excerpt --><!-- AddThis Share Buttons generic via filter on get_the_excerpt --><\/p>\n","protected":false},"author":15058,"featured_media":0,"parent":0,"menu_order":0,"comment_status":"closed","ping_status":"closed","template":"","meta":{"_et_pb_use_builder":"","_et_pb_old_content":"","_et_gb_content_width":"","footnotes":""},"class_list":["post-5035","page","type-page","status-publish","hentry"],"_links":{"self":[{"href":"https:\/\/etab.ac-reunion.fr\/lyc-lepervanche\/wp-json\/wp\/v2\/pages\/5035","targetHints":{"allow":["GET"]}}],"collection":[{"href":"https:\/\/etab.ac-reunion.fr\/lyc-lepervanche\/wp-json\/wp\/v2\/pages"}],"about":[{"href":"https:\/\/etab.ac-reunion.fr\/lyc-lepervanche\/wp-json\/wp\/v2\/types\/page"}],"author":[{"embeddable":true,"href":"https:\/\/etab.ac-reunion.fr\/lyc-lepervanche\/wp-json\/wp\/v2\/users\/15058"}],"replies":[{"embeddable":true,"href":"https:\/\/etab.ac-reunion.fr\/lyc-lepervanche\/wp-json\/wp\/v2\/comments?post=5035"}],"version-history":[{"count":6,"href":"https:\/\/etab.ac-reunion.fr\/lyc-lepervanche\/wp-json\/wp\/v2\/pages\/5035\/revisions"}],"predecessor-version":[{"id":12176,"href":"https:\/\/etab.ac-reunion.fr\/lyc-lepervanche\/wp-json\/wp\/v2\/pages\/5035\/revisions\/12176"}],"wp:attachment":[{"href":"https:\/\/etab.ac-reunion.fr\/lyc-lepervanche\/wp-json\/wp\/v2\/media?parent=5035"}],"curies":[{"name":"wp","href":"https:\/\/api.w.org\/{rel}","templated":true}]}}