{"id":5044,"date":"2018-06-30T16:50:10","date_gmt":"2018-06-30T12:50:10","guid":{"rendered":"http:\/\/lycee-lepervanche.ac-reunion.fr\/?page_id=5044"},"modified":"2020-04-09T14:36:59","modified_gmt":"2020-04-09T10:36:59","slug":"mobilite-enseignante","status":"publish","type":"page","link":"https:\/\/etab.ac-reunion.fr\/lyc-lepervanche\/mobilite-enseignante\/","title":{"rendered":"Mobilit\u00e9 PERSONNELS"},"content":{"rendered":"<h2><a href=\"https:\/\/etab.ac-reunion.fr\/lyc-lepervanche\/wp-content\/uploads\/sites\/17\/2020\/04\/capture_decran_2017-12-20_a_10.48.31.png\"><img loading=\"lazy\" decoding=\"async\" class=\"aligncenter size-full wp-image-6635\" src=\"https:\/\/etab.ac-reunion.fr\/lyc-lepervanche\/wp-content\/uploads\/sites\/17\/2020\/04\/capture_decran_2017-12-20_a_10.48.31.png\" alt=\"\" width=\"600\" height=\"251\" srcset=\"https:\/\/etab.ac-reunion.fr\/lyc-lepervanche\/wp-content\/uploads\/sites\/17\/2020\/04\/capture_decran_2017-12-20_a_10.48.31.png 600w, https:\/\/etab.ac-reunion.fr\/lyc-lepervanche\/wp-content\/uploads\/sites\/17\/2020\/04\/capture_decran_2017-12-20_a_10.48.31-480x201.png 480w\" sizes=\"(min-width: 0px) and (max-width: 480px) 480px, (min-width: 481px) 600px, 100vw\" \/><\/a><\/h2>\n<p>&nbsp;<\/p>\n<h2><\/h2>\n<p>Les mobilit\u00e9s Erasmus+ \u00ab Enseignement scolaire \u00bb permettent des s\u00e9jours d\u2019un minimum de 2 jours cons\u00e9cutifs et jusqu\u2019\u00e0 2 mois, dont l\u2019objectif est l\u2019acquisition de nouvelles comp\u00e9tences et connaissances, de m\u00e9thodes et d\u2019outils par exemple.<\/p>\n<h3><\/h3>\n<h3>Pour quoi faire ?<\/h3>\n<p>Les mobilit\u00e9s Erasmus + permettent de participer \u00e0 :<\/p>\n<ul>\n<li>Des missions d\u2019enseignement dans un \u00e9tablissement scolaire europ\u00e9en partenaire ;<\/li>\n<li>Des p\u00e9riodes de formation (p\u00e9riode d\u2019observation, participation \u00e0 un cours structur\u00e9) dans un \u00e9tablissement scolaire ou tout autre organisme actif dans le champ de l\u2019enseignement scolaire en Europe.<\/li>\n<\/ul>\n<h3><\/h3>\n<h3>Qui peut participer ?<\/h3>\n<p>Les personnels (enseignants, personnels administratifs, personnels de direction, \u2026) des \u00e9tablissements scolaires publics ou priv\u00e9s sous contrat de l\u2019enseignement g\u00e9n\u00e9ral, technique ou professionnel, de la maternelle au lyc\u00e9e ainsi que les personnels d\u2019autorit\u00e9 \u00e9ducative locale (DSDEN, rectorat, DDEC, \u2026) et les personnels des collectivit\u00e9s territoriales en charge des questions scolaires (service \u00e9ducation, service relations internationales).<\/p>\n<p>&nbsp;<\/p>\n<p>&nbsp;<\/p>\n<!-- AddThis Advanced Settings generic via filter on the_content --><!-- AddThis Share Buttons generic via filter on the_content -->","protected":false},"excerpt":{"rendered":"<p>&nbsp; Les mobilit\u00e9s Erasmus+ \u00ab Enseignement scolaire \u00bb permettent des s\u00e9jours d\u2019un minimum de 2 jours cons\u00e9cutifs et jusqu\u2019\u00e0 2 mois, dont l\u2019objectif est l\u2019acquisition de nouvelles comp\u00e9tences et connaissances, de m\u00e9thodes et d\u2019outils par exemple. Pour quoi faire ? Les mobilit\u00e9s Erasmus + permettent de participer \u00e0 : Des missions d\u2019enseignement dans un \u00e9tablissement [&hellip;]<!-- AddThis Advanced Settings generic via filter on get_the_excerpt --><!-- AddThis Share Buttons generic via filter on get_the_excerpt --><\/p>\n","protected":false},"author":15058,"featured_media":0,"parent":0,"menu_order":0,"comment_status":"closed","ping_status":"closed","template":"","meta":{"_et_pb_use_builder":"","_et_pb_old_content":"","_et_gb_content_width":"","footnotes":""},"class_list":["post-5044","page","type-page","status-publish","hentry"],"_links":{"self":[{"href":"https:\/\/etab.ac-reunion.fr\/lyc-lepervanche\/wp-json\/wp\/v2\/pages\/5044","targetHints":{"allow":["GET"]}}],"collection":[{"href":"https:\/\/etab.ac-reunion.fr\/lyc-lepervanche\/wp-json\/wp\/v2\/pages"}],"about":[{"href":"https:\/\/etab.ac-reunion.fr\/lyc-lepervanche\/wp-json\/wp\/v2\/types\/page"}],"author":[{"embeddable":true,"href":"https:\/\/etab.ac-reunion.fr\/lyc-lepervanche\/wp-json\/wp\/v2\/users\/15058"}],"replies":[{"embeddable":true,"href":"https:\/\/etab.ac-reunion.fr\/lyc-lepervanche\/wp-json\/wp\/v2\/comments?post=5044"}],"version-history":[{"count":8,"href":"https:\/\/etab.ac-reunion.fr\/lyc-lepervanche\/wp-json\/wp\/v2\/pages\/5044\/revisions"}],"predecessor-version":[{"id":6644,"href":"https:\/\/etab.ac-reunion.fr\/lyc-lepervanche\/wp-json\/wp\/v2\/pages\/5044\/revisions\/6644"}],"wp:attachment":[{"href":"https:\/\/etab.ac-reunion.fr\/lyc-lepervanche\/wp-json\/wp\/v2\/media?parent=5044"}],"curies":[{"name":"wp","href":"https:\/\/api.w.org\/{rel}","templated":true}]}}

Mobilité PERSONNELS

<h2><a href="https://etab.ac-reunion.fr/lyc-lepervanche/wp-content/uploads/sites/17/2020/04/capture_decran_2017-12-20_a_10.48.31.png"><img loading="lazy" decoding="async" class="aligncenter size-full wp-image-6635" src="https://etab.ac-reunion.fr/lyc-lepervanche/wp-content/uploads/sites/17/2020/04/capture_decran_2017-12-20_a_10.48.31.png" alt="" width="600" height="251" srcset="https://etab.ac-reunion.fr/lyc-lepervanche/wp-content/uploads/sites/17/2020/04/capture_decran_2017-12-20_a_10.48.31.png 600w, https://etab.ac-reunion.fr/lyc-lepervanche/wp-content/uploads/sites/17/2020/04/capture_decran_2017-12-20_a_10.48.31-480x201.png 480w" sizes="(min-width: 0px) and (max-width: 480px) 480px, (min-width: 481px) 600px, 100vw" /></a></h2>
<p>&nbsp;</p>
<h2></h2>
<p>Les mobilités Erasmus+ « Enseignement scolaire » permettent des séjours d’un minimum de 2 jours consécutifs et jusqu’à 2 mois, dont l’objectif est l’acquisition de nouvelles compétences et connaissances, de méthodes et d’outils par exemple.</p>
<h3></h3>
<h3>Pour quoi faire ?</h3>
<p>Les mobilités Erasmus + permettent de participer à :</p>
<ul>
<li>Des missions d’enseignement dans un établissement scolaire européen partenaire ;</li>
<li>Des périodes de formation (période d’observation, participation à un cours structuré) dans un établissement scolaire ou tout autre organisme actif dans le champ de l’enseignement scolaire en Europe.</li>
</ul>
<h3></h3>
<h3>Qui peut participer ?</h3>
<p>Les personnels (enseignants, personnels administratifs, personnels de direction, …) des établissements scolaires publics ou privés sous contrat de l’enseignement général, technique ou professionnel, de la maternelle au lycée ainsi que les personnels d’autorité éducative locale (DSDEN, rectorat, DDEC, …) et les personnels des collectivités territoriales en charge des questions scolaires (service éducation, service relations internationales).</p>
<p>&nbsp;</p>
<p>&nbsp;</p>
<!-- AddThis Advanced Settings generic via filter on the_content --><!-- AddThis Share Buttons generic via filter on the_content -->

<p>&nbsp; Les mobilités Erasmus+ « Enseignement scolaire » permettent des séjours d’un minimum de 2 jours consécutifs et jusqu’à 2 mois, dont l’objectif est l’acquisition de nouvelles compétences et connaissances, de méthodes et d’outils par exemple. Pour quoi faire ? Les mobilités Erasmus + permettent de participer à : Des missions d’enseignement dans un établissement [&hellip;]<!-- AddThis Advanced Settings generic via filter on get_the_excerpt --><!-- AddThis Share Buttons generic via filter on get_the_excerpt --></p>
