{"id":5098,"date":"2018-07-08T10:01:55","date_gmt":"2018-07-08T06:01:55","guid":{"rendered":"http:\/\/lycee-lepervanche.ac-reunion.fr\/?page_id=5098"},"modified":"2022-08-29T11:55:00","modified_gmt":"2022-08-29T07:55:00","slug":"appn-activites-physiques-de-pleine-nature","status":"publish","type":"page","link":"https:\/\/etab.ac-reunion.fr\/lyc-lepervanche\/appn-activites-physiques-de-pleine-nature\/","title":{"rendered":"APPN : Activit\u00e9s Physiques de Pleine Nature"},"content":{"rendered":"<p><a href=\"https:\/\/etab.ac-reunion.fr\/lyc-lepervanche\/wp-content\/uploads\/sites\/17\/2013\/11\/APPN.jpg\"><img loading=\"lazy\" decoding=\"async\" class=\"wp-image-3979 aligncenter\" src=\"https:\/\/etab.ac-reunion.fr\/lyc-lepervanche\/wp-content\/uploads\/sites\/17\/2013\/11\/APPN-300x93.jpg\" alt=\"\" width=\"512\" height=\"159\" srcset=\"https:\/\/etab.ac-reunion.fr\/lyc-lepervanche\/wp-content\/uploads\/sites\/17\/2013\/11\/APPN-300x93.jpg 300w, https:\/\/etab.ac-reunion.fr\/lyc-lepervanche\/wp-content\/uploads\/sites\/17\/2013\/11\/APPN-1024x317.jpg 1024w, https:\/\/etab.ac-reunion.fr\/lyc-lepervanche\/wp-content\/uploads\/sites\/17\/2013\/11\/APPN.jpg 1600w\" sizes=\"(max-width: 512px) 100vw, 512px\" \/><\/a><\/p>\n<a href='https:\/\/etab.ac-reunion.fr\/lyc-lepervanche\/wp-content\/uploads\/sites\/17\/2022\/08\/SORTIE-2022.2023-version-finale-2.pdf' class='small-button smallblue' target=\"_blank\">Sortie 2022.2023<\/a>\n<p>Les activit\u00e9s physiques de pleine nature permettent de vivre pleinement des exp\u00e9riences individuelles et collectives.<\/p>\n<p>Qu&rsquo;il s&rsquo;agisse d&rsquo;EPS ou de sport scolaire, la possibilit\u00e9 de pratiquer en pleine nature est une libert\u00e9 que l&rsquo;\u00c9cole doit encourager d\u00e8s le plus jeune \u00e2ge.<\/p>\n<p>La montagne, la mer, les for\u00eats, les cours d&rsquo;eau, les grands espaces sont de merveilleux terrains d&rsquo;apprentissage de la ma\u00eetrise des risques et de l&rsquo;autonomie, mais aussi d&rsquo;\u00e9panouissement, d&rsquo;entraide et d&rsquo;\u00e9motions partag\u00e9es, \u00e0 condition que les exp\u00e9riences qu&rsquo;offrent les APPN soient os\u00e9es avec le minimum de risques objectifs et r\u00e9alis\u00e9es avec le maximum de s\u00e9curit\u00e9.<\/p>\n<p>&nbsp;<\/p>\n<p>Pour la ministre de l&rsquo;\u00e9ducation nationale, de l&rsquo;enseignement sup\u00e9rieur et de la recherche<br \/>\net par d\u00e9l\u00e9gation,<br \/>\nLa directrice g\u00e9n\u00e9rale de l&rsquo;enseignement scolaire,<br \/>\nFlorence Robine<\/p>\n<p>&nbsp;<\/p>\n<p>&nbsp;<\/p>\n\n\t\t<style type=\"text\/css\">\n\t\t\t#gallery-1 {\n\t\t\t\tmargin: auto;\n\t\t\t}\n\t\t\t#gallery-1 .gallery-item {\n\t\t\t\tfloat: left;\n\t\t\t\tmargin-top: 10px;\n\t\t\t\ttext-align: center;\n\t\t\t\twidth: 33%;\n\t\t\t}\n\t\t\t#gallery-1 img {\n\t\t\t\tborder: 2px solid #cfcfcf;\n\t\t\t}\n\t\t\t#gallery-1 .gallery-caption {\n\t\t\t\tmargin-left: 0;\n\t\t\t}\n\t\t\t\/* see gallery_shortcode() in wp-includes\/media.php *\/\n\t\t<\/style>\n\t\t<div id='gallery-1' class='gallery galleryid-5098 gallery-columns-3 gallery-size-thumbnail'><dl class='gallery-item'>\n\t\t\t<dt class='gallery-icon portrait'>\n\t\t\t\t<a href='https:\/\/etab.ac-reunion.fr\/lyc-lepervanche\/appn-activites-physiques-de-pleine-nature\/voile-2\/'><img loading=\"lazy\" decoding=\"async\" width=\"150\" height=\"150\" src=\"https:\/\/etab.ac-reunion.fr\/lyc-lepervanche\/wp-content\/uploads\/sites\/17\/2020\/03\/voile-2-150x150.jpg\" class=\"attachment-thumbnail size-thumbnail\" alt=\"\" \/><\/a>\n\t\t\t<\/dt><\/dl><dl class='gallery-item'>\n\t\t\t<dt class='gallery-icon landscape'>\n\t\t\t\t<a href='https:\/\/etab.ac-reunion.fr\/lyc-lepervanche\/appn-activites-physiques-de-pleine-nature\/rando\/'><img loading=\"lazy\" decoding=\"async\" width=\"150\" height=\"150\" src=\"https:\/\/etab.ac-reunion.fr\/lyc-lepervanche\/wp-content\/uploads\/sites\/17\/2020\/03\/rando-150x150.jpg\" class=\"attachment-thumbnail size-thumbnail\" alt=\"\" \/><\/a>\n\t\t\t<\/dt><\/dl><dl class='gallery-item'>\n\t\t\t<dt class='gallery-icon landscape'>\n\t\t\t\t<a href='https:\/\/etab.ac-reunion.fr\/lyc-lepervanche\/appn-activites-physiques-de-pleine-nature\/voile\/'><img loading=\"lazy\" decoding=\"async\" width=\"150\" height=\"150\" src=\"https:\/\/etab.ac-reunion.fr\/lyc-lepervanche\/wp-content\/uploads\/sites\/17\/2020\/03\/voile-150x150.jpg\" class=\"attachment-thumbnail size-thumbnail\" alt=\"\" \/><\/a>\n\t\t\t<\/dt><\/dl><br style=\"clear: both\" \/>\n\t\t<\/div>\n\n<!-- AddThis Advanced Settings generic via filter on the_content --><!-- AddThis Share Buttons generic via filter on the_content -->","protected":false},"excerpt":{"rendered":"<p>Les activit\u00e9s physiques de pleine nature permettent de vivre pleinement des exp\u00e9riences individuelles et collectives. Qu&rsquo;il s&rsquo;agisse d&rsquo;EPS ou de sport scolaire, la possibilit\u00e9 de pratiquer en pleine nature est une libert\u00e9 que l&rsquo;\u00c9cole doit encourager d\u00e8s le plus jeune \u00e2ge. La montagne, la mer, les for\u00eats, les cours d&rsquo;eau, les grands espaces sont de [&hellip;]<!-- AddThis Advanced Settings generic via filter on get_the_excerpt --><!-- AddThis Share Buttons generic via filter on get_the_excerpt --><\/p>\n","protected":false},"author":15058,"featured_media":0,"parent":0,"menu_order":0,"comment_status":"closed","ping_status":"closed","template":"","meta":{"_et_pb_use_builder":"","_et_pb_old_content":"","_et_gb_content_width":"","footnotes":""},"class_list":["post-5098","page","type-page","status-publish","hentry"],"_links":{"self":[{"href":"https:\/\/etab.ac-reunion.fr\/lyc-lepervanche\/wp-json\/wp\/v2\/pages\/5098","targetHints":{"allow":["GET"]}}],"collection":[{"href":"https:\/\/etab.ac-reunion.fr\/lyc-lepervanche\/wp-json\/wp\/v2\/pages"}],"about":[{"href":"https:\/\/etab.ac-reunion.fr\/lyc-lepervanche\/wp-json\/wp\/v2\/types\/page"}],"author":[{"embeddable":true,"href":"https:\/\/etab.ac-reunion.fr\/lyc-lepervanche\/wp-json\/wp\/v2\/users\/15058"}],"replies":[{"embeddable":true,"href":"https:\/\/etab.ac-reunion.fr\/lyc-lepervanche\/wp-json\/wp\/v2\/comments?post=5098"}],"version-history":[{"count":14,"href":"https:\/\/etab.ac-reunion.fr\/lyc-lepervanche\/wp-json\/wp\/v2\/pages\/5098\/revisions"}],"predecessor-version":[{"id":10911,"href":"https:\/\/etab.ac-reunion.fr\/lyc-lepervanche\/wp-json\/wp\/v2\/pages\/5098\/revisions\/10911"}],"wp:attachment":[{"href":"https:\/\/etab.ac-reunion.fr\/lyc-lepervanche\/wp-json\/wp\/v2\/media?parent=5098"}],"curies":[{"name":"wp","href":"https:\/\/api.w.org\/{rel}","templated":true}]}}