{"id":6798,"date":"2020-05-06T20:09:24","date_gmt":"2020-05-06T16:09:24","guid":{"rendered":"http:\/\/lycee-lepervanche.ac-reunion.fr\/?page_id=6798"},"modified":"2024-02-29T15:14:57","modified_gmt":"2024-02-29T11:14:57","slug":"presentation-des-formations","status":"publish","type":"page","link":"https:\/\/etab.ac-reunion.fr\/lyc-lepervanche\/presentation-des-formations\/","title":{"rendered":"Pr\u00e9sentation des formations VIDEO et PLAQUETTE"},"content":{"rendered":"<p style=\"text-align: center\"><a href=\"https:\/\/www.youtube.com\/watch?v=JYV4_2fhm1k\" target=\"_blank\" rel=\"noopener\">VIDEO : Promotion des formations au LP L\u00e9pervanche<\/a><\/p>\n<p><a href=\"https:\/\/etab.ac-reunion.fr\/lyc-lepervanche\/wp-content\/uploads\/sites\/17\/2024\/02\/Formations-2024-2025.jpg\"><img loading=\"lazy\" decoding=\"async\" class=\"aligncenter size-full wp-image-12861\" src=\"https:\/\/etab.ac-reunion.fr\/lyc-lepervanche\/wp-content\/uploads\/sites\/17\/2024\/02\/Formations-2024-2025.jpg\" alt=\"\" width=\"1275\" height=\"1650\" srcset=\"https:\/\/etab.ac-reunion.fr\/lyc-lepervanche\/wp-content\/uploads\/sites\/17\/2024\/02\/Formations-2024-2025.jpg 1275w, https:\/\/etab.ac-reunion.fr\/lyc-lepervanche\/wp-content\/uploads\/sites\/17\/2024\/02\/Formations-2024-2025-980x1268.jpg 980w, https:\/\/etab.ac-reunion.fr\/lyc-lepervanche\/wp-content\/uploads\/sites\/17\/2024\/02\/Formations-2024-2025-480x621.jpg 480w\" sizes=\"(min-width: 0px) and (max-width: 480px) 480px, (min-width: 481px) and (max-width: 980px) 980px, (min-width: 981px) 1275px, 100vw\" \/><\/a><\/p>\n<p>&nbsp;<\/p>\n<p>&nbsp;<\/p>\n<p><a href=\"https:\/\/etab.ac-reunion.fr\/lyc-lepervanche\/wp-content\/uploads\/sites\/17\/2024\/02\/Formations-2024-2025-17-12-23-1.pdf\" target=\"_blank\" rel=\"noopener\">T\u00e9l\u00e9chargement de la PLAQUETTE FORMATIONS Lepervanche <\/a><\/p>\n<!-- AddThis Advanced Settings generic via filter on the_content --><!-- AddThis Share Buttons generic via filter on the_content -->","protected":false},"excerpt":{"rendered":"<p>VIDEO : Promotion des formations au LP L\u00e9pervanche &nbsp; &nbsp; T\u00e9l\u00e9chargement de la PLAQUETTE FORMATIONS Lepervanche<!-- AddThis Advanced Settings generic via filter on get_the_excerpt --><!-- AddThis Share Buttons generic via filter on get_the_excerpt --><\/p>\n","protected":false},"author":15058,"featured_media":0,"parent":0,"menu_order":0,"comment_status":"closed","ping_status":"closed","template":"","meta":{"_et_pb_use_builder":"","_et_pb_old_content":"","_et_gb_content_width":"","footnotes":""},"class_list":["post-6798","page","type-page","status-publish","hentry"],"_links":{"self":[{"href":"https:\/\/etab.ac-reunion.fr\/lyc-lepervanche\/wp-json\/wp\/v2\/pages\/6798","targetHints":{"allow":["GET"]}}],"collection":[{"href":"https:\/\/etab.ac-reunion.fr\/lyc-lepervanche\/wp-json\/wp\/v2\/pages"}],"about":[{"href":"https:\/\/etab.ac-reunion.fr\/lyc-lepervanche\/wp-json\/wp\/v2\/types\/page"}],"author":[{"embeddable":true,"href":"https:\/\/etab.ac-reunion.fr\/lyc-lepervanche\/wp-json\/wp\/v2\/users\/15058"}],"replies":[{"embeddable":true,"href":"https:\/\/etab.ac-reunion.fr\/lyc-lepervanche\/wp-json\/wp\/v2\/comments?post=6798"}],"version-history":[{"count":8,"href":"https:\/\/etab.ac-reunion.fr\/lyc-lepervanche\/wp-json\/wp\/v2\/pages\/6798\/revisions"}],"predecessor-version":[{"id":12862,"href":"https:\/\/etab.ac-reunion.fr\/lyc-lepervanche\/wp-json\/wp\/v2\/pages\/6798\/revisions\/12862"}],"wp:attachment":[{"href":"https:\/\/etab.ac-reunion.fr\/lyc-lepervanche\/wp-json\/wp\/v2\/media?parent=6798"}],"curies":[{"name":"wp","href":"https:\/\/api.w.org\/{rel}","templated":true}]}}