{"id":2,"date":"2018-05-02T11:29:20","date_gmt":"2018-05-02T10:29:20","guid":{"rendered":"http:\/\/wpetab.ac-reunion.fr\/mahatma-gandhi\/?page_id=2"},"modified":"2025-11-01T08:52:13","modified_gmt":"2025-11-01T07:52:13","slug":"formations","status":"publish","type":"page","link":"https:\/\/etab.ac-reunion.fr\/lyc-mahatma-gandhi\/formations\/","title":{"rendered":"Formations"},"content":{"rendered":"<p><span style=\"color: #00ccff\"><span style=\"font-size: x-large\">Les Classes<\/span><\/span> \n\t\t\t<div class='tabs-left et_sliderfx_fade et_sliderauto_false et_sliderauto_speed_5000 et_slidertype_left_tabs clearfix'>\n\t\t\t\t<div class='et_left_tabs_bg'><\/div>\n\t\t\t\t<ul class='et-tabs-control'>\n\t\t\t<li><a href='#'>\n\t\t\t<h2>Seconde<\/h2>\n\t\t<\/a><\/li>\n\t\t<li><a href='#'>\n\t\t\t<h2>Premi\u00e8re<\/h2>\n\t\t<\/a><\/li>\n\t\t<li><a href='#'>\n\t\t\t<h2>Terminale<\/h2>\n\t\t<\/a><\/li>\n\t\t<li><a href='#'>\n\t\t\t<h2>BTS<\/h2>\n\t\t<\/a><\/li>\n\t\t<\/ul> <!-- .et-tabs-control -->\n\t\t<div class='et-tabs-content'>\n\t\t\t<div class='et-tabs-content-main-wrap'>\n\t\t\t\t<div class='et-tabs-content-wrapper'>\n\t\t\t\t\t<div class='et_slidecontent'>\n\t\t\t<ul>\n<li>Seconde<\/li>\n<li>Seconde BACHIBAC<\/li>\n<li>Seconde section europ\u00e9enne anglais<\/li>\n<li>Seconde section europ\u00e9enne espagnol<\/li>\n<\/ul>\n\t\t<\/div>\n\t\t<div class='et_slidecontent'>\n\t\t\t<ul>\n<li>Premi\u00e8re G\u00e9n\u00e9rale<\/li>\n<li>Premi\u00e8re G\u00e9n\u00e9rale BACHIBAC<\/li>\n<li>Premi\u00e8re G\u00e9n\u00e9rale section europ\u00e9enne anglais<\/li>\n<li>Premi\u00e8re G\u00e9n\u00e9rale section europ\u00e9enne espagnol<\/li>\n<li>Premi\u00e8re STMG<\/li>\n<li>Premi\u00e8re ST2S<\/li>\n<\/ul>\n\t\t<\/div>\n\t\t<div class='et_slidecontent'>\n\t\t\t<ul>\n<li>Terminale G\u00e9n\u00e9rale<\/li>\n<li>Terminale G\u00e9n\u00e9rale BACHIBAC<\/li>\n<li>Terminale G\u00e9n\u00e9rale section europ\u00e9enne anglais<\/li>\n<li>Terminale G\u00e9n\u00e9rale section europ\u00e9enne espagnol<\/li>\n<li>Terminale STMG<\/li>\n<li>Terminale ST2S<\/li>\n<\/ul>\n\t\t<\/div>\n\t\t<div class='et_slidecontent'>\n\t\t\t<ul>\n<li style=\"list-style-type: none\">\n<ul>\n<li>AG Gestion PME<\/li>\n<\/ul>\n<\/li>\n<\/ul>\n\t\t<\/div>\n\t\t\t\t<\/div>\n\t\t\t<\/div>\n\t\t<\/div>\n\t\t\t<\/div> <!-- .tabs-left -->\n","protected":false},"excerpt":{"rendered":"<p>Les Classes<\/p>\n","protected":false},"author":9714,"featured_media":0,"parent":0,"menu_order":0,"comment_status":"open","ping_status":"open","template":"page-full.php","meta":{"footnotes":""},"class_list":["post-2","page","type-page","status-publish","hentry"],"_links":{"self":[{"href":"https:\/\/etab.ac-reunion.fr\/lyc-mahatma-gandhi\/wp-json\/wp\/v2\/pages\/2","targetHints":{"allow":["GET"]}}],"collection":[{"href":"https:\/\/etab.ac-reunion.fr\/lyc-mahatma-gandhi\/wp-json\/wp\/v2\/pages"}],"about":[{"href":"https:\/\/etab.ac-reunion.fr\/lyc-mahatma-gandhi\/wp-json\/wp\/v2\/types\/page"}],"author":[{"embeddable":true,"href":"https:\/\/etab.ac-reunion.fr\/lyc-mahatma-gandhi\/wp-json\/wp\/v2\/users\/9714"}],"replies":[{"embeddable":true,"href":"https:\/\/etab.ac-reunion.fr\/lyc-mahatma-gandhi\/wp-json\/wp\/v2\/comments?post=2"}],"version-history":[{"count":49,"href":"https:\/\/etab.ac-reunion.fr\/lyc-mahatma-gandhi\/wp-json\/wp\/v2\/pages\/2\/revisions"}],"predecessor-version":[{"id":6860,"href":"https:\/\/etab.ac-reunion.fr\/lyc-mahatma-gandhi\/wp-json\/wp\/v2\/pages\/2\/revisions\/6860"}],"wp:attachment":[{"href":"https:\/\/etab.ac-reunion.fr\/lyc-mahatma-gandhi\/wp-json\/wp\/v2\/media?parent=2"}],"curies":[{"name":"wp","href":"https:\/\/api.w.org\/{rel}","templated":true}]}}