{"id":262,"date":"2017-12-05T10:32:14","date_gmt":"2017-12-05T09:32:14","guid":{"rendered":"http:\/\/lycee-nord.ac-reunion.fr\/?page_id=262"},"modified":"2025-09-23T09:08:17","modified_gmt":"2025-09-23T07:08:17","slug":"web-radio","status":"publish","type":"page","link":"https:\/\/etab.ac-reunion.fr\/lyc-memona-hintermann-affejee\/web-radio\/","title":{"rendered":"Web Radio du Lyc\u00e9e Polyvalent Nord"},"content":{"rendered":"<p>[et_pb_section fb_built=\u00a0\u00bb1&Prime; admin_label=\u00a0\u00bbsection\u00a0\u00bb _builder_version=\u00a0\u00bb4.16&Prime; global_colors_info=\u00a0\u00bb{}\u00a0\u00bb][et_pb_row admin_label=\u00a0\u00bbrow\u00a0\u00bb _builder_version=\u00a0\u00bb4.16&Prime; background_size=\u00a0\u00bbinitial\u00a0\u00bb background_position=\u00a0\u00bbtop_left\u00a0\u00bb background_repeat=\u00a0\u00bbrepeat\u00a0\u00bb global_colors_info=\u00a0\u00bb{}\u00a0\u00bb][et_pb_column type=\u00a0\u00bb4_4&Prime; _builder_version=\u00a0\u00bb4.16&Prime; custom_padding=\u00a0\u00bb|||\u00a0\u00bb global_colors_info=\u00a0\u00bb{}\u00a0\u00bb custom_padding__hover=\u00a0\u00bb|||\u00a0\u00bb][et_pb_text admin_label=\u00a0\u00bbText\u00a0\u00bb _builder_version=\u00a0\u00bb4.27.4&Prime; background_size=\u00a0\u00bbinitial\u00a0\u00bb background_position=\u00a0\u00bbtop_left\u00a0\u00bb background_repeat=\u00a0\u00bbrepeat\u00a0\u00bb hover_enabled=\u00a0\u00bb0&Prime; global_colors_info=\u00a0\u00bb{}\u00a0\u00bb sticky_enabled=\u00a0\u00bb0&Prime;]<\/p>\n<p><img loading=\"lazy\" decoding=\"async\" class=\"wp-image-445 alignnone size-full\" src=\"https:\/\/etab.ac-reunion.fr\/lyc-memona-hintermann-affejee\/wp-content\/uploads\/sites\/154\/2017\/12\/LogoRadio.jpg\" alt=\"\" width=\"665\" height=\"584\" srcset=\"https:\/\/etab.ac-reunion.fr\/lyc-memona-hintermann-affejee\/wp-content\/uploads\/sites\/154\/2017\/12\/LogoRadio.jpg 665w, https:\/\/etab.ac-reunion.fr\/lyc-memona-hintermann-affejee\/wp-content\/uploads\/sites\/154\/2017\/12\/LogoRadio-50x44.jpg 50w, https:\/\/etab.ac-reunion.fr\/lyc-memona-hintermann-affejee\/wp-content\/uploads\/sites\/154\/2017\/12\/LogoRadio-300x263.jpg 300w\" sizes=\"(max-width: 665px) 100vw, 665px\" \/><\/p>\n<p>Bienvenue sur la web radio du lyc\u00e9e Polyvalent Nord !<\/p>\n<p style=\"text-align: justify\">Cette radio est une radio p\u00e9dagogique. Son but est d&rsquo;initier les \u00e9l\u00e8ves du lyc\u00e9e aux m\u00e9dias, de leur permettre de \u00ab\u00a0construire\u00a0\u00bb une information et de la diffuser sous forme de podcasts (enregistrements sonores). Ce m\u00e9dia est donc un outils de formation mais aussi d&rsquo;expression pour les \u00e9l\u00e8ves dans le respect de tous. C&rsquo;est \u00e9galement et surtout un outils d&rsquo;engagement qui permet aux \u00e9l\u00e8ves de sensibiliser chacun d&rsquo;entre-nous sur les probl\u00e8mes majeurs de notre \u00e9poque comme le d\u00e9veloppement durable, la diffusion des savoirs, l&rsquo;\u00e9ducation, la sant\u00e9, le savoir vivre etc&#8230;En cela, la radio participe au parcours citoyen des lyc\u00e9ens et contribue \u00e0 en faire des adultes responsables et agissants.<\/p>\n<p>Vous pouvez \u00e9couter les podcast en les choisissant dans la liste ci-apr\u00e8s ou \u00e9couter la radio en streaming en cliquant sur le lien :<\/p>\n<p><a href=\"http:\/\/92.130.233.56:10667\/stream\"><img loading=\"lazy\" decoding=\"async\" class=\"wp-image-10525  aligncenter\" src=\"https:\/\/etab.ac-reunion.fr\/lyc-memona-hintermann-affejee\/wp-content\/uploads\/sites\/154\/2025\/09\/BoutonMHA2-600x600.jpg\" alt=\"\" width=\"419\" height=\"419\" \/><\/a><\/p>\n<p>Bonne \u00e9coute !<\/p>\n<p>Johann RENARD<br \/>Professeur documentaliste<\/p>\n<p>&nbsp;<\/p>\n<p>[\/et_pb_text][et_pb_divider color=\u00a0\u00bb#E02B20&Prime; divider_weight=\u00a0\u00bb5px\u00a0\u00bb _builder_version=\u00a0\u00bb4.27.4&Prime; _module_preset=\u00a0\u00bbdefault\u00a0\u00bb global_colors_info=\u00a0\u00bb{}\u00a0\u00bb][\/et_pb_divider][et_pb_blog fullwidth=\u00a0\u00bboff\u00a0\u00bb include_categories=\u00a0\u00bb15&Prime; show_comments=\u00a0\u00bbon\u00a0\u00bb _builder_version=\u00a0\u00bb4.16&Prime; pagination_font_size_tablet=\u00a0\u00bb51&Prime; pagination_line_height_tablet=\u00a0\u00bb2&Prime; global_colors_info=\u00a0\u00bb{}\u00a0\u00bb][\/et_pb_blog][\/et_pb_column][\/et_pb_row][\/et_pb_section]<\/p>\n","protected":false},"excerpt":{"rendered":"<p>Bienvenue sur la web radio du lyc\u00e9e Polyvalent Nord ! Cette radio est une radio p\u00e9dagogique. Son but est d&rsquo;initier les \u00e9l\u00e8ves du lyc\u00e9e aux m\u00e9dias, de leur permettre de [&hellip;]<\/p>\n","protected":false},"author":1337,"featured_media":260,"parent":0,"menu_order":0,"comment_status":"closed","ping_status":"closed","template":"","meta":{"_et_pb_use_builder":"on","_et_pb_old_content":"La web radio du lyc\u00e9e Nord.","_et_gb_content_width":"","footnotes":""},"class_list":["post-262","page","type-page","status-publish","has-post-thumbnail","hentry"],"_links":{"self":[{"href":"https:\/\/etab.ac-reunion.fr\/lyc-memona-hintermann-affejee\/wp-json\/wp\/v2\/pages\/262","targetHints":{"allow":["GET"]}}],"collection":[{"href":"https:\/\/etab.ac-reunion.fr\/lyc-memona-hintermann-affejee\/wp-json\/wp\/v2\/pages"}],"about":[{"href":"https:\/\/etab.ac-reunion.fr\/lyc-memona-hintermann-affejee\/wp-json\/wp\/v2\/types\/page"}],"author":[{"embeddable":true,"href":"https:\/\/etab.ac-reunion.fr\/lyc-memona-hintermann-affejee\/wp-json\/wp\/v2\/users\/1337"}],"replies":[{"embeddable":true,"href":"https:\/\/etab.ac-reunion.fr\/lyc-memona-hintermann-affejee\/wp-json\/wp\/v2\/comments?post=262"}],"version-history":[{"count":64,"href":"https:\/\/etab.ac-reunion.fr\/lyc-memona-hintermann-affejee\/wp-json\/wp\/v2\/pages\/262\/revisions"}],"predecessor-version":[{"id":10587,"href":"https:\/\/etab.ac-reunion.fr\/lyc-memona-hintermann-affejee\/wp-json\/wp\/v2\/pages\/262\/revisions\/10587"}],"wp:featuredmedia":[{"embeddable":true,"href":"https:\/\/etab.ac-reunion.fr\/lyc-memona-hintermann-affejee\/wp-json\/wp\/v2\/media\/260"}],"wp:attachment":[{"href":"https:\/\/etab.ac-reunion.fr\/lyc-memona-hintermann-affejee\/wp-json\/wp\/v2\/media?parent=262"}],"curies":[{"name":"wp","href":"https:\/\/api.w.org\/{rel}","templated":true}]}}