{"id":2,"date":"2016-02-05T08:45:11","date_gmt":"2016-02-05T07:45:11","guid":{"rendered":"http:\/\/wpetab.ac-reunion.fr\/paul-langevin\/?page_id=2"},"modified":"2022-11-25T05:21:38","modified_gmt":"2022-11-25T04:21:38","slug":"formations","status":"publish","type":"page","link":"https:\/\/etab.ac-reunion.fr\/lyc-paul-langevin\/formations\/","title":{"rendered":"Les Formations"},"content":{"rendered":"<p>Voici les formations propos\u00e9es par le LP Paul Langevin<\/p>\n<p>BEP\/CAP<\/p>\n<p>Menuiserie\/Bois<\/p>\n<div class=\"su-spoiler su-spoiler-style-default su-spoiler-icon-plus su-spoiler-closed\" data-scroll-offset=\"0\" data-anchor-in-url=\"no\"><div class=\"su-spoiler-title\" tabindex=\"0\" role=\"button\"><span class=\"su-spoiler-icon\"><\/span>Menuiserie\/Bois<\/div><div class=\"su-spoiler-content su-u-clearfix su-u-trim\">MF : Le titulaire de ce dipl\u00f4me peut travailler au sein d&rsquo;une entreprise de menuiserie, d&rsquo;agencement ou de production de mobilier. En atelier, il fabrique principalement, \u00e0 l&rsquo;unit\u00e9 ou en s\u00e9rie, des fen\u00eatres, des volets, des portes, des placards et autres meubles en bois ou en mat\u00e9riaux d\u00e9riv\u00e9s, pouvant inclure des composants en verre ou en mat\u00e9riaux de synth\u00e8se. Il assure le suivi de la fabrication, le contr\u00f4le qualit\u00e9 des produits et la maintenance des machines et outils. Sur le chantier, le travail se limite \u00e0 la pose du mobilier. Le menuisier doit cependant organiser et s\u00e9curiser son intervention, puis trier et faire \u00e9vacuer les d\u00e9chets.<\/div><\/div>\n<div class=\"su-spoiler su-spoiler-style-default su-spoiler-icon-arrow su-spoiler-closed\" data-scroll-offset=\"0\" data-anchor-in-url=\"no\"><div class=\"su-spoiler-title\" tabindex=\"0\" role=\"button\"><span class=\"su-spoiler-icon\"><\/span>Menuiserie\/Bois<\/div><div class=\"su-spoiler-content su-u-clearfix su-u-trim\">MF : Le titulaire de ce dipl\u00f4me peut travailler au sein d&rsquo;une entreprise de menuiserie, d&rsquo;agencement ou de production de mobilier. En atelier, il fabrique principalement, \u00e0 l&rsquo;unit\u00e9 ou en s\u00e9rie, des fen\u00eatres, des volets, des portes, des placards et autres meubles en bois ou en mat\u00e9riaux d\u00e9riv\u00e9s, pouvant inclure des composants en verre ou en mat\u00e9riaux de synth\u00e8se. Il assure le suivi de la fabrication, le contr\u00f4le qualit\u00e9 des produits et la maintenance des machines et outils. Sur le chantier, le travail se limite \u00e0 la pose du mobilier. Le menuisier doit cependant organiser et s\u00e9curiser son intervention, puis trier et faire \u00e9vacuer les d\u00e9chets.<\/div><\/div>\n","protected":false},"excerpt":{"rendered":"<p>Voici les formations propos\u00e9es par le LP Paul Langevin BEP\/CAP Menuiserie\/Bois<\/p>\n<p class=\"continue-reading-button\"> <a class=\"continue-reading-link\" href=\"https:\/\/etab.ac-reunion.fr\/lyc-paul-langevin\/formations\/\">Lire la suite&#8230;<i class=\"crycon-right-dir\"><\/i><\/a><\/p>\n","protected":false},"author":10917,"featured_media":0,"parent":0,"menu_order":0,"comment_status":"closed","ping_status":"closed","template":"","meta":{"footnotes":""},"class_list":["post-2","page","type-page","status-publish","hentry"],"_links":{"self":[{"href":"https:\/\/etab.ac-reunion.fr\/lyc-paul-langevin\/wp-json\/wp\/v2\/pages\/2","targetHints":{"allow":["GET"]}}],"collection":[{"href":"https:\/\/etab.ac-reunion.fr\/lyc-paul-langevin\/wp-json\/wp\/v2\/pages"}],"about":[{"href":"https:\/\/etab.ac-reunion.fr\/lyc-paul-langevin\/wp-json\/wp\/v2\/types\/page"}],"author":[{"embeddable":true,"href":"https:\/\/etab.ac-reunion.fr\/lyc-paul-langevin\/wp-json\/wp\/v2\/users\/10917"}],"replies":[{"embeddable":true,"href":"https:\/\/etab.ac-reunion.fr\/lyc-paul-langevin\/wp-json\/wp\/v2\/comments?post=2"}],"version-history":[{"count":5,"href":"https:\/\/etab.ac-reunion.fr\/lyc-paul-langevin\/wp-json\/wp\/v2\/pages\/2\/revisions"}],"predecessor-version":[{"id":2908,"href":"https:\/\/etab.ac-reunion.fr\/lyc-paul-langevin\/wp-json\/wp\/v2\/pages\/2\/revisions\/2908"}],"wp:attachment":[{"href":"https:\/\/etab.ac-reunion.fr\/lyc-paul-langevin\/wp-json\/wp\/v2\/media?parent=2"}],"curies":[{"name":"wp","href":"https:\/\/api.w.org\/{rel}","templated":true}]}}