{"id":287309,"date":"2024-06-25T07:46:20","date_gmt":"2024-06-25T03:46:20","guid":{"rendered":"https:\/\/etab.ac-reunion.fr\/lyc-paul-moreau\/?page_id=287309"},"modified":"2026-04-25T23:50:40","modified_gmt":"2026-04-25T19:50:40","slug":"demande-daide-financiere","status":"publish","type":"page","link":"https:\/\/etab.ac-reunion.fr\/lyc-paul-moreau\/demande-daide-financiere\/","title":{"rendered":"Demande d&rsquo;aide financi\u00e8re"},"content":{"rendered":"\n<p>Pour les familles qui \u00e9prouvent des difficult\u00e9s financi\u00e8res pour accompagner la scolarit\u00e9 de leurs enfants, il existe deux types d&rsquo;aide :<\/p>\n\n\n\n<ul class=\"wp-block-list\">\n<li>le fonds social lyc\u00e9en pour aider \u00e0 l&rsquo;achat de fournitures scolaire, d&rsquo;\u00e9quipement de sport, de v\u00eatements &#8230;<\/li>\n\n\n\n<li>le fonds social des cantines pour aider \u00e0 r\u00e9gler le solde de la facture de restauration (cantine) et d&rsquo;h\u00e9bergement (internat)<\/li>\n<\/ul>\n\n\n\n<p>Ces aides sont doivent permettre aux \u00e9l\u00e8ves de poursuivre leur scolarit\u00e9 dans de bonnes conditions mat\u00e9rielles. La d\u00e9marche entreprise par les familles est confidentielle. Mme Chane-Wa\u00ef, assistante de service social en faveur des \u00e9l\u00e8ve, reste disponible pour renseigner et accompagner les familles. Les dossiers de demandes de fonds sociaux sont instruits par l&rsquo;assistante sociale avant le passage en commission.<\/p>\n\n\n\n<p>Pour une demande d&rsquo;aide financi\u00e8re t\u00e9l\u00e9charger et compl\u00e9ter le formulaire ci-dessous. Celui-ci est \u00e0 d\u00e9poser au bureau de l&rsquo;assistante sociale accompagn\u00e9 des pi\u00e8ces justificatives.<\/p>\n\n\n\n<div data-wp-interactive=\"core\/file\" class=\"wp-block-file\"><object data-wp-bind--hidden=\"!state.hasPdfPreview\" hidden class=\"wp-block-file__embed\" data=\"https:\/\/etab.ac-reunion.fr\/lyc-paul-moreau\/wp-content\/uploads\/sites\/54\/2024\/06\/Formulaire-demande-daide-financiere.pdf\" type=\"application\/pdf\" style=\"width:100%;height:600px\" aria-label=\"Contenu embarqu\u00e9 Formulaire-demande-daide-financiere.\"><\/object><a id=\"wp-block-file--media-bda6f641-795e-48e8-987c-601dd53d4b96\" href=\"https:\/\/etab.ac-reunion.fr\/lyc-paul-moreau\/wp-content\/uploads\/sites\/54\/2024\/06\/Formulaire-demande-daide-financiere.pdf\">Formulaire-demande-daide-financiere<\/a><a href=\"https:\/\/etab.ac-reunion.fr\/lyc-paul-moreau\/wp-content\/uploads\/sites\/54\/2024\/06\/Formulaire-demande-daide-financiere.pdf\" class=\"wp-block-file__button wp-element-button\" download aria-describedby=\"wp-block-file--media-bda6f641-795e-48e8-987c-601dd53d4b96\">T\u00e9l\u00e9charger<\/a><\/div>\n<!-- AddThis Advanced Settings generic via filter on the_content --><!-- AddThis Share Buttons generic via filter on the_content -->","protected":false},"excerpt":{"rendered":"<p>Pour les familles qui \u00e9prouvent des difficult\u00e9s financi\u00e8res pour accompagner la scolarit\u00e9 de leurs enfants, il existe deux types d&rsquo;aide : Ces aides sont doivent permettre aux \u00e9l\u00e8ves de poursuivre leur scolarit\u00e9 dans de bonnes conditions mat\u00e9rielles. La d\u00e9marche entreprise par les familles est confidentielle. Mme Chane-Wa\u00ef, assistante de service social en faveur des \u00e9l\u00e8ve, [&hellip;]<!-- AddThis Advanced Settings generic via filter on get_the_excerpt --><!-- AddThis Share Buttons generic via filter on get_the_excerpt --><\/p>\n","protected":false},"author":863,"featured_media":0,"parent":0,"menu_order":0,"comment_status":"closed","ping_status":"closed","template":"","meta":{"footnotes":""},"class_list":["post-287309","page","type-page","status-publish","hentry"],"_links":{"self":[{"href":"https:\/\/etab.ac-reunion.fr\/lyc-paul-moreau\/wp-json\/wp\/v2\/pages\/287309","targetHints":{"allow":["GET"]}}],"collection":[{"href":"https:\/\/etab.ac-reunion.fr\/lyc-paul-moreau\/wp-json\/wp\/v2\/pages"}],"about":[{"href":"https:\/\/etab.ac-reunion.fr\/lyc-paul-moreau\/wp-json\/wp\/v2\/types\/page"}],"author":[{"embeddable":true,"href":"https:\/\/etab.ac-reunion.fr\/lyc-paul-moreau\/wp-json\/wp\/v2\/users\/863"}],"replies":[{"embeddable":true,"href":"https:\/\/etab.ac-reunion.fr\/lyc-paul-moreau\/wp-json\/wp\/v2\/comments?post=287309"}],"version-history":[{"count":3,"href":"https:\/\/etab.ac-reunion.fr\/lyc-paul-moreau\/wp-json\/wp\/v2\/pages\/287309\/revisions"}],"predecessor-version":[{"id":287839,"href":"https:\/\/etab.ac-reunion.fr\/lyc-paul-moreau\/wp-json\/wp\/v2\/pages\/287309\/revisions\/287839"}],"wp:attachment":[{"href":"https:\/\/etab.ac-reunion.fr\/lyc-paul-moreau\/wp-json\/wp\/v2\/media?parent=287309"}],"curies":[{"name":"wp","href":"https:\/\/api.w.org\/{rel}","templated":true}]}}