{"id":287470,"date":"2024-09-19T18:14:03","date_gmt":"2024-09-19T14:14:03","guid":{"rendered":"https:\/\/etab.ac-reunion.fr\/lyc-paul-moreau\/?page_id=287470"},"modified":"2026-01-21T10:20:53","modified_gmt":"2026-01-21T06:20:53","slug":"taxe-dapprentissage","status":"publish","type":"page","link":"https:\/\/etab.ac-reunion.fr\/lyc-paul-moreau\/taxe-dapprentissage\/","title":{"rendered":"Taxe d&rsquo;apprentissage"},"content":{"rendered":"\n<p class=\"has-text-align-center\"><strong>PARTICIPER A LA REUSSITE DES ELEVES DES FILIERES PROFESSIONNELLES ET TECHNOLOGIQUES DU LYCEE PAUL MOREAU&nbsp;!<\/strong><\/p>\n\n\n\n<p>En 2023, les modalit\u00e9s de la taxe d\u2019apprentissage sont inchang\u00e9es.<\/p>\n\n\n\n<!--more-->\n\n\n<p style=\"text-align: center\">\n<a href=\"https:\/\/etab.ac-reunion.fr\/lyc-paul-moreau\/wp-content\/uploads\/sites\/54\/2026\/01\/bordereau-versement-t.a-2023-2.pdf\" class=\"su-button su-button-style-default\" style=\"color:#FFFFFF;background-color:#2D89EF;border-color:#246ec0;border-radius:5px\" target=\"_self\" rel=\"lightbox\"><span style=\"color:#FFFFFF;padding:6px 16px;font-size:13px;line-height:20px;border-color:#6cadf4;border-radius:5px;text-shadow:none\"><i class=\"sui sui-hand-o-right\" style=\"font-size:13px;color:#FFFFFF\"><\/i> T\u00e9l\u00e9chargez le bordereau de versement de la TA 2023<\/span><\/a>\n\n\n<div class=\"wp-block-image\">\n<figure class=\"alignright size-large is-resized\"><img loading=\"lazy\" decoding=\"async\" width=\"323\" height=\"215\" src=\"https:\/\/etab.ac-reunion.fr\/lyc-paul-moreau\/wp-content\/uploads\/sites\/54\/2021\/03\/taxe-d-apprentissage-campagne-2021.jpg\" alt=\"\" class=\"wp-image-285427\" style=\"width:227px;height:151px\" srcset=\"https:\/\/etab.ac-reunion.fr\/lyc-paul-moreau\/wp-content\/uploads\/sites\/54\/2021\/03\/taxe-d-apprentissage-campagne-2021.jpg 323w, https:\/\/etab.ac-reunion.fr\/lyc-paul-moreau\/wp-content\/uploads\/sites\/54\/2021\/03\/taxe-d-apprentissage-campagne-2021-300x200.jpg 300w, https:\/\/etab.ac-reunion.fr\/lyc-paul-moreau\/wp-content\/uploads\/sites\/54\/2021\/03\/taxe-d-apprentissage-campagne-2021-140x94.jpg 140w\" sizes=\"auto, (max-width: 323px) 100vw, 323px\" \/><\/figure>\n<\/div>\n\n\n<p>Le taux global de calcul est de 0,68% de la masse salariale des entreprises concern\u00e9es par la TA et se divise en 2 parts:<\/p>\n\n\n\n<ul class=\"wp-block-list\">\n<li>une part de 87% vers\u00e9e aux OPCO (ex OPCA) pour financer l\u2019apprentissage<\/li>\n\n\n\n<li>une part de 13%, anciennement appel\u00e9e \u00ab&nbsp;part hors quota&nbsp;\u00bb et dite \u00e0 pr\u00e9sent \u00ab<em>Solde de la taxe d\u2019apprentissage<\/em>\u00bb pour financer les formations professionnelles et technologiques au choix de l\u2019entreprise<\/li>\n<\/ul>\n\n\n\n<p>Pour b\u00e9n\u00e9ficier de la TA au titre des 13%, l\u2019\u00e9tablissement d\u2019enseignement professionnel et technologique doit avoir ses formations professionnelles et technologiques inscrites sur une liste des formations \u00e9ligibles qui est arr\u00eat\u00e9e chaque ann\u00e9e par le minist\u00e8re de l\u2019int\u00e9rieur.<\/p>\n\n\n\n<p>En 2023, comme les pr\u00e9c\u00e9dentes ann\u00e9es, les formations professionnelles et technologiques du lyc\u00e9e Paul Moreau sont \u00e9ligibles \u00e0 la TA.<\/p>\n\n\n\n<p>Nous remercions tout d\u2019abord les chefs d\u2019entreprises qui ont vers\u00e9 de la TA au LPM en 2022 et nous les encourageons \u00e0 renouveler leur participation \u00e0 la r\u00e9ussite de nos jeunes des fili\u00e8res professionnelles et technologiques.<\/p>\n\n\n\n<p>Nous appelons ensuite les autres chefs d\u2019entreprises \u00e0 les suivre et \u00e0 verser tout ou partie des 13% de la taxe d\u2019apprentissage au lyc\u00e9e Paul Moreau pour nous aider \u00e0 dynamiser et \u00e0 d\u00e9velopper la qualit\u00e9 de la formation des jeunes de nos formations<\/p>\n\n\n\n<ul class=\"wp-block-list\">\n<li>CAP\n<ul class=\"wp-block-list\">\n<li>INSTALLATEUR FROID ET CONDITIONNEMENT D\u2019AIR<\/li>\n\n\n\n<li>MACON<\/li>\n\n\n\n<li>MONTEUR en INSTALLATIONS SANITAIRES<\/li>\n\n\n\n<li>PEINTRE APPLICATEUR DE REVETEMENT<\/li>\n<\/ul>\n<\/li>\n<\/ul>\n\n\n\n<ul class=\"wp-block-list\">\n<li>BAC PRO<ul><li>TECHNICIEN D&rsquo;ETUDES DU BATIMENT OPTION A ETUDE ET ECONOMIE<\/li><li>TECHNICIEN D&rsquo;ETUDES DU BATIMENT OPTION B ASSIST. ARCHITECTURE<\/li><li>TECHNICIEN BAT : ORG. REAL GROS \u0152UVRE<\/li><\/ul>\n<ul class=\"wp-block-list\">\n<li>TECHNICIEN GEOMETRE TOPOGRAPHE<\/li>\n\n\n\n<li>AMENAGEMENT ET FINITIONS DU BATIMENT<\/li>\n\n\n\n<li>INSTALLATEUR EN CHAUFFAGE, CLIMATISATION ET ENERGIES RENOUVELABLES<\/li>\n\n\n\n<li>MAINTENANCE ET EFFICACITE ENERGETIQUE<\/li>\n<\/ul>\n<\/li>\n<\/ul>\n\n\n\n<ul class=\"wp-block-list\">\n<li>BAC TECHNO\n<ul class=\"wp-block-list\">\n<li>ARCHITECTURE CONSTRUCTION<\/li>\n\n\n\n<li>ENERGIES ET ENVIRONNEMENT<\/li>\n<\/ul>\n<\/li>\n<\/ul>\n\n\n\n<ul class=\"wp-block-list\">\n<li>BTS\n<ul class=\"wp-block-list\">\n<li>MANAGEMENT ECONOMIQUE DE LA CONSTRUCTION<\/li>\n\n\n\n<li>ETUDES ET REALISATION D\u2019AGENCEMENT (EX AGENCEMENT DE L\u2019ENVIRONNEMENT ARCHITECTURAL)<\/li>\n<\/ul>\n<\/li>\n<\/ul>\n\n\n\n<p>Grace \u00e0 votre TA, notre lyc\u00e9e pourra doter les sections professionnelles et technologiques cit\u00e9es, d\u2019\u00e9quipements didactiques modernes, de mat\u00e9riels et de logiciels informatiques performants, acheter des mat\u00e9riaux et consommables de qualit\u00e9, renouveler les outillages nombreux et co\u00fbteux.<\/p>\n\n\n\n<p>Par ce moyen nous pouvons former des jeunes professionnels et techniciens dans les meilleures conditions et les armer \u00e0 s\u2019ins\u00e9rer plus facilement dans la vie professionnelle mais aussi les encourager \u00e0 poursuivre des \u00e9tudes sup\u00e9rieures aussi bien apr\u00e8s leur BAC PRO que leur BTS.<\/p>\n\n\n\n<p>Alors n\u2019h\u00e9sitez pas et rejoignez notre projet de r\u00e9ussite p\u00e9dagogique et professionnelle en versant la taxe d\u2019apprentissage \u00e0 notre lyc\u00e9e.<\/p>\n\n\n\n<p>Pour cela, il suffit de compl\u00e9ter le bordereau de versement de la TA 2023 et de le renvoyer par email au service gestion du lyc\u00e9e&nbsp;: <\/p>\n\n\n<p style=\"text-align: center\">\n<a href=\"mailto:gestion.9741051z@ac-reunion.fr\" class=\"su-button su-button-style-default\" style=\"color:#FFFFFF;background-color:#2D89EF;border-color:#246ec0;border-radius:5px\" target=\"_self\" rel=\"lightbox\"><span style=\"color:#FFFFFF;padding:6px 16px;font-size:13px;line-height:20px;border-color:#6cadf4;border-radius:5px;text-shadow:none\"><i class=\"sui sui-hand-o-right\" style=\"font-size:13px;color:#FFFFFF\"><\/i> gestion.9741051z@ac-reunion.fr<\/span><\/a>\n\n\n\n<p>puis de verser cette taxe, soit par ch\u00e8que soit par virement bancaire selon les consignes indiqu\u00e9es sur le bordereau.<\/p>\n\n\n\n<p>D\u00e8s constatation de votre r\u00e8glement, le service gestion du lyc\u00e9e transmettra un re\u00e7u fiscal lib\u00e9ratoire aupr\u00e8s des services fiscaux.<\/p>\n\n\n\n<p>Vous remerciant par avance pour votre contribution dans cet enjeu majeur de la formation et de l\u2019insertion professionnelles des jeunes des voies professionnelles et technologiques.<\/p>\n\n\n\n<p class=\"has-text-align-right\">La Proviseure<\/p>\n\n\n<p style=\"text-align: center\">\n<a href=\"https:\/\/etab.ac-reunion.fr\/lyc-paul-moreau\/wp-content\/uploads\/sites\/54\/2023\/02\/bordereau-versement-t.a-2023.pdf\" class=\"su-button su-button-style-default\" style=\"color:#FFFFFF;background-color:#2D89EF;border-color:#246ec0;border-radius:5px\" target=\"_self\" rel=\"lightbox\"><span style=\"color:#FFFFFF;padding:6px 16px;font-size:13px;line-height:20px;border-color:#6cadf4;border-radius:5px;text-shadow:none\"><i class=\"sui sui-hand-o-right\" style=\"font-size:13px;color:#FFFFFF\"><\/i> T\u00e9l\u00e9chargez le bordereau de versement de la TA 2023<\/span><\/a>\n\n\n\n<p><\/p>\n<!-- AddThis Advanced Settings generic via filter on the_content --><!-- AddThis Share Buttons generic via filter on the_content -->","protected":false},"excerpt":{"rendered":"<p>PARTICIPER A LA REUSSITE DES ELEVES DES FILIERES PROFESSIONNELLES ET TECHNOLOGIQUES DU LYCEE PAUL MOREAU&nbsp;! En 2023, les modalit\u00e9s de la taxe d\u2019apprentissage sont inchang\u00e9es.<!-- AddThis Advanced Settings generic via filter on get_the_excerpt --><!-- AddThis Share Buttons generic via filter on get_the_excerpt --><\/p>\n","protected":false},"author":863,"featured_media":0,"parent":0,"menu_order":0,"comment_status":"closed","ping_status":"closed","template":"page-full.php","meta":{"footnotes":""},"class_list":["post-287470","page","type-page","status-publish","hentry"],"_links":{"self":[{"href":"https:\/\/etab.ac-reunion.fr\/lyc-paul-moreau\/wp-json\/wp\/v2\/pages\/287470","targetHints":{"allow":["GET"]}}],"collection":[{"href":"https:\/\/etab.ac-reunion.fr\/lyc-paul-moreau\/wp-json\/wp\/v2\/pages"}],"about":[{"href":"https:\/\/etab.ac-reunion.fr\/lyc-paul-moreau\/wp-json\/wp\/v2\/types\/page"}],"author":[{"embeddable":true,"href":"https:\/\/etab.ac-reunion.fr\/lyc-paul-moreau\/wp-json\/wp\/v2\/users\/863"}],"replies":[{"embeddable":true,"href":"https:\/\/etab.ac-reunion.fr\/lyc-paul-moreau\/wp-json\/wp\/v2\/comments?post=287470"}],"version-history":[{"count":3,"href":"https:\/\/etab.ac-reunion.fr\/lyc-paul-moreau\/wp-json\/wp\/v2\/pages\/287470\/revisions"}],"predecessor-version":[{"id":287772,"href":"https:\/\/etab.ac-reunion.fr\/lyc-paul-moreau\/wp-json\/wp\/v2\/pages\/287470\/revisions\/287772"}],"wp:attachment":[{"href":"https:\/\/etab.ac-reunion.fr\/lyc-paul-moreau\/wp-json\/wp\/v2\/media?parent=287470"}],"curies":[{"name":"wp","href":"https:\/\/api.w.org\/{rel}","templated":true}]}}