{"id":8166,"date":"2014-02-17T13:17:53","date_gmt":"2014-02-17T09:17:53","guid":{"rendered":"http:\/\/lycee-bpanon.ac-reunion.fr\/?page_id=8166"},"modified":"2024-11-13T07:43:34","modified_gmt":"2024-11-13T03:43:34","slug":"le-c-d-i","status":"publish","type":"page","link":"https:\/\/etab.ac-reunion.fr\/lyc-paul-moreau\/letablissement__trashed\/le-c-d-i\/","title":{"rendered":"Le C.D.I."},"content":{"rendered":"\n<p><b>Bonjour \u00e0 tous et bonne ann\u00e9e scolaire avec le CDI (<\/b>sur <a href=\"http:\/\/9741051z.esidoc.fr\/\" target=\"_blank\" rel=\"noopener noreferrer\">e-sidoc)<\/a><\/p>\n\n\n<div class=\"su-accordion su-u-trim\">\n<div class=\"su-spoiler su-spoiler-style-fancy su-spoiler-icon-arrow\" data-scroll-offset=\"0\" data-anchor-in-url=\"no\"><div class=\"su-spoiler-title\" tabindex=\"0\" role=\"button\"><span class=\"su-spoiler-icon\"><\/span>Fonctionnement<\/div><div class=\"su-spoiler-content su-u-clearfix su-u-trim\">\n<p>Le CDI con\u00e7u pour tous les membres de la collectivit\u00e9, a pour r\u00f4le :<\/p>\n<ul>\n<li>d\u2019enrichir vos r\u00e9flexions<\/li>\n<li>de faciliter vos recherches<\/li>\n<li>de vous offrir une lecture d\u00e9tente<\/li>\n<\/ul>\n<p>La documentaliste et son assistante peuvent vous apporter une aide :<\/p>\n<ul>\n<li>Pour rep\u00e9rer vos besoins en ressources documentaires (livres, revues, c\u00e9d\u00e9roms, vid\u00e9o\u2026)<\/li>\n<li>Pour cerner au mieux un sujet d\u2019expos\u00e9 ou de th\u00e8me et s\u00e9lectionner les recherches dans le cadre des consignes des professeurs<\/li>\n<\/ul>\n<p>Mais vous pouvez aussi venir POUR LE PLAISIR (livres, revues, magazines\u2026).<\/p>\n<p>Le CDI comprend :<\/p>\n<ul>\n<li><b>Un espace lecture<\/b> loisirs regroupant les romans, la presse, les BD.<\/li>\n<li><b>un espace documentaire<\/b> regroupant les manuels scolaires, livres documentaires, usuels, c\u00e9d\u00e9rom et DVD.<\/li>\n<\/ul>\n<p>Le CDI se compose de :<\/p>\n<ul>\n<li><b>10 312 documents<\/b> tous supports, fictions et documentaires.<\/li>\n<li><b>27 abonnements<\/b> \u00e0 des p\u00e9riodiques divers<\/li>\n<\/ul>\n<\/div><\/div>\n<div class=\"su-spoiler su-spoiler-style-fancy su-spoiler-icon-arrow su-spoiler-closed\" data-scroll-offset=\"0\" data-anchor-in-url=\"no\"><div class=\"su-spoiler-title\" tabindex=\"0\" role=\"button\"><span class=\"su-spoiler-icon\"><\/span>Les horaires<\/div><div class=\"su-spoiler-content su-u-clearfix su-u-trim\">\n<h3>Le CDI est ouvert le:<\/h3>\n<ul>\n<li>lundi, mardi, jeudi, vendredi de <b>7h30 \u00e0 12h<\/b> et <b>12h30 \u00e0 17h <\/b><\/li>\n<li>mercredi de <b>7h30 \u00e0 12h<\/b>.<\/li>\n<\/ul>\n<\/div><\/div>\n<div class=\"su-spoiler su-spoiler-style-fancy su-spoiler-icon-arrow su-spoiler-closed\" data-scroll-offset=\"0\" data-anchor-in-url=\"no\"><div class=\"su-spoiler-title\" tabindex=\"0\" role=\"button\"><span class=\"su-spoiler-icon\"><\/span>Le rangement<\/div><div class=\"su-spoiler-content su-u-clearfix su-u-trim\">\n<h3>Comment les livres sont-ils rang\u00e9s ?<\/h3>\n<p>Les romans sont rang\u00e9s par ordre alphab\u00e9tique selon les trois premi\u00e8res lettres du nom de l\u2019auteur.<br \/>\nEx : Si le nom de l\u2019auteur de votre livre est Jean Paul SARTRE, vous chercherez alors parmi les livres les 3 premi\u00e8res lettres du nom de l\u2019auteur: ici il s\u2019agit de SAR.<br \/>\nLes romans policiers et ceux de sciences fiction sont regroup\u00e9s ainsi que les \u0153uvres de po\u00e9sie et de th\u00e9\u00e2tre.<br \/>\nUne cote pr\u00e9cise la nature du livre, c\u2019est \u00e0 dire :<\/p>\n<ul>\n<li>AR : Auteur r\u00e9unionnais<\/li>\n<li>C : Conte<\/li>\n<li>E : Essai<\/li>\n<li>N : Nouvelle<\/li>\n<li>P : Po\u00e9sie<\/li>\n<li>R : Roman<\/li>\n<li>T : Th\u00e9\u00e2tre<\/li>\n<li>M: Manga BD: bande dessin\u00e9e<\/li>\n<\/ul>\n<p>Les livres documentaires sont rang\u00e9s par la classification DEWEY qui comprend 10 classes:<\/p>\n<div><img decoding=\"async\" class=\"aligncenter\" src=\"http:\/\/moncdivirtuel.free.fr\/recherche_documentaire\/documents\/files\/dewey.png\" alt=\"\" width=\"500\" border=\"0\" \/><\/div>\n<\/div><\/div>\n<div class=\"su-spoiler su-spoiler-style-fancy su-spoiler-icon-arrow su-spoiler-closed\" data-scroll-offset=\"0\" data-anchor-in-url=\"no\"><div class=\"su-spoiler-title\" tabindex=\"0\" role=\"button\"><span class=\"su-spoiler-icon\"><\/span>Les pr\u00eats<\/div><div class=\"su-spoiler-content su-u-clearfix su-u-trim\">\n<h3><b>Gestion des pr\u00eats<\/b><\/h3>\n<p>Les \u00e9l\u00e8ves et tous les personnels de l\u2019\u00e9tablissement peuvent emprunter des documents au CDI.<br \/>\nLes op\u00e9rations de pr\u00eat, de consultation et de recherche documentaire (logiciel BCDI6 ) sont informatis\u00e9es.<\/p>\n<h3><b>Dur\u00e9e des pr\u00eats<\/b><\/h3>\n<ul>\n<li>Livres (sauf ceux portant la mention \u00abexclu du pr\u00eat\u00bb) et revues ( cf. liste des abonnements dans le classeur \u00abCDI\u00bb de la salle des professeurs): 21 jours<\/li>\n<li>DVD et CD-Rom : ne peuvent \u00eatre pr\u00eat\u00e9s (sauf exception aux professeurs)<\/li>\n<li>Affichage des infos CDI sur panneau CDI et classeur CDI \u00e0 la disposition des professeurs (liste des ressources et des nouveaut\u00e9s mises en service)<\/li>\n<\/ul>\n<h3><strong>Quels sont les documents que vous pouvez emprunter?<\/strong><\/h3>\n<p>Si vous d\u00e9sirez emprunter un livre ou une revue, il vous suffit d\u2019enregistrer le pr\u00eat aupr\u00e8s de l\u2019\u00e9quipe du CDI. S\u2019il s\u2019agit de c\u00e9d\u00e9rom ou vid\u00e9o, seule la communaut\u00e9 adulte peut les emprunter.<\/p>\n<\/div><\/div>\n<div class=\"su-spoiler su-spoiler-style-fancy su-spoiler-icon-arrow su-spoiler-closed\" data-scroll-offset=\"0\" data-anchor-in-url=\"no\"><div class=\"su-spoiler-title\" tabindex=\"0\" role=\"button\"><span class=\"su-spoiler-icon\"><\/span>Les services<\/div><div class=\"su-spoiler-content su-u-clearfix su-u-trim\">\n<h3>Quels sont les services qui vous sont offerts?<\/h3>\n<ul>\n<li>Pr\u00eat de documents<\/li>\n<li>Recherche documentaire sur le fonds du CDI avec le logiciel BCDI6<\/li>\n<li>Lecteur de DVD<\/li>\n<li><b>Internet <\/b>: Les usagers du lyc\u00e9e ont la possibilit\u00e9 d\u2019utiliser Internet au CDI pour des recherches \u00e9ducatives mais il est toujours demand\u00e9 une premi\u00e8re recherche documentaire pour cerner au mieux le sujet et \u00e9viter une perte de temps en consultation trop large sur Internet.<\/li>\n<\/ul>\n<p>La charte de fonctionnement est \u00e0 lire au CDI avant toute inscription \u00e0 une recherche et toute connexion.<\/p>\n<\/div><\/div>\n<div class=\"su-spoiler su-spoiler-style-fancy su-spoiler-icon-arrow su-spoiler-closed\" data-scroll-offset=\"0\" data-anchor-in-url=\"no\"><div class=\"su-spoiler-title\" tabindex=\"0\" role=\"button\"><span class=\"su-spoiler-icon\"><\/span>Le r\u00e8glement int\u00e9rieur<\/div><div class=\"su-spoiler-content su-u-clearfix su-u-trim\">\n<p>Le CDI est un lieu ouvert \u00e0 tous.<\/p>\n<ul>\n<li>Le silence doit \u00eatre respect\u00e9<\/li>\n<li>Il est interdit de boire et de manger dans le CDI<\/li>\n<li>Tout \u00e9l\u00e8ve qui perturbera le bon fonctionnement du CDI sera exclu de celui-ci<\/li>\n<li>Le carnet de liaison sera demand\u00e9 pour tout type de pr\u00eat<\/li>\n<li>Le pr\u00eat sera suspendu pour les \u00e9l\u00e8ves qui n\u2019auront pas rendu leurs livres apr\u00e8s 3 rappels<\/li>\n<li>Les devoirs se font en \u00e9tude sauf s&rsquo;ils n\u00e9cessitent l&rsquo;usage de documents du CDI ou de l&rsquo;ordinateur.<\/li>\n<\/ul>\n<p>Il est demand\u00e9 de:<\/p>\n<ul>\n<li>d\u00e9poser les sacs \u00e0 l\u2019entr\u00e9e<\/li>\n<li>se munir du n\u00e9cessaire pour travailler<\/li>\n<li>S\u2019inscrire sur le cahier de pr\u00e9sence<\/li>\n<li>\u00c9viter les d\u00e9placements en cours d\u2019heure<\/li>\n<li>Respecter la <a href=\"https:\/\/etab.ac-reunion.fr\/lyc-paul-moreau\/charte-de-linformatique\/\" target=\"_blank\" rel=\"noopener\">charte de fonctionnement pour l\u2019utilisation d\u2019Internet<\/a><\/li>\n<\/ul>\n<\/div><\/div>\n<\/div>\n\n\n\n<h2 class=\"wp-block-heading\">Contact :<\/h2>\n\n\n\n<h2 class=\"wp-block-heading\">La documentaliste, Tel: 02 62 51 60 68<\/h2>\n<!-- AddThis Advanced Settings generic via filter on the_content --><!-- AddThis Share Buttons generic via filter on the_content -->","protected":false},"excerpt":{"rendered":"<p>Bonjour \u00e0 tous et bonne ann\u00e9e scolaire avec le CDI (sur e-sidoc) Contact : La documentaliste, Tel: 02 62 51 60 68<!-- AddThis Advanced Settings generic via filter on get_the_excerpt --><!-- AddThis Share Buttons generic via filter on get_the_excerpt --><\/p>\n","protected":false},"author":863,"featured_media":0,"parent":40,"menu_order":0,"comment_status":"closed","ping_status":"closed","template":"page-full.php","meta":{"footnotes":""},"class_list":["post-8166","page","type-page","status-publish","hentry"],"_links":{"self":[{"href":"https:\/\/etab.ac-reunion.fr\/lyc-paul-moreau\/wp-json\/wp\/v2\/pages\/8166","targetHints":{"allow":["GET"]}}],"collection":[{"href":"https:\/\/etab.ac-reunion.fr\/lyc-paul-moreau\/wp-json\/wp\/v2\/pages"}],"about":[{"href":"https:\/\/etab.ac-reunion.fr\/lyc-paul-moreau\/wp-json\/wp\/v2\/types\/page"}],"author":[{"embeddable":true,"href":"https:\/\/etab.ac-reunion.fr\/lyc-paul-moreau\/wp-json\/wp\/v2\/users\/863"}],"replies":[{"embeddable":true,"href":"https:\/\/etab.ac-reunion.fr\/lyc-paul-moreau\/wp-json\/wp\/v2\/comments?post=8166"}],"version-history":[{"count":17,"href":"https:\/\/etab.ac-reunion.fr\/lyc-paul-moreau\/wp-json\/wp\/v2\/pages\/8166\/revisions"}],"predecessor-version":[{"id":287463,"href":"https:\/\/etab.ac-reunion.fr\/lyc-paul-moreau\/wp-json\/wp\/v2\/pages\/8166\/revisions\/287463"}],"up":[{"embeddable":true,"href":"https:\/\/etab.ac-reunion.fr\/lyc-paul-moreau\/wp-json\/wp\/v2\/pages\/40"}],"wp:attachment":[{"href":"https:\/\/etab.ac-reunion.fr\/lyc-paul-moreau\/wp-json\/wp\/v2\/media?parent=8166"}],"curies":[{"name":"wp","href":"https:\/\/api.w.org\/{rel}","templated":true}]}}