{"id":83792,"date":"2014-05-08T07:17:58","date_gmt":"2014-05-08T03:17:58","guid":{"rendered":"http:\/\/lycee-bpanon.ac-reunion.fr\/?page_id=83792"},"modified":"2020-08-25T10:08:27","modified_gmt":"2020-08-25T06:08:27","slug":"les-missions-de-linfirmiere","status":"publish","type":"page","link":"https:\/\/etab.ac-reunion.fr\/lyc-paul-moreau\/letablissement__trashed\/infirmerie\/les-missions-de-linfirmiere\/","title":{"rendered":"Les missions de l&rsquo;infirmi\u00e8re"},"content":{"rendered":"<h4>Accueillir et accompagner les \u00e9l\u00e8ves<\/h4>\n<p>L\u2019infirmi\u00e8re accueille tous les \u00e9l\u00e8ves qui la sollicitent pour quelque motif que ce soit, y compris d&rsquo;ordre relationnel ou psychologique, d\u00e8s lors qu&rsquo;il y a une incidence sur leur sant\u00e9, leur scolarit\u00e9 ou leur vie sociale.<br \/>\nApr\u00e8s un entretien personnalis\u00e9, l&rsquo;\u00e9l\u00e8ve peut exprimer une demande, un malaise, une souffrance en toute confidentialit\u00e9. Elle \u00e9value la situation, pose un diagnostic infirmier et met une d\u00e9marche de soin en place et si n\u00e9cessaire oriente vers la famille, le m\u00e9decin, une association, l&rsquo;assistante sociale, le CPE\u2026 Elle donne des conseils et des informations en mati\u00e8re de sant\u00e9. Elle accueille \u00e9galement les parents.<\/p>\n<h4>Organiser les urgences et les soins<\/h4>\n<p>Elle peut \u00eatre jointe aux heures d&rsquo;ouverture de l&rsquo;infirmerie au 0262.51.51.38 ou en interne au poste 338. L\u2019infirmi\u00e8re \u00e9value le degr\u00e9 de gravit\u00e9, donne les premiers soins en se r\u00e9f\u00e9rant au protocole national sur l&rsquo;organisation des soins et des urgences dans les \u00e9tablissements scolaires (BO du 6 janvier 2000).<br \/>\nSi besoin, elle fait appel au SAMU. Elle pr\u00e9vient les parents et le proviseur du lyc\u00e9e.<br \/>\nElle applique les traitements m\u00e9dicaux prescrits par le m\u00e9decin de l&rsquo;\u00e9l\u00e8ve pour ceux qui pr\u00e9sentent une pathologie chronique dans le cadre d&rsquo;un PAI (projet d&rsquo;accueil individualis\u00e9). Des traitements d&rsquo;urgence sont \u00e9galement d\u00e9pos\u00e9s \u00e0 l&rsquo;infirmerie en d\u00e9but d&rsquo;ann\u00e9e par les \u00e9l\u00e8ves qui ont un traitement ponctuel. Elle peut donner quelques m\u00e9dicaments pr\u00e9vus dans le protocole de sa propre initiative.<br \/>\nA cet effet, elle tient \u00e0 jour les fiches d&rsquo;urgence et les questionnaires m\u00e9dicaux remplis par les parents et les copies des carnets de vaccinations.<\/p>\n<h4>Organiser un suivi infirmier<\/h4>\n<p>Dans le second degr\u00e9 le suivi infirmier est effectu\u00e9 \u00e0 la demande de l&rsquo;\u00e9quipe \u00e9ducative, des parents, de l&rsquo;\u00e9l\u00e8ve lui-m\u00eame, de l&rsquo;infirmi\u00e8re, du m\u00e9decin scolaire &#8230; afin de rep\u00e9rer les difficult\u00e9s \u00e9ventuelles de sant\u00e9 ou les \u00e9l\u00e8ves fragilis\u00e9s.<br \/>\nIl comprend :<br \/>\n\u2022\u00a0\u00a0 \u00a0l&rsquo;entretien avec l&rsquo;\u00e9l\u00e8ve<br \/>\n\u2022\u00a0\u00a0 \u00a0les examens biom\u00e9triques<br \/>\n\u2022\u00a0\u00a0 \u00a0le d\u00e9pistage des troubles sensoriels<br \/>\n\u2022\u00a0\u00a0 \u00a0la v\u00e9rification des vaccinations<br \/>\n\u2022\u00a0\u00a0 \u00a0participe \u00e0 la visite m\u00e9dicale des sections professionnelles<\/p>\n<h4>D\u00e9velopper une dynamique d&rsquo;\u00e9ducation \u00e0 la sant\u00e9<\/h4>\n<p>Les actions d&rsquo;\u00e9ducation \u00e0 la sant\u00e9 visent \u00e0 rendre l&rsquo;\u00e9l\u00e8ve responsable, autonome et acteur de pr\u00e9vention.<br \/>\nLes conseils et informations sont dispens\u00e9s aux \u00e9l\u00e8ves lors des passages \u00e0 l&rsquo;infirmerie, lors d&rsquo;actions collectives en direction d&rsquo;un groupe d&rsquo;\u00e9l\u00e8ves sur leur demande ou celle d&rsquo;un enseignant, qui a pu identifier un probl\u00e8me de sant\u00e9 dans la classe (consommation d&rsquo;alcool, de stup\u00e9fiants\u2026) ou dans le cadre d&rsquo;un cours (\u00e9ducation \u00e0 la sexualit\u00e9\u2026) ou \u00e0 partir des directives nationales.<br \/>\nC&rsquo;est dans le cadre d\u2019un Comit\u00e9 d&rsquo;Education \u00e0 la Sant\u00e9 et \u00e0 la Citoyennet\u00e9 (CESC), que sont organis\u00e9es des actions de pr\u00e9vention en direction des \u00e9l\u00e8ves. Ce comit\u00e9 est compos\u00e9 de personnels du lyc\u00e9e (proviseur ou proviseur-adjoint, enseignants, CPE, assistante sociale, infirmi\u00e8re, m\u00e9decin scolaire, \u00e9l\u00e8ves\u2026) et de partenaires ext\u00e9rieurs (parents d&rsquo;\u00e9l\u00e8ves, institutions, associations, CPAM, gendarmerie,\u2026). Tout nouveau membre est le bienvenu.<br \/>\nLe CESC a pour mission de contribuer \u00e0 la mise en place de l&rsquo;Education \u00e0 la citoyennet\u00e9 dans l&rsquo;\u00e9tablissement en rendant l&rsquo;\u00e9l\u00e8ve responsable, autonome et acteur de pr\u00e9vention, d&rsquo;organiser la pr\u00e9vention des d\u00e9pendances, des conduites \u00e0 risque et de la violence dans le cadre du projet d&rsquo;\u00e9tablissement, d&rsquo;assurer le suivi des jeunes dans et hors l&rsquo;\u00e9cole : le CESC permet aux membres de la communaut\u00e9 \u00e9ducative de prendre en charge les probl\u00e8mes en concertation, de faire appel aux comp\u00e9tences de personnels sp\u00e9cialis\u00e9s en interne (m\u00e9decin, infirmi\u00e8re, assistante sociale, CPE\u2026) ou \u00e0 des relais ext\u00e9rieurs, de venir en aide aux \u00e9l\u00e8ves manifestant des signes inqui\u00e9tant de mal \u00eatre : usage de produits licites ou illicites, absent\u00e9isme, d\u00e9sinvestissement scolaire, repli sur soi, conduites suicidaires\u2026,de renforcer les liens avec les familles, d&rsquo;apporter un appui aux acteurs de la lutte contre l&rsquo;exclusion en renfor\u00e7ant les liens entre l&rsquo;\u00e9tablissement, les parents les plus en difficult\u00e9 et les autres partenaires concern\u00e9s.<\/p>\n<h4>Mettre en place des actions permettant d&rsquo;am\u00e9liorer la qualit\u00e9 de vie des \u00e9l\u00e8ves en mati\u00e8re d&rsquo;hygi\u00e8ne, de s\u00e9curit\u00e9 et d&rsquo;ergonomie<\/h4>\n<p>L\u2019infirmi\u00e8re fait partie du CHSCT (Comit\u00e9 d&rsquo;Hygi\u00e8ne et de S\u00e9curit\u00e9 et des Conditions de Travail) et participe aux r\u00e9unions au sein de l&rsquo;\u00e9tablissement. Elle a un r\u00f4le de conseill\u00e8re.<\/p>\n<h4>Mettre en place des dispositifs adapt\u00e9s en cas d&rsquo;\u00e9v\u00e9nements graves survenant dans la communaut\u00e9 scolaire<\/h4>\n<p>L\u2019infirmi\u00e8re assure une assistance imm\u00e9diate aux victimes ou t\u00e9moins d&rsquo;\u00e9v\u00e9nements traumatisants survenus chez un \u00e9l\u00e8ve ou un groupe d&rsquo;\u00e9l\u00e8ves. Elle collabore \u00e0 la mise en place de cellule d&rsquo;\u00e9coute ou de crise avec le m\u00e9decin scolaire, le psychologue &#8230;<\/p>\n<h4>Agir en cas de maladies transmissibles survenues en milieu scolaire<\/h4>\n<p>L\u2019infirmi\u00e8re collabore \u00e0 la mise en place des mesures prophylactiques de protection individuelle ou collective sur avis du m\u00e9decin et avec le chef d&rsquo;\u00e9tablissement.<\/p>\n<h4>Intervenir en urgence aupr\u00e8s d&rsquo;enfants ou d&rsquo;adolescents en danger<\/h4>\n<p>L\u2019infirmi\u00e8re doit aider les enseignants \u00e0 rep\u00e9rer les \u00e9l\u00e8ves en situation de risque ou de danger et mettre en \u0153uvre toutes les mesures pour assurer la protection des \u00e9l\u00e8ves. Dans ce cadre, elle travaille en \u00e9troite collaboration avec l&rsquo;assistante sociale et le m\u00e9decin scolaire.<\/p>\n<h4>Contribuer \u00e0 l&rsquo;int\u00e9gration scolaire des enfants et adolescents atteints de handicap<\/h4>\n<p>L\u2019infirmi\u00e8re participe \u00e0 leur int\u00e9gration avec l&rsquo;ensemble de l&rsquo;\u00e9quipe \u00e9ducative en liaison avec les partenaires ext\u00e9rieurs, les soignants, la MDPH (Maison D\u00e9partementale des Personnes Handicap\u00e9es), les associations et les familles. Elle contribue \u00e0 l&rsquo;analyse des besoins particuliers du jeune handicap\u00e9, participe \u00e0 la mise en \u0153uvre des soins, des am\u00e9nagements n\u00e9cessaires \u00e0 l&rsquo;\u00e9laboration du Projet Personnalis\u00e9 de Scolarisation et aux r\u00e9unions de synth\u00e8se.<\/p>\n<h4>Aider \u00e0 la scolarisation des enfants et adolescents atteints de troubles de la sant\u00e9 \u00e9voluant sur une longue p\u00e9riode<\/h4>\n<p>L\u2019infirmi\u00e8re participe au protocole de soins et d&rsquo;urgence pr\u00e9vu dans le cadre du projet d&rsquo;accueil individualis\u00e9 (PAI). Elle informe la communaut\u00e9 \u00e9ducative.<\/p>\n<h4>Effectuer des actions de formation<\/h4>\n<p>Elle participe \u00e0 la formation initiale des \u00e9tudiants en soins infirmiers.<\/p>\n<h4>Actions de recherches<\/h4>\n<p>Mission d\u2019observation et de surveillance \u00e9pid\u00e9miologique<\/p>\n<h4>Travailler en partenariat avec l&rsquo;institution et hors institution<\/h4>\n<p>L\u2019infirmi\u00e8re est membre de la communaut\u00e9 \u00e9ducative.<\/p>\n<p>Elle entretient des contacts r\u00e9guliers avec les membres de la communaut\u00e9 \u00e9ducative. Elle participe aux r\u00e9unions de concertation avec les CPE pour le rep\u00e9rage des \u00e9l\u00e8ves en difficult\u00e9. Elle peut assister aux conseils de classe, aux conseils d&rsquo;administration.<\/p>\n<p>Elle travaille en r\u00e9seau avec : les services hospitaliers, la protection maternelle et infantile (PMI),<br \/>\nles associations de pr\u00e9vention, les m\u00e9decins g\u00e9n\u00e9ralistes\u2026<\/p>\n<!-- AddThis Advanced Settings generic via filter on the_content --><!-- AddThis Share Buttons generic via filter on the_content -->","protected":false},"excerpt":{"rendered":"<p>Accueillir et accompagner les \u00e9l\u00e8ves L\u2019infirmi\u00e8re accueille tous les \u00e9l\u00e8ves qui la sollicitent pour quelque motif que ce soit, y compris d&rsquo;ordre relationnel ou psychologique, d\u00e8s lors qu&rsquo;il y a une incidence sur leur sant\u00e9, leur scolarit\u00e9 ou leur vie sociale. Apr\u00e8s un entretien personnalis\u00e9, l&rsquo;\u00e9l\u00e8ve peut exprimer une demande, un malaise, une souffrance en [&hellip;]<!-- AddThis Advanced Settings generic via filter on get_the_excerpt --><!-- AddThis Share Buttons generic via filter on get_the_excerpt --><\/p>\n","protected":false},"author":863,"featured_media":0,"parent":83759,"menu_order":0,"comment_status":"closed","ping_status":"open","template":"","meta":{"footnotes":""},"class_list":["post-83792","page","type-page","status-publish","hentry"],"_links":{"self":[{"href":"https:\/\/etab.ac-reunion.fr\/lyc-paul-moreau\/wp-json\/wp\/v2\/pages\/83792","targetHints":{"allow":["GET"]}}],"collection":[{"href":"https:\/\/etab.ac-reunion.fr\/lyc-paul-moreau\/wp-json\/wp\/v2\/pages"}],"about":[{"href":"https:\/\/etab.ac-reunion.fr\/lyc-paul-moreau\/wp-json\/wp\/v2\/types\/page"}],"author":[{"embeddable":true,"href":"https:\/\/etab.ac-reunion.fr\/lyc-paul-moreau\/wp-json\/wp\/v2\/users\/863"}],"replies":[{"embeddable":true,"href":"https:\/\/etab.ac-reunion.fr\/lyc-paul-moreau\/wp-json\/wp\/v2\/comments?post=83792"}],"version-history":[{"count":2,"href":"https:\/\/etab.ac-reunion.fr\/lyc-paul-moreau\/wp-json\/wp\/v2\/pages\/83792\/revisions"}],"predecessor-version":[{"id":287451,"href":"https:\/\/etab.ac-reunion.fr\/lyc-paul-moreau\/wp-json\/wp\/v2\/pages\/83792\/revisions\/287451"}],"up":[{"embeddable":true,"href":"https:\/\/etab.ac-reunion.fr\/lyc-paul-moreau\/wp-json\/wp\/v2\/pages\/83759"}],"wp:attachment":[{"href":"https:\/\/etab.ac-reunion.fr\/lyc-paul-moreau\/wp-json\/wp\/v2\/media?parent=83792"}],"curies":[{"name":"wp","href":"https:\/\/api.w.org\/{rel}","templated":true}]}}