{"id":1397,"date":"2016-12-16T16:17:38","date_gmt":"2016-12-16T12:17:38","guid":{"rendered":"http:\/\/lycee-pierre-lagourgue.ac-reunion.fr\/?page_id=1397"},"modified":"2019-10-28T10:02:03","modified_gmt":"2019-10-28T06:02:03","slug":"le-conseil-pedagogique","status":"publish","type":"page","link":"https:\/\/etab.ac-reunion.fr\/lyc-pierre-lagourgue\/le-conseil-pedagogique\/","title":{"rendered":"Le conseil p\u00e9dagogique"},"content":{"rendered":"<p>Dans chaque coll\u00e8ge et chaque lyc\u00e9e, le conseil p\u00e9dagogique favorise la concertation entre les professeurs. Il participe \u00e0 l&rsquo;autonomie p\u00e9dagogique des \u00e9tablissements publics locaux d&rsquo;enseignement (EPLE).<\/p>\n<p>Le conseil p\u00e9dagogique est une instance de consultation des enseignants sur la politique \u00e9ducative de l&rsquo;\u00e9tablissement. Il pr\u00e9pare la partie p\u00e9dagogique du projet d&rsquo;\u00e9tablissement, qui inclut les propositions d&rsquo;exp\u00e9rimentations p\u00e9dagogiques.<br \/>\nDes pr\u00e9cisions sont apport\u00e9es par l&rsquo;article R. 421-41-3 du Code de l&rsquo;\u00e9ducation sur les sujets trait\u00e9s par le conseil p\u00e9dagogique, dans le respect de la libert\u00e9 p\u00e9dagogique des enseignants et du champ de comp\u00e9tence des personnels de direction.<br \/>\nIl est ainsi consult\u00e9 notamment sur les dispositifs d&rsquo;aide et de soutien aux \u00e9l\u00e8ves, les modalit\u00e9s g\u00e9n\u00e9rales d&rsquo;accompagnement des changements d&rsquo;orientation, l&rsquo;organisation des enseignements en groupes de comp\u00e9tences, les modalit\u00e9s des \u00e9changes linguistiques et culturels en partenariat avec les \u00e9tablissements d&rsquo;enseignement europ\u00e9ens et \u00e9trangers.<br \/>\nIl formule des propositions sur les modalit\u00e9s d&rsquo;organisation de l&rsquo;accompagnement personnalis\u00e9, que le chef d&rsquo;\u00e9tablissement soumet ensuite au conseil d&rsquo;administration.<\/p>\n<p>La loi fixe la composition minimale du conseil p\u00e9dagogique :<\/p>\n<ul>\n<li>au moins un professeur principal de chaque niveau d&rsquo;enseignement ;<\/li>\n<li>au moins un professeur par champ disciplinaire ;<\/li>\n<li>un conseiller principal d&rsquo;\u00e9ducation ;<\/li>\n<li>le cas \u00e9ch\u00e9ant le chef de travaux.<\/li>\n<\/ul>\n<p>Le conseil p\u00e9dagogique peut associer toute personne dont la consultation est jug\u00e9e utile en fonction des sujets trait\u00e9s.<br \/>\nLe chef d&rsquo;\u00e9tablissement pr\u00e9side le conseil p\u00e9dagogique.<\/p>\n<p>Le conseil p\u00e9dagogique dans les E.P.L.E.&nbsp;<a class=\"download\" title=\"Ouverture d'un document PDF de 128.15 Ko (nouvelle fen\u00eatre)\" href=\"http:\/\/media.education.gouv.fr\/file\/98\/8\/5988.pdf\" target=\"_blank\" rel=\"noopener noreferrer\">t\u00e9l\u00e9charger (128.15 Ko, pdf)<\/a><\/p>\n","protected":false},"excerpt":{"rendered":"<p>Dans chaque coll\u00e8ge et chaque lyc\u00e9e, le conseil p\u00e9dagogique favorise la concertation entre les professeurs. Il participe \u00e0 l&rsquo;autonomie p\u00e9dagogique des \u00e9tablissements publics locaux d&rsquo;enseignement (EPLE). Le conseil p\u00e9dagogique est une instance de consultation des enseignants sur la politique \u00e9ducative<\/p>\n<p class=\"continue-reading-button\"> <a class=\"continue-reading-link\" href=\"https:\/\/etab.ac-reunion.fr\/lyc-pierre-lagourgue\/le-conseil-pedagogique\/\">la suite &#8230;<i class=\"crycon-right-dir\"><\/i><\/a><\/p>\n","protected":false},"author":22677,"featured_media":0,"parent":0,"menu_order":0,"comment_status":"closed","ping_status":"closed","template":"","meta":{"footnotes":""},"class_list":["post-1397","page","type-page","status-publish","hentry"],"_links":{"self":[{"href":"https:\/\/etab.ac-reunion.fr\/lyc-pierre-lagourgue\/wp-json\/wp\/v2\/pages\/1397","targetHints":{"allow":["GET"]}}],"collection":[{"href":"https:\/\/etab.ac-reunion.fr\/lyc-pierre-lagourgue\/wp-json\/wp\/v2\/pages"}],"about":[{"href":"https:\/\/etab.ac-reunion.fr\/lyc-pierre-lagourgue\/wp-json\/wp\/v2\/types\/page"}],"author":[{"embeddable":true,"href":"https:\/\/etab.ac-reunion.fr\/lyc-pierre-lagourgue\/wp-json\/wp\/v2\/users\/22677"}],"replies":[{"embeddable":true,"href":"https:\/\/etab.ac-reunion.fr\/lyc-pierre-lagourgue\/wp-json\/wp\/v2\/comments?post=1397"}],"version-history":[{"count":5,"href":"https:\/\/etab.ac-reunion.fr\/lyc-pierre-lagourgue\/wp-json\/wp\/v2\/pages\/1397\/revisions"}],"predecessor-version":[{"id":4559,"href":"https:\/\/etab.ac-reunion.fr\/lyc-pierre-lagourgue\/wp-json\/wp\/v2\/pages\/1397\/revisions\/4559"}],"wp:attachment":[{"href":"https:\/\/etab.ac-reunion.fr\/lyc-pierre-lagourgue\/wp-json\/wp\/v2\/media?parent=1397"}],"curies":[{"name":"wp","href":"https:\/\/api.w.org\/{rel}","templated":true}]}}