{"id":5509,"date":"2021-11-22T16:13:53","date_gmt":"2021-11-22T12:13:53","guid":{"rendered":"http:\/\/lycee-pierre-lagourgue.ac-reunion.fr\/?page_id=5509"},"modified":"2022-09-21T15:55:23","modified_gmt":"2022-09-21T11:55:23","slug":"suivi-de-scolarite","status":"publish","type":"page","link":"https:\/\/etab.ac-reunion.fr\/lyc-pierre-lagourgue\/suivi-de-scolarite\/","title":{"rendered":"Suivi de Scolarit\u00e9"},"content":{"rendered":"\n<div class=\"wp-block-columns is-layout-flex wp-container-core-columns-is-layout-9d6595d7 wp-block-columns-is-layout-flex\"><\/div>\n\n\n\n<div class=\"wp-block-columns is-layout-flex wp-container-core-columns-is-layout-9d6595d7 wp-block-columns-is-layout-flex\">\n<div class=\"wp-block-column is-layout-flow wp-block-column-is-layout-flow\" style=\"flex-basis:66.66%\">\n<p class=\"has-vivid-green-cyan-background-color has-background has-large-font-size\"><strong><em>Pronote<\/em><\/strong><\/p>\n\n\n\n<p class=\"has-medium-font-size\">Acc\u00e8s \u00e9l\u00e8ve : <a href=\"https:\/\/metice.ac-reunion.fr\/\">https:\/\/metice.ac-reunion.fr\/<\/a><\/p>\n\n\n\n<p class=\"has-medium-font-size\">Acc\u00e8s responsables d&rsquo;\u00e9l\u00e8ves : <a href=\"https:\/\/educonnect.education.gouv.fr\/\">https:\/\/educonnect.education.gouv.fr\/<\/a><\/p>\n\n\n\n<p class=\"has-vivid-green-cyan-background-color has-background has-large-font-size\"><strong><em>Bourse<\/em><\/strong><\/p>\n\n\n\n<p class=\"has-medium-font-size\">Acc\u00e8s responsables d&rsquo;\u00e9l\u00e8ves : <a href=\"https:\/\/educonnect.education.gouv.fr\/\">https:\/\/educonnect.education.gouv.fr\/<\/a><\/p>\n\n\n\n<p><\/p>\n<\/div>\n\n\n\n<div class=\"wp-block-column is-layout-flow wp-block-column-is-layout-flow\" style=\"flex-basis:33.33%\">\n<p class=\"has-pale-cyan-blue-background-color has-background has-large-font-size\"><strong>Actualit\u00e9s<\/strong><\/p>\n\n\n\n\n<div class=\"su-posts su-posts-teaser-loop \">\n\n\t\n\t\t<p class=\"su-posts-not-found\">Articles non trouv\u00e9s<\/p>\n\n\t\n<\/div>\n\n<\/div>\n<\/div>\n","protected":false},"excerpt":{"rendered":"<p>Pronote Acc\u00e8s \u00e9l\u00e8ve : https:\/\/metice.ac-reunion.fr\/ Acc\u00e8s responsables d&rsquo;\u00e9l\u00e8ves : https:\/\/educonnect.education.gouv.fr\/ Bourse Acc\u00e8s responsables d&rsquo;\u00e9l\u00e8ves : https:\/\/educonnect.education.gouv.fr\/ Actualit\u00e9s<\/p>\n<p class=\"continue-reading-button\"> <a class=\"continue-reading-link\" href=\"https:\/\/etab.ac-reunion.fr\/lyc-pierre-lagourgue\/suivi-de-scolarite\/\">la suite &#8230;<i class=\"crycon-right-dir\"><\/i><\/a><\/p>\n","protected":false},"author":22677,"featured_media":0,"parent":0,"menu_order":0,"comment_status":"closed","ping_status":"closed","template":"","meta":{"footnotes":""},"class_list":["post-5509","page","type-page","status-publish","hentry"],"_links":{"self":[{"href":"https:\/\/etab.ac-reunion.fr\/lyc-pierre-lagourgue\/wp-json\/wp\/v2\/pages\/5509","targetHints":{"allow":["GET"]}}],"collection":[{"href":"https:\/\/etab.ac-reunion.fr\/lyc-pierre-lagourgue\/wp-json\/wp\/v2\/pages"}],"about":[{"href":"https:\/\/etab.ac-reunion.fr\/lyc-pierre-lagourgue\/wp-json\/wp\/v2\/types\/page"}],"author":[{"embeddable":true,"href":"https:\/\/etab.ac-reunion.fr\/lyc-pierre-lagourgue\/wp-json\/wp\/v2\/users\/22677"}],"replies":[{"embeddable":true,"href":"https:\/\/etab.ac-reunion.fr\/lyc-pierre-lagourgue\/wp-json\/wp\/v2\/comments?post=5509"}],"version-history":[{"count":3,"href":"https:\/\/etab.ac-reunion.fr\/lyc-pierre-lagourgue\/wp-json\/wp\/v2\/pages\/5509\/revisions"}],"predecessor-version":[{"id":5802,"href":"https:\/\/etab.ac-reunion.fr\/lyc-pierre-lagourgue\/wp-json\/wp\/v2\/pages\/5509\/revisions\/5802"}],"wp:attachment":[{"href":"https:\/\/etab.ac-reunion.fr\/lyc-pierre-lagourgue\/wp-json\/wp\/v2\/media?parent=5509"}],"curies":[{"name":"wp","href":"https:\/\/api.w.org\/{rel}","templated":true}]}}