{"id":851,"date":"2016-10-01T19:37:12","date_gmt":"2016-10-01T19:37:12","guid":{"rendered":"http:\/\/lycee-pierre-poivre.ac-reunion.fr\/?page_id=851"},"modified":"2021-11-18T12:12:49","modified_gmt":"2021-11-18T12:12:49","slug":"c-d-i","status":"publish","type":"page","link":"https:\/\/etab.ac-reunion.fr\/lyc-pierre-poivre\/la-vie-scolaire\/c-d-i\/","title":{"rendered":"C.D.I."},"content":{"rendered":"<p>Le <strong>C<\/strong>entre de <strong>D<\/strong>ocumentation et d\u2019<strong>I<\/strong>nformation est un centre de ressources documentaires et un lieu de travail et d&rsquo;\u00e9changes ouvert \u00e0 tous les membres de la communaut\u00e9 \u00e9ducative\u00a0 : \u00e9l\u00e8ves, enseignants, personnel non enseignant&#8230;<\/p>\n<p>C&rsquo;est un lieu d\u2019accueil, de conseil et de d\u00e9tente pouvant accueillir une cinquantaine d&rsquo;\u00e9l\u00e8ves. Les usagers\u00a0 y viennent pour lire, pour faire une recherche documentaire et\/ou pour emprunter des documents.<\/p>\n<div class=\"et_lb_module et_lb_text_block\">\n<h6 class=\"western\">LES HORAIRES D&rsquo;OUVERTURE :<\/h6>\n<ul>\n<li>Lundi, mardi, jeudi, vendredi : 08h00 \u2013 17h30<\/li>\n<li>Mercredi : 08h00 \u2013 12h00<\/li>\n<\/ul>\n<h6 class=\"western\">LE PERSONNEL :<\/h6>\n<ul>\n<li><strong>BRILLAND Maxime<\/strong>, professeur documentaliste<\/li>\n<li><strong>SEVERIN Constance<\/strong>, assistante p\u00e9dagogique<\/li>\n<\/ul>\n<h6>LES COORDONN\u00c9ES:<\/h6>\n<ul>\n<li>Mail : cdi.lyc-p.poivre@ac-reunion.fr<\/li>\n<li>T\u00e9l. : 02 62 56 69 75<\/li>\n<\/ul>\n<\/div>\n<h6>PORTAIL DU CDI :<\/h6>\n<p>Sur ce portail, vous pouvez :<br \/>\n&#8211; vous tenir inform\u00e9(e) de l&rsquo;actualit\u00e9 du CDI,<br \/>\n&#8211; effectuer des recherches sur les documents disponibles au CDI ou sur des sites Internet s\u00e9lectionn\u00e9s.<\/p>\n<p><a href=\"http:\/\/9740952s.esidoc.fr\/\"><img loading=\"lazy\" decoding=\"async\" class=\"aligncenter wp-image-311\" src=\"https:\/\/etab.ac-reunion.fr\/lyc-pierre-poivre\/wp-content\/uploads\/sites\/36\/2014\/11\/logo-esidoc.gif\" alt=\"logo-esidoc\" width=\"59\" height=\"20\" \/><\/a><\/p>\n<p>&nbsp;<\/p>\n\n\n<div class=\"su-posts su-posts-default-loop \">\n\n\t\n\t\t\t\t\t\n\t\t\t\n\t\t\t<div id=\"su-post-3434\" class=\"su-post \">\n\n\t\t\t\t\n\t\t\t\t<h2 class=\"su-post-title\"><a href=\"https:\/\/etab.ac-reunion.fr\/lyc-pierre-poivre\/2022\/06\/21\/horaires-douverture\/\">Horaires d&rsquo;ouverture<\/a><\/h2>\n\n\t\t\t\t<div class=\"su-post-meta\">\n\t\t\t\t\tPubli\u00e9: 21 juin 2022\t\t\t\t<\/div>\n\n\t\t\t\t<div class=\"su-post-excerpt\">\n\t\t\t\t\t<p>Lundi\u00a0\u00a0\u00a0\u00a0 8h-17h30 Mardi\u00a0\u00a0\u00a0\u00a0 8h-17h30 Mercredi 8h-12h Jeudi\u00a0\u00a0\u00a0\u00a0\u00a0\u00a0 8h-17h30 Vendredi\u00a0 8h-17h30 &nbsp;<\/p>\n\t\t\t\t<\/div>\n\n\t\t\t\t\n\t\t\t<\/div>\n\n\t\t\t\t\t\n\t\t\t\n\t\t\t<div id=\"su-post-3431\" class=\"su-post \">\n\n\t\t\t\t\n\t\t\t\t<h2 class=\"su-post-title\"><a href=\"https:\/\/etab.ac-reunion.fr\/lyc-pierre-poivre\/2022\/06\/21\/le-portail-du-cdi\/\">Le portail du CDI<\/a><\/h2>\n\n\t\t\t\t<div class=\"su-post-meta\">\n\t\t\t\t\tPubli\u00e9: 21 juin 2022\t\t\t\t<\/div>\n\n\t\t\t\t<div class=\"su-post-excerpt\">\n\t\t\t\t\t<p>Vous pouvez consulter le portail du CDI du Lyc\u00e9e en cliquant ICI\u00a0 : pour un expos\u00e9\u00a0: E-sidoc permet de trouver des documents ou des sites en rapport avec un sujet de recherche\u00a0; pour savoir si un roman, une BD ou un manga sont disponibles au CDI\u00a0; pour conna\u00eetre les nouveaut\u00e9s &hellip;<\/p>\n\t\t\t\t<\/div>\n\n\t\t\t\t\n\t\t\t<\/div>\n\n\t\t\t\t\t\n\t\t\t\n\t\t\t<div id=\"su-post-3119\" class=\"su-post \">\n\n\t\t\t\t\t\t\t\t\t<a class=\"su-post-thumbnail\" href=\"https:\/\/etab.ac-reunion.fr\/lyc-pierre-poivre\/2022\/04\/26\/semaine-de-la-presse\/\"><img loading=\"lazy\" decoding=\"async\" width=\"142\" height=\"200\" src=\"https:\/\/etab.ac-reunion.fr\/lyc-pierre-poivre\/wp-content\/uploads\/sites\/36\/2022\/04\/affiche-spme-dessin-2022-142x200.jpg\" class=\"attachment-post-thumbnail size-post-thumbnail wp-post-image\" alt=\"\" srcset=\"https:\/\/etab.ac-reunion.fr\/lyc-pierre-poivre\/wp-content\/uploads\/sites\/36\/2022\/04\/affiche-spme-dessin-2022-142x200.jpg 142w, https:\/\/etab.ac-reunion.fr\/lyc-pierre-poivre\/wp-content\/uploads\/sites\/36\/2022\/04\/affiche-spme-dessin-2022-213x300.jpg 213w, https:\/\/etab.ac-reunion.fr\/lyc-pierre-poivre\/wp-content\/uploads\/sites\/36\/2022\/04\/affiche-spme-dessin-2022-728x1024.jpg 728w, https:\/\/etab.ac-reunion.fr\/lyc-pierre-poivre\/wp-content\/uploads\/sites\/36\/2022\/04\/affiche-spme-dessin-2022-768x1080.jpg 768w, https:\/\/etab.ac-reunion.fr\/lyc-pierre-poivre\/wp-content\/uploads\/sites\/36\/2022\/04\/affiche-spme-dessin-2022-1093x1536.jpg 1093w, https:\/\/etab.ac-reunion.fr\/lyc-pierre-poivre\/wp-content\/uploads\/sites\/36\/2022\/04\/affiche-spme-dessin-2022-1457x2048.jpg 1457w, https:\/\/etab.ac-reunion.fr\/lyc-pierre-poivre\/wp-content\/uploads\/sites\/36\/2022\/04\/affiche-spme-dessin-2022-scaled.jpg 1821w\" sizes=\"auto, (max-width: 142px) 100vw, 142px\" \/><\/a>\n\t\t\t\t\n\t\t\t\t<h2 class=\"su-post-title\"><a href=\"https:\/\/etab.ac-reunion.fr\/lyc-pierre-poivre\/2022\/04\/26\/semaine-de-la-presse\/\">Semaine de la Presse<\/a><\/h2>\n\n\t\t\t\t<div class=\"su-post-meta\">\n\t\t\t\t\tPubli\u00e9: 26 avril 2022\t\t\t\t<\/div>\n\n\t\t\t\t<div class=\"su-post-excerpt\">\n\t\t\t\t\t<p>En raison du calendrier austral, la 33e Semaine de la presse et des m\u00e9dias \u00e0 l&rsquo;\u00c9cole\u00a0(SPME) se d\u00e9roule \u00e0 La R\u00e9union\u00a0du jeudi 31 mars au vendredi 8 avril 2022, avec\u00a0une extension jusqu\u2019\u00e0 la fin du mois d\u2019avril 2022. \u00ab\u00a0S\u2019informer pour comprendre le monde\u00a0\u00bb Pour comprendre le monde qui les entoure, &hellip;<\/p>\n\t\t\t\t<\/div>\n\n\t\t\t\t\n\t\t\t<\/div>\n\n\t\t\t\t\t\n\t\t\t\n\t\t\t<div id=\"su-post-2667\" class=\"su-post \">\n\n\t\t\t\t\t\t\t\t\t<a class=\"su-post-thumbnail\" href=\"https:\/\/etab.ac-reunion.fr\/lyc-pierre-poivre\/2021\/09\/07\/grand-concours-de-dessin-et-decriture\/\"><img loading=\"lazy\" decoding=\"async\" width=\"400\" height=\"200\" src=\"https:\/\/etab.ac-reunion.fr\/lyc-pierre-poivre\/wp-content\/uploads\/sites\/36\/2021\/09\/coree-400x200.jpg\" class=\"attachment-post-thumbnail size-post-thumbnail wp-post-image\" alt=\"\" srcset=\"https:\/\/etab.ac-reunion.fr\/lyc-pierre-poivre\/wp-content\/uploads\/sites\/36\/2021\/09\/coree-400x200.jpg 400w, https:\/\/etab.ac-reunion.fr\/lyc-pierre-poivre\/wp-content\/uploads\/sites\/36\/2021\/09\/coree-300x150.jpg 300w, https:\/\/etab.ac-reunion.fr\/lyc-pierre-poivre\/wp-content\/uploads\/sites\/36\/2021\/09\/coree.jpg 750w\" sizes=\"auto, (max-width: 400px) 100vw, 400px\" \/><\/a>\n\t\t\t\t\n\t\t\t\t<h2 class=\"su-post-title\"><a href=\"https:\/\/etab.ac-reunion.fr\/lyc-pierre-poivre\/2021\/09\/07\/grand-concours-de-dessin-et-decriture\/\">Grand Concours de dessin et d&rsquo;\u00e9criture<\/a><\/h2>\n\n\t\t\t\t<div class=\"su-post-meta\">\n\t\t\t\t\tPubli\u00e9: 7 septembre 2021\t\t\t\t<\/div>\n\n\t\t\t\t<div class=\"su-post-excerpt\">\n\t\t\t\t\t<p>Dans le cadre de l\u2019exposition \u00ab\u00a0Les multiples facettes de La COR\u00c9E\u00a0\u00bb, le lyc\u00e9e organise un Grand Concours de dessin et d\u2019\u00e9criture sur le th\u00e8me \u00ab\u00a0Voyages\u00a0: l\u2019Autre et l\u2019Ailleurs\u00a0\u00bb. Deux cat\u00e9gories sont propos\u00e9es\u00a0: Premi\u00e8re cat\u00e9gorie\u00a0: Un texte po\u00e9tique ou une nouvelle inspir\u00e9e librement de l\u2019exposition et \u00e9voquant la Cor\u00e9e, l\u2019Asie ou &hellip;<\/p>\n\t\t\t\t<\/div>\n\n\t\t\t\t\n\t\t\t<\/div>\n\n\t\t\t\t\t\n\t\t\t\n\t\t\t<div id=\"su-post-2650\" class=\"su-post \">\n\n\t\t\t\t\t\t\t\t\t<a class=\"su-post-thumbnail\" href=\"https:\/\/etab.ac-reunion.fr\/lyc-pierre-poivre\/2021\/09\/07\/exposition-la-coree\/\"><img loading=\"lazy\" decoding=\"async\" width=\"275\" height=\"183\" src=\"https:\/\/etab.ac-reunion.fr\/lyc-pierre-poivre\/wp-content\/uploads\/sites\/36\/2021\/09\/im13.jpg\" class=\"attachment-post-thumbnail size-post-thumbnail wp-post-image\" alt=\"\" \/><\/a>\n\t\t\t\t\n\t\t\t\t<h2 class=\"su-post-title\"><a href=\"https:\/\/etab.ac-reunion.fr\/lyc-pierre-poivre\/2021\/09\/07\/exposition-la-coree\/\">Exposition LA COR\u00c9E<\/a><\/h2>\n\n\t\t\t\t<div class=\"su-post-meta\">\n\t\t\t\t\tPubli\u00e9: 7 septembre 2021\t\t\t\t<\/div>\n\n\t\t\t\t<div class=\"su-post-excerpt\">\n\t\t\t\t\t<p>Les multiples facettes\u00a0 de la Cor\u00e9e du Sud \u00a0 L&rsquo;association Kimchi Run propose une exposition compl\u00e8te sur La Cor\u00e9e. Son histoire, sa g\u00e9ographie, sa langue, et bien entendu sa culture musicale et cin\u00e9matographique nous sont racont\u00e9s au travers d&rsquo;images, d&rsquo;articles mais aussi de maquettes et de vid\u00e9os. Un \u00e9v\u00e9nement \u00e0 &hellip;<\/p>\n\t\t\t\t<\/div>\n\n\t\t\t\t\n\t\t\t<\/div>\n\n\t\t\t\t\t\n\t\t\t\n\t\t\t<div id=\"su-post-2531\" class=\"su-post \">\n\n\t\t\t\t\n\t\t\t\t<h2 class=\"su-post-title\"><a href=\"https:\/\/etab.ac-reunion.fr\/lyc-pierre-poivre\/2021\/04\/20\/une-autrice-au-cdi\/\">Une autrice au CDI<\/a><\/h2>\n\n\t\t\t\t<div class=\"su-post-meta\">\n\t\t\t\t\tPubli\u00e9: 20 avril 2021\t\t\t\t<\/div>\n\n\t\t\t\t<div class=\"su-post-excerpt\">\n\t\t\t\t\t<p>UNE AUTRICE AU CDI : Retour en image sur la rencontre des \u00e9l\u00e8ves de seconde qui ont eu l&rsquo;honneur d\u2019accueillir Jo\u00eblle ECORMIER. Un accueil tout en \u00e9motion. A cette occasion, les \u00e9l\u00e8ves ont effectu\u00e9 une interpr\u00e9tation \u00ab\u00a0th\u00e9\u00e2trale\u00a0\u00bb de son ouvrage \u00ab\u00a0Un r\u00eave \u00e0 la mer\u00a0\u00bb, une nouvelle \u00e0 travers laquelle, &hellip;<\/p>\n\t\t\t\t<\/div>\n\n\t\t\t\t\n\t\t\t<\/div>\n\n\t\t\n\t\n<\/div>\n\n","protected":false},"excerpt":{"rendered":"<p>Le Centre de Documentation et d\u2019Information est un centre de ressources documentaires et un lieu de travail et d&rsquo;\u00e9changes ouvert \u00e0 tous les membres de la communaut\u00e9 \u00e9ducative\u00a0 : \u00e9l\u00e8ves, enseignants, personnel non enseignant&#8230; C&rsquo;est un lieu d\u2019accueil, de conseil et de d\u00e9tente pouvant accueillir une cinquantaine d&rsquo;\u00e9l\u00e8ves. Les usagers\u00a0 &hellip;<\/p>\n","protected":false},"author":45,"featured_media":0,"parent":245,"menu_order":0,"comment_status":"closed","ping_status":"closed","template":"","meta":{"footnotes":""},"class_list":["post-851","page","type-page","status-publish","hentry"],"_links":{"self":[{"href":"https:\/\/etab.ac-reunion.fr\/lyc-pierre-poivre\/wp-json\/wp\/v2\/pages\/851","targetHints":{"allow":["GET"]}}],"collection":[{"href":"https:\/\/etab.ac-reunion.fr\/lyc-pierre-poivre\/wp-json\/wp\/v2\/pages"}],"about":[{"href":"https:\/\/etab.ac-reunion.fr\/lyc-pierre-poivre\/wp-json\/wp\/v2\/types\/page"}],"author":[{"embeddable":true,"href":"https:\/\/etab.ac-reunion.fr\/lyc-pierre-poivre\/wp-json\/wp\/v2\/users\/45"}],"replies":[{"embeddable":true,"href":"https:\/\/etab.ac-reunion.fr\/lyc-pierre-poivre\/wp-json\/wp\/v2\/comments?post=851"}],"version-history":[{"count":15,"href":"https:\/\/etab.ac-reunion.fr\/lyc-pierre-poivre\/wp-json\/wp\/v2\/pages\/851\/revisions"}],"predecessor-version":[{"id":2791,"href":"https:\/\/etab.ac-reunion.fr\/lyc-pierre-poivre\/wp-json\/wp\/v2\/pages\/851\/revisions\/2791"}],"up":[{"embeddable":true,"href":"https:\/\/etab.ac-reunion.fr\/lyc-pierre-poivre\/wp-json\/wp\/v2\/pages\/245"}],"wp:attachment":[{"href":"https:\/\/etab.ac-reunion.fr\/lyc-pierre-poivre\/wp-json\/wp\/v2\/media?parent=851"}],"curies":[{"name":"wp","href":"https:\/\/api.w.org\/{rel}","templated":true}]}}