{"id":11102,"date":"2019-11-28T09:42:29","date_gmt":"2019-11-28T05:42:29","guid":{"rendered":"http:\/\/wpetab.ac-reunion.fr\/roland-garros\/wp-content\/uploads\/sites\/142\/2019\/11\/2019-Option-EPS-premi\u00e8re-Manifestation-sportive-Affiche-pour-site-du-lyc\u00e9e.png"},"modified":"2019-11-28T09:42:29","modified_gmt":"2019-11-28T05:42:29","slug":"2019-option-eps-premiere-manifestation-sportive-affiche-pour-site-du-lycee-2","status":"inherit","type":"attachment","link":"https:\/\/etab.ac-reunion.fr\/lyc-roland-garros\/2019-option-eps-premiere-manifestation-sportive-affiche-pour-site-du-lycee-2\/","title":{"rendered":"2019-Option-EPS-premi\u00e8re-Manifestation-sportive-Affiche-pour-site-du-lyc\u00e9e"},"author":10850,"featured_media":0,"comment_status":"closed","ping_status":"closed","template":"","meta":{"_links_to":"","_links_to_target":""},"class_list":["post-11102","attachment","type-attachment","status-inherit","hentry"],"description":{"rendered":"<p class=\"attachment\"><a href='https:\/\/etab.ac-reunion.fr\/lyc-roland-garros\/wp-content\/uploads\/sites\/142\/2019\/11\/2019-Option-EPS-premi\u00e8re-Manifestation-sportive-Affiche-pour-site-du-lyc\u00e9e.png'><img loading=\"lazy\" decoding=\"async\" width=\"251\" height=\"300\" src=\"https:\/\/etab.ac-reunion.fr\/lyc-roland-garros\/wp-content\/uploads\/sites\/142\/2019\/11\/2019-Option-EPS-premi\u00e8re-Manifestation-sportive-Affiche-pour-site-du-lyc\u00e9e-251x300.png\" class=\"attachment-medium size-medium\" alt=\"\" srcset=\"https:\/\/etab.ac-reunion.fr\/lyc-roland-garros\/wp-content\/uploads\/sites\/142\/2019\/11\/2019-Option-EPS-premi\u00e8re-Manifestation-sportive-Affiche-pour-site-du-lyc\u00e9e-251x300.png 251w, https:\/\/etab.ac-reunion.fr\/lyc-roland-garros\/wp-content\/uploads\/sites\/142\/2019\/11\/2019-Option-EPS-premi\u00e8re-Manifestation-sportive-Affiche-pour-site-du-lyc\u00e9e-858x1024.png 858w, https:\/\/etab.ac-reunion.fr\/lyc-roland-garros\/wp-content\/uploads\/sites\/142\/2019\/11\/2019-Option-EPS-premi\u00e8re-Manifestation-sportive-Affiche-pour-site-du-lyc\u00e9e-126x150.png 126w, https:\/\/etab.ac-reunion.fr\/lyc-roland-garros\/wp-content\/uploads\/sites\/142\/2019\/11\/2019-Option-EPS-premi\u00e8re-Manifestation-sportive-Affiche-pour-site-du-lyc\u00e9e.png 1002w\" sizes=\"auto, (max-width: 251px) 100vw, 251px\" \/><\/a><\/p>\n"},"caption":{"rendered":"<p> <a class=\"continue-reading-link\" href=\"https:\/\/etab.ac-reunion.fr\/lyc-roland-garros\/2019-option-eps-premiere-manifestation-sportive-affiche-pour-site-du-lycee-2\/\"><span>Lire plus<\/span><i class=\"crycon-right-dir\"><\/i><\/a> <\/p>\n"},"alt_text":"","media_type":"image","mime_type":"image\/png","media_details":{"width":1002,"height":1196,"file":"2019\/11\/2019-Option-EPS-premi\u00e8re-Manifestation-sportive-Affiche-pour-site-du-lyc\u00e9e.png","sizes":{"medium":{"file":"2019-Option-EPS-premi\u00e8re-Manifestation-sportive-Affiche-pour-site-du-lyc\u00e9e-251x300.png","width":251,"height":300,"mime_type":"image\/png","source_url":"https:\/\/etab.ac-reunion.fr\/lyc-roland-garros\/wp-content\/uploads\/sites\/142\/2019\/11\/2019-Option-EPS-premi\u00e8re-Manifestation-sportive-Affiche-pour-site-du-lyc\u00e9e-251x300.png"},"large":{"file":"2019-Option-EPS-premi\u00e8re-Manifestation-sportive-Affiche-pour-site-du-lyc\u00e9e-858x1024.png","width":858,"height":1024,"mime_type":"image\/png","source_url":"https:\/\/etab.ac-reunion.fr\/lyc-roland-garros\/wp-content\/uploads\/sites\/142\/2019\/11\/2019-Option-EPS-premi\u00e8re-Manifestation-sportive-Affiche-pour-site-du-lyc\u00e9e-858x1024.png"},"thumbnail":{"file":"2019-Option-EPS-premi\u00e8re-Manifestation-sportive-Affiche-pour-site-du-lyc\u00e9e-150x150.png","width":150,"height":150,"mime_type":"image\/png","source_url":"https:\/\/etab.ac-reunion.fr\/lyc-roland-garros\/wp-content\/uploads\/sites\/142\/2019\/11\/2019-Option-EPS-premi\u00e8re-Manifestation-sportive-Affiche-pour-site-du-lyc\u00e9e-150x150.png"},"custom":{"file":"2019-Option-EPS-premi\u00e8re-Manifestation-sportive-Affiche-pour-site-du-lyc\u00e9e-200x150.png","width":200,"height":150,"mime_type":"image\/png","source_url":"https:\/\/etab.ac-reunion.fr\/lyc-roland-garros\/wp-content\/uploads\/sites\/142\/2019\/11\/2019-Option-EPS-premi\u00e8re-Manifestation-sportive-Affiche-pour-site-du-lyc\u00e9e-200x150.png"},"post-thumbnail":{"file":"2019-Option-EPS-premi\u00e8re-Manifestation-sportive-Affiche-pour-site-du-lyc\u00e9e-126x150.png","width":126,"height":150,"mime_type":"image\/png","source_url":"https:\/\/etab.ac-reunion.fr\/lyc-roland-garros\/wp-content\/uploads\/sites\/142\/2019\/11\/2019-Option-EPS-premi\u00e8re-Manifestation-sportive-Affiche-pour-site-du-lyc\u00e9e-126x150.png"},"header":{"file":"2019-Option-EPS-premi\u00e8re-Manifestation-sportive-Affiche-pour-site-du-lyc\u00e9e-1002x100.png","width":1002,"height":100,"mime_type":"image\/png","source_url":"https:\/\/etab.ac-reunion.fr\/lyc-roland-garros\/wp-content\/uploads\/sites\/142\/2019\/11\/2019-Option-EPS-premi\u00e8re-Manifestation-sportive-Affiche-pour-site-du-lyc\u00e9e-1002x100.png"},"slider":{"file":"2019-Option-EPS-premi\u00e8re-Manifestation-sportive-Affiche-pour-site-du-lyc\u00e9e-1002x460.png","width":1002,"height":460,"mime_type":"image\/png","source_url":"https:\/\/etab.ac-reunion.fr\/lyc-roland-garros\/wp-content\/uploads\/sites\/142\/2019\/11\/2019-Option-EPS-premi\u00e8re-Manifestation-sportive-Affiche-pour-site-du-lyc\u00e9e-1002x460.png"},"columns":{"file":"2019-Option-EPS-premi\u00e8re-Manifestation-sportive-Affiche-pour-site-du-lyc\u00e9e-318x200.png","width":318,"height":200,"mime_type":"image\/png","source_url":"https:\/\/etab.ac-reunion.fr\/lyc-roland-garros\/wp-content\/uploads\/sites\/142\/2019\/11\/2019-Option-EPS-premi\u00e8re-Manifestation-sportive-Affiche-pour-site-du-lyc\u00e9e-318x200.png"},"full":{"file":"2019-Option-EPS-premi\u00e8re-Manifestation-sportive-Affiche-pour-site-du-lyc\u00e9e.png","width":1002,"height":1196,"mime_type":"image\/png","source_url":"https:\/\/etab.ac-reunion.fr\/lyc-roland-garros\/wp-content\/uploads\/sites\/142\/2019\/11\/2019-Option-EPS-premi\u00e8re-Manifestation-sportive-Affiche-pour-site-du-lyc\u00e9e.png"}},"image_meta":{"aperture":"0","credit":"","camera":"","caption":"","created_timestamp":"0","copyright":"","focal_length":"0","iso":"0","shutter_speed":"0","title":"","orientation":"0","keywords":[]}},"post":null,"source_url":"https:\/\/etab.ac-reunion.fr\/lyc-roland-garros\/wp-content\/uploads\/sites\/142\/2019\/11\/2019-Option-EPS-premi\u00e8re-Manifestation-sportive-Affiche-pour-site-du-lyc\u00e9e.png","_links":{"self":[{"href":"https:\/\/etab.ac-reunion.fr\/lyc-roland-garros\/wp-json\/wp\/v2\/media\/11102","targetHints":{"allow":["GET"]}}],"collection":[{"href":"https:\/\/etab.ac-reunion.fr\/lyc-roland-garros\/wp-json\/wp\/v2\/media"}],"about":[{"href":"https:\/\/etab.ac-reunion.fr\/lyc-roland-garros\/wp-json\/wp\/v2\/types\/attachment"}],"author":[{"embeddable":true,"href":"https:\/\/etab.ac-reunion.fr\/lyc-roland-garros\/wp-json\/wp\/v2\/users\/10850"}]}}

http://wpetab.ac-reunion.fr/roland-garros/wp-content/uploads/sites/142/2019/11/2019-Option-EPS-première-Manifestation-sportive-Affiche-pour-site-du-lycée.png

2019-Option-EPS-première-Manifestation-sportive-Affiche-pour-site-du-lycée

<p class="attachment"><a href='https://etab.ac-reunion.fr/lyc-roland-garros/wp-content/uploads/sites/142/2019/11/2019-Option-EPS-première-Manifestation-sportive-Affiche-pour-site-du-lycée.png'><img loading="lazy" decoding="async" width="251" height="300" src="https://etab.ac-reunion.fr/lyc-roland-garros/wp-content/uploads/sites/142/2019/11/2019-Option-EPS-première-Manifestation-sportive-Affiche-pour-site-du-lycée-251x300.png" class="attachment-medium size-medium" alt="" srcset="https://etab.ac-reunion.fr/lyc-roland-garros/wp-content/uploads/sites/142/2019/11/2019-Option-EPS-première-Manifestation-sportive-Affiche-pour-site-du-lycée-251x300.png 251w, https://etab.ac-reunion.fr/lyc-roland-garros/wp-content/uploads/sites/142/2019/11/2019-Option-EPS-première-Manifestation-sportive-Affiche-pour-site-du-lycée-858x1024.png 858w, https://etab.ac-reunion.fr/lyc-roland-garros/wp-content/uploads/sites/142/2019/11/2019-Option-EPS-première-Manifestation-sportive-Affiche-pour-site-du-lycée-126x150.png 126w, https://etab.ac-reunion.fr/lyc-roland-garros/wp-content/uploads/sites/142/2019/11/2019-Option-EPS-première-Manifestation-sportive-Affiche-pour-site-du-lycée.png 1002w" sizes="auto, (max-width: 251px) 100vw, 251px" /></a></p>

2019/11/2019-Option-EPS-première-Manifestation-sportive-Affiche-pour-site-du-lycée.png

2019-Option-EPS-première-Manifestation-sportive-Affiche-pour-site-du-lycée-251x300.png

https://etab.ac-reunion.fr/lyc-roland-garros/wp-content/uploads/sites/142/2019/11/2019-Option-EPS-première-Manifestation-sportive-Affiche-pour-site-du-lycée-251x300.png

2019-Option-EPS-première-Manifestation-sportive-Affiche-pour-site-du-lycée-858x1024.png

https://etab.ac-reunion.fr/lyc-roland-garros/wp-content/uploads/sites/142/2019/11/2019-Option-EPS-première-Manifestation-sportive-Affiche-pour-site-du-lycée-858x1024.png

2019-Option-EPS-première-Manifestation-sportive-Affiche-pour-site-du-lycée-150x150.png

https://etab.ac-reunion.fr/lyc-roland-garros/wp-content/uploads/sites/142/2019/11/2019-Option-EPS-première-Manifestation-sportive-Affiche-pour-site-du-lycée-150x150.png

2019-Option-EPS-première-Manifestation-sportive-Affiche-pour-site-du-lycée-200x150.png

https://etab.ac-reunion.fr/lyc-roland-garros/wp-content/uploads/sites/142/2019/11/2019-Option-EPS-première-Manifestation-sportive-Affiche-pour-site-du-lycée-200x150.png

2019-Option-EPS-première-Manifestation-sportive-Affiche-pour-site-du-lycée-126x150.png

https://etab.ac-reunion.fr/lyc-roland-garros/wp-content/uploads/sites/142/2019/11/2019-Option-EPS-première-Manifestation-sportive-Affiche-pour-site-du-lycée-126x150.png

2019-Option-EPS-première-Manifestation-sportive-Affiche-pour-site-du-lycée-1002x100.png

https://etab.ac-reunion.fr/lyc-roland-garros/wp-content/uploads/sites/142/2019/11/2019-Option-EPS-première-Manifestation-sportive-Affiche-pour-site-du-lycée-1002x100.png

2019-Option-EPS-première-Manifestation-sportive-Affiche-pour-site-du-lycée-1002x460.png

https://etab.ac-reunion.fr/lyc-roland-garros/wp-content/uploads/sites/142/2019/11/2019-Option-EPS-première-Manifestation-sportive-Affiche-pour-site-du-lycée-1002x460.png

2019-Option-EPS-première-Manifestation-sportive-Affiche-pour-site-du-lycée-318x200.png

https://etab.ac-reunion.fr/lyc-roland-garros/wp-content/uploads/sites/142/2019/11/2019-Option-EPS-première-Manifestation-sportive-Affiche-pour-site-du-lycée-318x200.png

2019-Option-EPS-première-Manifestation-sportive-Affiche-pour-site-du-lycée.png

https://etab.ac-reunion.fr/lyc-roland-garros/wp-content/uploads/sites/142/2019/11/2019-Option-EPS-première-Manifestation-sportive-Affiche-pour-site-du-lycée.png
