{"id":1128,"date":"2016-03-15T08:27:03","date_gmt":"2016-03-15T04:27:03","guid":{"rendered":"http:\/\/wpetab.ac-reunion.fr\/roland-garros\/wp-content\/uploads\/sites\/142\/2016\/03\/Huguette-Hoareau-soeur-de-Daniel-Waro-se-confie-aux-\u00e9l\u00e8ves-de-cin\u00e9ma.jpg"},"modified":"2016-03-15T08:27:03","modified_gmt":"2016-03-15T04:27:03","slug":"huguette-hoareau-soeur-de-daniel-waro-se-confie-aux-eleves-de-cinema","status":"inherit","type":"attachment","link":"https:\/\/etab.ac-reunion.fr\/lyc-roland-garros\/huguette-hoareau-soeur-de-daniel-waro-se-confie-aux-eleves-de-cinema\/","title":{"rendered":"Huguette Hoareau soeur de Daniel Waro se confie aux \u00e9l\u00e8ves de cin\u00e9ma"},"author":11062,"featured_media":0,"comment_status":"closed","ping_status":"closed","template":"","meta":{"_links_to":"","_links_to_target":""},"class_list":["post-1128","attachment","type-attachment","status-inherit","hentry"],"description":{"rendered":"<p class=\"attachment\"><a href='https:\/\/etab.ac-reunion.fr\/lyc-roland-garros\/wp-content\/uploads\/sites\/142\/2016\/03\/Huguette-Hoareau-soeur-de-Daniel-Waro-se-confie-aux-\u00e9l\u00e8ves-de-cin\u00e9ma.jpg'><img loading=\"lazy\" decoding=\"async\" width=\"300\" height=\"200\" src=\"https:\/\/etab.ac-reunion.fr\/lyc-roland-garros\/wp-content\/uploads\/sites\/142\/2016\/03\/Huguette-Hoareau-soeur-de-Daniel-Waro-se-confie-aux-\u00e9l\u00e8ves-de-cin\u00e9ma-300x200.jpg\" class=\"attachment-medium size-medium\" alt=\"\" srcset=\"https:\/\/etab.ac-reunion.fr\/lyc-roland-garros\/wp-content\/uploads\/sites\/142\/2016\/03\/Huguette-Hoareau-soeur-de-Daniel-Waro-se-confie-aux-\u00e9l\u00e8ves-de-cin\u00e9ma-300x200.jpg 300w, https:\/\/etab.ac-reunion.fr\/lyc-roland-garros\/wp-content\/uploads\/sites\/142\/2016\/03\/Huguette-Hoareau-soeur-de-Daniel-Waro-se-confie-aux-\u00e9l\u00e8ves-de-cin\u00e9ma-150x100.jpg 150w, https:\/\/etab.ac-reunion.fr\/lyc-roland-garros\/wp-content\/uploads\/sites\/142\/2016\/03\/Huguette-Hoareau-soeur-de-Daniel-Waro-se-confie-aux-\u00e9l\u00e8ves-de-cin\u00e9ma.jpg 800w\" sizes=\"auto, (max-width: 300px) 100vw, 300px\" \/><\/a><\/p>\n"},"caption":{"rendered":"<p> <a class=\"continue-reading-link\" href=\"https:\/\/etab.ac-reunion.fr\/lyc-roland-garros\/huguette-hoareau-soeur-de-daniel-waro-se-confie-aux-eleves-de-cinema\/\"><span>Lire plus<\/span><i class=\"crycon-right-dir\"><\/i><\/a> <\/p>\n"},"alt_text":"","media_type":"image","mime_type":"image\/jpeg","media_details":{"width":800,"height":533,"file":"2016\/03\/Huguette-Hoareau-soeur-de-Daniel-Waro-se-confie-aux-\u00e9l\u00e8ves-de-cin\u00e9ma.jpg","sizes":{"thumbnail":{"file":"Huguette-Hoareau-soeur-de-Daniel-Waro-se-confie-aux-\u00e9l\u00e8ves-de-cin\u00e9ma-150x150.jpg","width":150,"height":150,"mime_type":"image\/jpeg","source_url":"https:\/\/etab.ac-reunion.fr\/lyc-roland-garros\/wp-content\/uploads\/sites\/142\/2016\/03\/Huguette-Hoareau-soeur-de-Daniel-Waro-se-confie-aux-\u00e9l\u00e8ves-de-cin\u00e9ma-150x150.jpg"},"medium":{"file":"Huguette-Hoareau-soeur-de-Daniel-Waro-se-confie-aux-\u00e9l\u00e8ves-de-cin\u00e9ma-300x200.jpg","width":300,"height":200,"mime_type":"image\/jpeg","source_url":"https:\/\/etab.ac-reunion.fr\/lyc-roland-garros\/wp-content\/uploads\/sites\/142\/2016\/03\/Huguette-Hoareau-soeur-de-Daniel-Waro-se-confie-aux-\u00e9l\u00e8ves-de-cin\u00e9ma-300x200.jpg"},"custom":{"file":"Huguette-Hoareau-soeur-de-Daniel-Waro-se-confie-aux-\u00e9l\u00e8ves-de-cin\u00e9ma-250x150.jpg","width":250,"height":150,"mime_type":"image\/jpeg","source_url":"https:\/\/etab.ac-reunion.fr\/lyc-roland-garros\/wp-content\/uploads\/sites\/142\/2016\/03\/Huguette-Hoareau-soeur-de-Daniel-Waro-se-confie-aux-\u00e9l\u00e8ves-de-cin\u00e9ma-250x150.jpg"},"post-thumbnail":{"file":"Huguette-Hoareau-soeur-de-Daniel-Waro-se-confie-aux-\u00e9l\u00e8ves-de-cin\u00e9ma-150x100.jpg","width":150,"height":100,"mime_type":"image\/jpeg","source_url":"https:\/\/etab.ac-reunion.fr\/lyc-roland-garros\/wp-content\/uploads\/sites\/142\/2016\/03\/Huguette-Hoareau-soeur-de-Daniel-Waro-se-confie-aux-\u00e9l\u00e8ves-de-cin\u00e9ma-150x100.jpg"},"header":{"file":"Huguette-Hoareau-soeur-de-Daniel-Waro-se-confie-aux-\u00e9l\u00e8ves-de-cin\u00e9ma-800x100.jpg","width":800,"height":100,"mime_type":"image\/jpeg","source_url":"https:\/\/etab.ac-reunion.fr\/lyc-roland-garros\/wp-content\/uploads\/sites\/142\/2016\/03\/Huguette-Hoareau-soeur-de-Daniel-Waro-se-confie-aux-\u00e9l\u00e8ves-de-cin\u00e9ma-800x100.jpg"},"slider":{"file":"Huguette-Hoareau-soeur-de-Daniel-Waro-se-confie-aux-\u00e9l\u00e8ves-de-cin\u00e9ma-800x460.jpg","width":800,"height":460,"mime_type":"image\/jpeg","source_url":"https:\/\/etab.ac-reunion.fr\/lyc-roland-garros\/wp-content\/uploads\/sites\/142\/2016\/03\/Huguette-Hoareau-soeur-de-Daniel-Waro-se-confie-aux-\u00e9l\u00e8ves-de-cin\u00e9ma-800x460.jpg"},"columns":{"file":"Huguette-Hoareau-soeur-de-Daniel-Waro-se-confie-aux-\u00e9l\u00e8ves-de-cin\u00e9ma-318x200.jpg","width":318,"height":200,"mime_type":"image\/jpeg","source_url":"https:\/\/etab.ac-reunion.fr\/lyc-roland-garros\/wp-content\/uploads\/sites\/142\/2016\/03\/Huguette-Hoareau-soeur-de-Daniel-Waro-se-confie-aux-\u00e9l\u00e8ves-de-cin\u00e9ma-318x200.jpg"},"full":{"file":"Huguette-Hoareau-soeur-de-Daniel-Waro-se-confie-aux-\u00e9l\u00e8ves-de-cin\u00e9ma.jpg","width":800,"height":533,"mime_type":"image\/jpeg","source_url":"https:\/\/etab.ac-reunion.fr\/lyc-roland-garros\/wp-content\/uploads\/sites\/142\/2016\/03\/Huguette-Hoareau-soeur-de-Daniel-Waro-se-confie-aux-\u00e9l\u00e8ves-de-cin\u00e9ma.jpg"}},"image_meta":{"aperture":"10","credit":"","camera":"Canon EOS 450D","caption":"","created_timestamp":"1446040355","copyright":"","focal_length":"35","iso":"200","shutter_speed":"0.00625","title":"","orientation":"1","keywords":[]}},"post":null,"source_url":"https:\/\/etab.ac-reunion.fr\/lyc-roland-garros\/wp-content\/uploads\/sites\/142\/2016\/03\/Huguette-Hoareau-soeur-de-Daniel-Waro-se-confie-aux-\u00e9l\u00e8ves-de-cin\u00e9ma.jpg","_links":{"self":[{"href":"https:\/\/etab.ac-reunion.fr\/lyc-roland-garros\/wp-json\/wp\/v2\/media\/1128","targetHints":{"allow":["GET"]}}],"collection":[{"href":"https:\/\/etab.ac-reunion.fr\/lyc-roland-garros\/wp-json\/wp\/v2\/media"}],"about":[{"href":"https:\/\/etab.ac-reunion.fr\/lyc-roland-garros\/wp-json\/wp\/v2\/types\/attachment"}],"author":[{"embeddable":true,"href":"https:\/\/etab.ac-reunion.fr\/lyc-roland-garros\/wp-json\/wp\/v2\/users\/11062"}]}}

http://wpetab.ac-reunion.fr/roland-garros/wp-content/uploads/sites/142/2016/03/Huguette-Hoareau-soeur-de-Daniel-Waro-se-confie-aux-élèves-de-cinéma.jpg

Huguette Hoareau soeur de Daniel Waro se confie aux élèves de cinéma

<p class="attachment"><a href='https://etab.ac-reunion.fr/lyc-roland-garros/wp-content/uploads/sites/142/2016/03/Huguette-Hoareau-soeur-de-Daniel-Waro-se-confie-aux-élèves-de-cinéma.jpg'><img loading="lazy" decoding="async" width="300" height="200" src="https://etab.ac-reunion.fr/lyc-roland-garros/wp-content/uploads/sites/142/2016/03/Huguette-Hoareau-soeur-de-Daniel-Waro-se-confie-aux-élèves-de-cinéma-300x200.jpg" class="attachment-medium size-medium" alt="" srcset="https://etab.ac-reunion.fr/lyc-roland-garros/wp-content/uploads/sites/142/2016/03/Huguette-Hoareau-soeur-de-Daniel-Waro-se-confie-aux-élèves-de-cinéma-300x200.jpg 300w, https://etab.ac-reunion.fr/lyc-roland-garros/wp-content/uploads/sites/142/2016/03/Huguette-Hoareau-soeur-de-Daniel-Waro-se-confie-aux-élèves-de-cinéma-150x100.jpg 150w, https://etab.ac-reunion.fr/lyc-roland-garros/wp-content/uploads/sites/142/2016/03/Huguette-Hoareau-soeur-de-Daniel-Waro-se-confie-aux-élèves-de-cinéma.jpg 800w" sizes="auto, (max-width: 300px) 100vw, 300px" /></a></p>

2016/03/Huguette-Hoareau-soeur-de-Daniel-Waro-se-confie-aux-élèves-de-cinéma.jpg

Huguette-Hoareau-soeur-de-Daniel-Waro-se-confie-aux-élèves-de-cinéma-150x150.jpg

https://etab.ac-reunion.fr/lyc-roland-garros/wp-content/uploads/sites/142/2016/03/Huguette-Hoareau-soeur-de-Daniel-Waro-se-confie-aux-élèves-de-cinéma-150x150.jpg

Huguette-Hoareau-soeur-de-Daniel-Waro-se-confie-aux-élèves-de-cinéma-300x200.jpg

https://etab.ac-reunion.fr/lyc-roland-garros/wp-content/uploads/sites/142/2016/03/Huguette-Hoareau-soeur-de-Daniel-Waro-se-confie-aux-élèves-de-cinéma-300x200.jpg

Huguette-Hoareau-soeur-de-Daniel-Waro-se-confie-aux-élèves-de-cinéma-250x150.jpg

https://etab.ac-reunion.fr/lyc-roland-garros/wp-content/uploads/sites/142/2016/03/Huguette-Hoareau-soeur-de-Daniel-Waro-se-confie-aux-élèves-de-cinéma-250x150.jpg

Huguette-Hoareau-soeur-de-Daniel-Waro-se-confie-aux-élèves-de-cinéma-150x100.jpg

https://etab.ac-reunion.fr/lyc-roland-garros/wp-content/uploads/sites/142/2016/03/Huguette-Hoareau-soeur-de-Daniel-Waro-se-confie-aux-élèves-de-cinéma-150x100.jpg

Huguette-Hoareau-soeur-de-Daniel-Waro-se-confie-aux-élèves-de-cinéma-800x100.jpg

https://etab.ac-reunion.fr/lyc-roland-garros/wp-content/uploads/sites/142/2016/03/Huguette-Hoareau-soeur-de-Daniel-Waro-se-confie-aux-élèves-de-cinéma-800x100.jpg

Huguette-Hoareau-soeur-de-Daniel-Waro-se-confie-aux-élèves-de-cinéma-800x460.jpg

https://etab.ac-reunion.fr/lyc-roland-garros/wp-content/uploads/sites/142/2016/03/Huguette-Hoareau-soeur-de-Daniel-Waro-se-confie-aux-élèves-de-cinéma-800x460.jpg

Huguette-Hoareau-soeur-de-Daniel-Waro-se-confie-aux-élèves-de-cinéma-318x200.jpg

https://etab.ac-reunion.fr/lyc-roland-garros/wp-content/uploads/sites/142/2016/03/Huguette-Hoareau-soeur-de-Daniel-Waro-se-confie-aux-élèves-de-cinéma-318x200.jpg

Huguette-Hoareau-soeur-de-Daniel-Waro-se-confie-aux-élèves-de-cinéma.jpg

https://etab.ac-reunion.fr/lyc-roland-garros/wp-content/uploads/sites/142/2016/03/Huguette-Hoareau-soeur-de-Daniel-Waro-se-confie-aux-élèves-de-cinéma.jpg
