{"id":11515,"date":"2020-04-20T10:21:00","date_gmt":"2020-04-20T06:21:00","guid":{"rendered":"http:\/\/lycee-roland-garros.ac-reunion.fr\/?page_id=11515"},"modified":"2020-06-01T16:58:18","modified_gmt":"2020-06-01T12:58:18","slug":"lycee-professionnel-assp","status":"publish","type":"page","link":"https:\/\/etab.ac-reunion.fr\/lyc-roland-garros\/formations\/seconde-gt\/euro-anglais\/lycee-professionnel-assp\/","title":{"rendered":"DNL en lyc\u00e9e professionnel ASSP"},"content":{"rendered":"<h2>En Lyc\u00e9e Professionnel<\/h2>\n<p>ASSP, Accompagnement, Soins et Services \u00e0 la Personne<br \/>\nDiscipline non linguistique (DNL) &#8211; Sciences Techniques et M\u00e9dico-Sociales<\/p>\n<h3>Les objectifs<\/h3>\n<ul>\n<li>D\u00e9velopper la compr\u00e9hension \u00e9crite et orale de la langue anglaise ;<\/li>\n<li>Prendre confiance en sa capacit\u00e9 \u00e0 s\u2019adapter \u00e0 un monde \u00e9conomique et culturel diff\u00e9rent ;<\/li>\n<li>Faciliter l\u2019acc\u00e8s \u00e0 l\u2019enseignement sup\u00e9rieur ;<\/li>\n<li>B\u00e9n\u00e9ficier d\u2019atouts pr\u00e9cieux dans la vie professionnelle pour r\u00e9pondre aux besoins des entreprises et favoriser les \u00e9changes europ\u00e9ens.<\/li>\n<\/ul>\n<h3>Les horaires<\/h3>\n<p>Des horaires hebdomadaires sp\u00e9cifiques\u00a0:<\/p>\n<table>\n<tbody>\n<tr>\n<th>Mati\u00e8res<\/th>\n<th>Nombre d&rsquo;heures<\/th>\n<\/tr>\n<tr>\n<td>Anglais<\/td>\n<td>2h30<\/td>\n<\/tr>\n<tr>\n<td>Anglais Section Europ\u00e9enne<\/td>\n<td>1h00<\/td>\n<\/tr>\n<tr>\n<td>DNL Sciences Techniques et M\u00e9dico-Sociales<\/td>\n<td>1h00<\/td>\n<\/tr>\n<tr>\n<td>Conversation Anglaise avec un(e) assistant(e)<\/td>\n<td>0h30<\/td>\n<\/tr>\n<\/tbody>\n<\/table>\n<h3>Le stage<\/h3>\n<ul>\n<li>Un <strong>stage \u00e0 l&rsquo;\u00e9tranger<\/strong> en terminale d\u2019une dur\u00e9e de 4 semaines. Les \u00e9l\u00e8ves, log\u00e9s en famille d&rsquo;accueil, r\u00e9alisent des activit\u00e9s professionnelles centr\u00e9es sur le c\u0153ur de leur m\u00e9tier, ce qui leur permet la d\u00e9livrance d&rsquo;un passeport attestant des activit\u00e9s men\u00e9es dans l&rsquo;entreprise l&rsquo;<strong>europass mobilit\u00e9<\/strong>.<\/li>\n<\/ul>\n<h3>L\u2019examen<\/h3>\n<ul>\n<li>Pour obtenir la <strong>mention europ\u00e9enne<\/strong> au bac, l&rsquo;\u00e9l\u00e8ve doit avoir au moins 10\/20 \u00e0 une \u00e9preuve orale sp\u00e9cifique, et 12\/20 \u00e0 l\u2019\u00e9preuve commune orale d\u2019anglais ;<\/li>\n<li>D\u00e9livrance de l\u2019attestation <strong>euromobipro<\/strong> pour attester des comp\u00e9tences acquises dans le cadre de l\u2019unit\u00e9 facultative de mobilit\u00e9.<\/li>\n<\/ul>\n","protected":false},"excerpt":{"rendered":"<p>En Lyc\u00e9e Professionnel ASSP, Accompagnement, Soins et Services \u00e0 la Personne Discipline non linguistique (DNL) &#8211; Sciences Techniques et M\u00e9dico-Sociales Les objectifs D\u00e9velopper la compr\u00e9hension \u00e9crite et orale de la langue anglaise ; Prendre confiance en sa capacit\u00e9 \u00e0 s\u2019adapter \u00e0 un monde \u00e9conomique et culturel diff\u00e9rent ; Faciliter l\u2019acc\u00e8s&#8230;<\/p>\n<p> <a class=\"continue-reading-link\" href=\"https:\/\/etab.ac-reunion.fr\/lyc-roland-garros\/formations\/seconde-gt\/euro-anglais\/lycee-professionnel-assp\/\"><span>Lire plus<\/span><i class=\"crycon-right-dir\"><\/i><\/a> <\/p>\n","protected":false},"author":10850,"featured_media":0,"parent":493,"menu_order":1,"comment_status":"closed","ping_status":"closed","template":"","meta":{"footnotes":"","_links_to":"","_links_to_target":""},"class_list":["post-11515","page","type-page","status-publish","hentry"],"_links":{"self":[{"href":"https:\/\/etab.ac-reunion.fr\/lyc-roland-garros\/wp-json\/wp\/v2\/pages\/11515","targetHints":{"allow":["GET"]}}],"collection":[{"href":"https:\/\/etab.ac-reunion.fr\/lyc-roland-garros\/wp-json\/wp\/v2\/pages"}],"about":[{"href":"https:\/\/etab.ac-reunion.fr\/lyc-roland-garros\/wp-json\/wp\/v2\/types\/page"}],"author":[{"embeddable":true,"href":"https:\/\/etab.ac-reunion.fr\/lyc-roland-garros\/wp-json\/wp\/v2\/users\/10850"}],"replies":[{"embeddable":true,"href":"https:\/\/etab.ac-reunion.fr\/lyc-roland-garros\/wp-json\/wp\/v2\/comments?post=11515"}],"version-history":[{"count":3,"href":"https:\/\/etab.ac-reunion.fr\/lyc-roland-garros\/wp-json\/wp\/v2\/pages\/11515\/revisions"}],"predecessor-version":[{"id":11727,"href":"https:\/\/etab.ac-reunion.fr\/lyc-roland-garros\/wp-json\/wp\/v2\/pages\/11515\/revisions\/11727"}],"up":[{"embeddable":true,"href":"https:\/\/etab.ac-reunion.fr\/lyc-roland-garros\/wp-json\/wp\/v2\/pages\/493"}],"wp:attachment":[{"href":"https:\/\/etab.ac-reunion.fr\/lyc-roland-garros\/wp-json\/wp\/v2\/media?parent=11515"}],"curies":[{"name":"wp","href":"https:\/\/api.w.org\/{rel}","templated":true}]}}