{"id":14854,"date":"2022-04-14T08:30:19","date_gmt":"2022-04-14T04:30:19","guid":{"rendered":"http:\/\/lycee-roland-garros.ac-reunion.fr\/?page_id=14854"},"modified":"2025-12-15T09:19:50","modified_gmt":"2025-12-15T05:19:50","slug":"option-lca-latin-grec","status":"publish","type":"page","link":"https:\/\/etab.ac-reunion.fr\/lyc-roland-garros\/formations\/seconde-gt\/option-lca-latin-grec\/","title":{"rendered":"Option LCA Latin Grec"},"content":{"rendered":"<p>Deux enseignements seront propos\u00e9s \u00e0 la rentr\u00e9e : l&rsquo;option et la sp\u00e9cialit\u00e9. L&rsquo;option \u00e0 partir de la seconde (latin OU grec). La sp\u00e9cialit\u00e9 (litt\u00e9rature et langues et cultures de l&rsquo;antiquit\u00e9) \u00e0 partir de la premi\u00e8re, en enseignement conjoint latin\/grec.<\/p>\n<p><b>Toute inscription \u00e0 une option vaut pour l&rsquo;ann\u00e9e scolaire enti\u00e8re. L&rsquo;option pourra \u00eatre abandonn\u00e9e l&rsquo;ann\u00e9e suivante<\/b><\/p>\n<p>Voulez-vous des informations sur les horaires, sur les contenus, sur les modalit\u00e9s ?<br \/>\nNous sommes \u00e0 votre disposition pour des informations compl\u00e9mentaires<\/p>\n<p>A tr\u00e8s vite !<\/p>\n<hr \/>\n<h2 style=\"text-align: center\">Derniers articles<\/h2>\n","protected":false},"excerpt":{"rendered":"<p>Deux enseignements seront propos\u00e9s \u00e0 la rentr\u00e9e : l&rsquo;option et la sp\u00e9cialit\u00e9. L&rsquo;option \u00e0 partir de la seconde (latin OU grec). La sp\u00e9cialit\u00e9 (litt\u00e9rature et langues et cultures de l&rsquo;antiquit\u00e9) \u00e0 partir de la premi\u00e8re, en enseignement conjoint latin\/grec. Toute inscription \u00e0 une option vaut pour l&rsquo;ann\u00e9e scolaire enti\u00e8re. L&rsquo;option&#8230;<\/p>\n<p> <a class=\"continue-reading-link\" href=\"https:\/\/etab.ac-reunion.fr\/lyc-roland-garros\/formations\/seconde-gt\/option-lca-latin-grec\/\"><span>Lire plus<\/span><i class=\"crycon-right-dir\"><\/i><\/a> <\/p>\n","protected":false},"author":10850,"featured_media":0,"parent":11,"menu_order":5,"comment_status":"closed","ping_status":"closed","template":"templates\/template-page-with-intro.php","meta":{"footnotes":"","_links_to":"","_links_to_target":""},"class_list":["post-14854","page","type-page","status-publish","hentry"],"_links":{"self":[{"href":"https:\/\/etab.ac-reunion.fr\/lyc-roland-garros\/wp-json\/wp\/v2\/pages\/14854","targetHints":{"allow":["GET"]}}],"collection":[{"href":"https:\/\/etab.ac-reunion.fr\/lyc-roland-garros\/wp-json\/wp\/v2\/pages"}],"about":[{"href":"https:\/\/etab.ac-reunion.fr\/lyc-roland-garros\/wp-json\/wp\/v2\/types\/page"}],"author":[{"embeddable":true,"href":"https:\/\/etab.ac-reunion.fr\/lyc-roland-garros\/wp-json\/wp\/v2\/users\/10850"}],"replies":[{"embeddable":true,"href":"https:\/\/etab.ac-reunion.fr\/lyc-roland-garros\/wp-json\/wp\/v2\/comments?post=14854"}],"version-history":[{"count":11,"href":"https:\/\/etab.ac-reunion.fr\/lyc-roland-garros\/wp-json\/wp\/v2\/pages\/14854\/revisions"}],"predecessor-version":[{"id":20445,"href":"https:\/\/etab.ac-reunion.fr\/lyc-roland-garros\/wp-json\/wp\/v2\/pages\/14854\/revisions\/20445"}],"up":[{"embeddable":true,"href":"https:\/\/etab.ac-reunion.fr\/lyc-roland-garros\/wp-json\/wp\/v2\/pages\/11"}],"wp:attachment":[{"href":"https:\/\/etab.ac-reunion.fr\/lyc-roland-garros\/wp-json\/wp\/v2\/media?parent=14854"}],"curies":[{"name":"wp","href":"https:\/\/api.w.org\/{rel}","templated":true}]}}

<p>Deux enseignements seront proposés à la rentrée : l&rsquo;option et la spécialité. L&rsquo;option à partir de la seconde (latin OU grec). La spécialité (littérature et langues et cultures de l&rsquo;antiquité) à partir de la première, en enseignement conjoint latin/grec.</p>
<p><b>Toute inscription à une option vaut pour l&rsquo;année scolaire entière. L&rsquo;option pourra être abandonnée l&rsquo;année suivante</b></p>
<p>Voulez-vous des informations sur les horaires, sur les contenus, sur les modalités ?<br />
Nous sommes à votre disposition pour des informations complémentaires</p>
<p>A très vite !</p>
<hr />
<h2 style="text-align: center">Derniers articles</h2>

<p>Deux enseignements seront proposés à la rentrée : l&rsquo;option et la spécialité. L&rsquo;option à partir de la seconde (latin OU grec). La spécialité (littérature et langues et cultures de l&rsquo;antiquité) à partir de la première, en enseignement conjoint latin/grec. Toute inscription à une option vaut pour l&rsquo;année scolaire entière. L&rsquo;option&#8230;</p>
<p> <a class="continue-reading-link" href="https://etab.ac-reunion.fr/lyc-roland-garros/formations/seconde-gt/option-lca-latin-grec/"><span>Lire plus</span><i class="crycon-right-dir"></i></a> </p>
