{"id":15,"date":"2016-02-09T11:49:48","date_gmt":"2016-02-09T07:49:48","guid":{"rendered":"http:\/\/lycee-roland-garros-tmp.ac-reunion.fr\/?page_id=15"},"modified":"2023-07-08T09:26:48","modified_gmt":"2023-07-08T05:26:48","slug":"bcpst","status":"publish","type":"page","link":"https:\/\/etab.ac-reunion.fr\/lyc-roland-garros\/formations\/cpge\/bcpst\/","title":{"rendered":"BCPST"},"content":{"rendered":"<p>CPGE Biologie, Chimie, Physique et Sciences de la Terre<\/p>\n<p style=\"text-align: center\">\n<p><img loading=\"lazy\" decoding=\"async\" class=\"aligncenter wp-image-1085 size-medium\" src=\"https:\/\/etab.ac-reunion.fr\/lyc-roland-garros\/wp-content\/uploads\/sites\/142\/2016\/02\/bcpst_recadre-300x167.jpg\" alt=\"bcpst_recadre\" width=\"300\" height=\"167\" srcset=\"https:\/\/etab.ac-reunion.fr\/lyc-roland-garros\/wp-content\/uploads\/sites\/142\/2016\/02\/bcpst_recadre-300x167.jpg 300w, https:\/\/etab.ac-reunion.fr\/lyc-roland-garros\/wp-content\/uploads\/sites\/142\/2016\/02\/bcpst_recadre.jpg 1024w, https:\/\/etab.ac-reunion.fr\/lyc-roland-garros\/wp-content\/uploads\/sites\/142\/2016\/02\/bcpst_recadre-150x84.jpg 150w\" sizes=\"auto, (max-width: 300px) 100vw, 300px\" \/><\/p>\n<h2>Pr\u00e9sentation<\/h2>\n<p>Sur 2 ans, les classes pr\u00e9paratoires aux grandes \u00e9coles (CPGE) visent la r\u00e9ussite aux concours d\u2019entr\u00e9e des \u00e9coles de commerce et d\u2019ing\u00e9nieurs, mais aussi v\u00e9t\u00e9rinaires ou militaires, \u00e9coles normales sup\u00e9rieures (ENS), \u00c9cole des chartes\u2026<\/p>\n<p>R\u00e9parties en 3 fili\u00e8res (litt\u00e9raire, \u00e9conomique ou scientifique), elles proposent un programme d\u2019\u00e9tudes pluridisciplinaire et fournissent aux \u00e9l\u00e8ves des m\u00e9thodes de travail utiles, quelle que soit la poursuite d\u2019\u00e9tudes.<\/p>\n<p>Parmi cette offre, la CPGE BCPST (Biologie, Chimie, Physique, Sciences de la Terre, mais aussi math\u00e9matiques !) est la seule pr\u00e9pa scientifique proposant une composante Biologie\/Sciences de la Terre, ainsi qu&rsquo;un enseignement de g\u00e9ographie.<\/p>\n<h2>Organisation des \u00e9tudes<\/h2>\n<p>Pr\u00e9vues sur 2 ans, il est toutefois permis aux \u00e9tudiants qui le souhaitent de redoubler une fois en 2e ann\u00e9e pour am\u00e9liorer leurs r\u00e9sultats aux concours.<\/p>\n<p>Les classes pr\u00e9pa s\u2019int\u00e8grent dans le cadre du lyc\u00e9e. Qui dit lyc\u00e9e dit petites promotions et encadrement p\u00e9dagogique renforc\u00e9.<\/p>\n<p>Les enseignants des classes pr\u00e9paratoires se rendent disponibles. Ils jouent le r\u00f4le de tuteur, re\u00e7oivent individuellement les \u00e9l\u00e8ves qui cherchent des conseils et les accompagnent dans leur travail.<\/p>\n<p>L\u2019emploi du temps est partag\u00e9 entre cours, travaux dirig\u00e9s (TD) et, pour les pr\u00e9pas scientifiques, travaux d\u2019initiative personnelle encadr\u00e9s (TIPE). S\u2019y ajoutent les devoirs sur table et les colles, qui sont des entra\u00eenements aux oraux des concours.<\/p>\n<h2>Pour qui ?<\/h2>\n<p>La CPGE BCPST est destin\u00e9e aux \u00e9tudiants issus de terminale S.<\/p>\n<h2>Quels concours ?<\/h2>\n<p>La CPGE BCPST permet de pr\u00e9senter les concours pour devenir v\u00e9t\u00e9rinaire, ing\u00e9nieur, enseignant, chercheur, &#8230;<\/p>\n<h2>Admissions<\/h2>\n<p>Avec le bac et sur dossier scolaire.<\/p>\n<p>L&rsquo;ensemble de l&rsquo;\u00e9quipe p\u00e9dagogique examine les notes et les appr\u00e9ciations de premi\u00e8re et des deux premiers\u2009trimestres de terminale. Les r\u00e9sultats aux \u00e9preuves anticip\u00e9es et la motivation sont aussi pris en compte.<\/p>\n<ul>\n<li>Ces classes sont conseill\u00e9es aux \u00e9l\u00e8ves r\u00e9guliers et travailleurs, qui appr\u00e9cient l&rsquo;approfondissement et la compr\u00e9hension des connaissances. Elles sont accessibles aux bacheliers g\u00e9n\u00e9raux (S, L, ES, selon le cas) et, parfois, r\u00e9serv\u00e9es aux bacheliers technologiques (STG, STI, STL, STAV, selon le cas).<\/li>\n<\/ul>\n<p>\u00c0 noter : avant d\u2019int\u00e9grer la pr\u00e9pa, il est possible de suivre une \u00e0 deux ann\u00e9e de mise \u00e0 niveau via une classe pr\u00e9paratoire \u00e0 l\u2019enseignement sup\u00e9rieur.<\/p>\n<ul>\n<li>Il faut savoir \u00e9valuer ses chances pour \u00eatre s\u00fbr d\u2019\u00eatre retenu et ne pas miser forc\u00e9ment sur les pr\u00e9pas les plus \u00ab\u2009r\u00e9put\u00e9es\u2009\u00bb. Discutez-en avec votre professeur principal et allez aux journ\u00e9es portes ouvertes des lyc\u00e9es.<\/li>\n<li>L\u2019admission en CPGE est g\u00e9r\u00e9e par une proc\u00e9dure informatis\u00e9e apr\u00e8s inscription sur Admission-Post Bac . D\u00e8s janvier, l\u2019\u00e9l\u00e8ve choisit 12\u2009classes pr\u00e9pa au maximum, dont 6 au plus par fili\u00e8re.<\/li>\n<\/ul>\n<h2>Dipl\u00f4mes<\/h2>\n<p>Les pr\u00e9pas ne d\u00e9bouchent pas sur un titre, mais donnent droit \u00e0 des cr\u00e9dits.<br \/>\nInscrites dans le syst\u00e8me LMD, les pr\u00e9pas valident des cr\u00e9dits europ\u00e9ens (120 au maximum \u00e0 l\u2019issue des 2 ans) qui permettent d\u2019obtenir des \u00e9quivalences en cas de r\u00e9orientation.<\/p>\n<h2>Rythme de travail<\/h2>\n<p>Un emploi du temps charg\u00e9 et beaucoup de travail personnel.<\/p>\n<ul>\n<li>La pr\u00e9paration des concours exige un rythme soutenu. Selon une enqu\u00eate de l\u2019Observatoire de la vie \u00e9tudiante, un \u00e9l\u00e8ve de pr\u00e9pa travaille en moyenne 60 heures par semaine, cours et travail personnel confondus. Cela laisse peu de place pour les loisirs\u2026 Pour tenir le rythme et supporter la pression, il faut savoir s\u2019organiser et se m\u00e9nager, r\u00e9guli\u00e8rement, des pauses d\u00e9tente.<\/li>\n<li>La pr\u00e9pa permet d\u2019acqu\u00e9rir des m\u00e9thodes de travail rigoureuses qui serviront pour la suite des \u00e9tudes, mais aussi dans la vie active.<\/li>\n<li>L\u2019\u00e9valuation r\u00e9guli\u00e8re du travail permet de contr\u00f4ler le niveau et d\u2019assurer une progression des acquisitions. Les exigences \u00e9tant \u00e9lev\u00e9es, les notes baissent souvent en d\u00e9but de pr\u00e9pa. Pour autant, il ne faut pas se d\u00e9courager. La pers\u00e9v\u00e9rance portera ses fruits.<\/li>\n<\/ul>\n<hr \/>\n<h2 style=\"text-align: center\">Derniers articles<\/h2>\n","protected":false},"excerpt":{"rendered":"<p>CPGE Biologie, Chimie, Physique et Sciences de la Terre Pr\u00e9sentation Sur 2 ans, les classes pr\u00e9paratoires aux grandes \u00e9coles (CPGE) visent la r\u00e9ussite aux concours d\u2019entr\u00e9e des \u00e9coles de commerce et d\u2019ing\u00e9nieurs, mais aussi v\u00e9t\u00e9rinaires ou militaires, \u00e9coles normales sup\u00e9rieures (ENS), \u00c9cole des chartes\u2026 R\u00e9parties en 3 fili\u00e8res (litt\u00e9raire, \u00e9conomique&#8230;<\/p>\n<p> <a class=\"continue-reading-link\" href=\"https:\/\/etab.ac-reunion.fr\/lyc-roland-garros\/formations\/cpge\/bcpst\/\"><span>Lire plus<\/span><i class=\"crycon-right-dir\"><\/i><\/a> <\/p>\n","protected":false},"author":10850,"featured_media":0,"parent":149,"menu_order":1,"comment_status":"closed","ping_status":"closed","template":"templates\/template-page-with-intro.php","meta":{"footnotes":"","_links_to":"","_links_to_target":""},"class_list":["post-15","page","type-page","status-publish","hentry"],"_links":{"self":[{"href":"https:\/\/etab.ac-reunion.fr\/lyc-roland-garros\/wp-json\/wp\/v2\/pages\/15","targetHints":{"allow":["GET"]}}],"collection":[{"href":"https:\/\/etab.ac-reunion.fr\/lyc-roland-garros\/wp-json\/wp\/v2\/pages"}],"about":[{"href":"https:\/\/etab.ac-reunion.fr\/lyc-roland-garros\/wp-json\/wp\/v2\/types\/page"}],"author":[{"embeddable":true,"href":"https:\/\/etab.ac-reunion.fr\/lyc-roland-garros\/wp-json\/wp\/v2\/users\/10850"}],"replies":[{"embeddable":true,"href":"https:\/\/etab.ac-reunion.fr\/lyc-roland-garros\/wp-json\/wp\/v2\/comments?post=15"}],"version-history":[{"count":57,"href":"https:\/\/etab.ac-reunion.fr\/lyc-roland-garros\/wp-json\/wp\/v2\/pages\/15\/revisions"}],"predecessor-version":[{"id":15841,"href":"https:\/\/etab.ac-reunion.fr\/lyc-roland-garros\/wp-json\/wp\/v2\/pages\/15\/revisions\/15841"}],"up":[{"embeddable":true,"href":"https:\/\/etab.ac-reunion.fr\/lyc-roland-garros\/wp-json\/wp\/v2\/pages\/149"}],"wp:attachment":[{"href":"https:\/\/etab.ac-reunion.fr\/lyc-roland-garros\/wp-json\/wp\/v2\/media?parent=15"}],"curies":[{"name":"wp","href":"https:\/\/api.w.org\/{rel}","templated":true}]}}