{"id":152,"date":"2016-02-24T10:57:59","date_gmt":"2016-02-24T06:57:59","guid":{"rendered":"http:\/\/lycee-roland-garros-tmp.ac-reunion.fr\/?page_id=152"},"modified":"2026-03-31T14:42:51","modified_gmt":"2026-03-31T10:42:51","slug":"ats","status":"publish","type":"page","link":"https:\/\/etab.ac-reunion.fr\/lyc-roland-garros\/formations\/cpge\/ats\/","title":{"rendered":"ATS"},"content":{"rendered":"<p>CPGE Adaptation Technicien Sup\u00e9rieur<\/p>\n<hr \/>\n<h2>Pr\u00e9sentation<\/h2>\n<p>La section ATS (Adaptation Technicien Sup\u00e9rieur) est une Classe Pr\u00e9paratoire aux Grandes \u00c9coles (CPGE) qui pr\u00e9pare en un an les titulaires d\u2019un BTS ou d\u2019un DUT\/BUT \u00e0 int\u00e9grer une \u00e9cole d\u2019ing\u00e9nieurs. Il existe plusieurs ATS dans des secteurs diff\u00e9rents comme l\u2019ing\u00e9nierie industrielle, le g\u00e9nie civil, les m\u00e9tiers de la chimie (<i>cf.<\/i>\u00a0<a class=\"moz-txt-link-freetext\" href=\"https:\/\/prepas-ats.org\/\">https:\/\/prepas-ats.org\/<\/a> pour plus d\u2019informations sur les fili\u00e8res et l\u2019ATS en g\u00e9n\u00e9ral ).<\/p>\n<p>La CPGE du lyc\u00e9e Roland Garros est une ATS mixte ing\u00e9nierie industrielle et g\u00e9nie civil.<\/p>\n<h2>Pour qui ?<\/h2>\n<p>Cette CPGE est destin\u00e9e aux titulaires d\u2019un BTS ou d\u2019un DUT\/BUT dans le secteur du g\u00e9nie industriel ou du g\u00e9nie civil. N\u00e9anmoins, nous accueillons chaque ann\u00e9e des \u00e9tudiants d\u00e9sireux de poursuivre leurs cursus dans l\u2019un de ces domaines, mais qui sont titulaires d\u2019un BTS ou DUT\/BUT qui n\u2019est pas en lien avec ces domaines. Il est donc tout \u00e0 fait possible de candidater en n\u2019ayant pas suivi une formation initiale dans l\u2019un de ces domaines\u202f; le 1\u1d49\u02b3 crit\u00e8re pour suivre efficacement est la motivation\u202f!<\/p>\n<h2>Admission<\/h2>\n<p>L\u2019\u00e9quipe p\u00e9dagogique d\u2019ATS examine d\u00e9but juin les dossiers constitu\u00e9s par les candidats. Ce dossier (un pour la formation en ing\u00e9nierie industrielle et un pour celle en g\u00e9nie civil) comporte les bulletins de BTS ou DUT\/BUT ainsi que les relev\u00e9s de notes de chaque examen le cas \u00e9ch\u00e9ant. Les avis des enseignants sont demand\u00e9s : \u00eatre s\u00e9rieux dans le travail est un \u00e9l\u00e9ment important pris en compte.<\/p>\n<p><a href=\"https:\/\/etab.ac-reunion.fr\/lyc-roland-garros\/formations\/cpge\/ats\/dossier_candidature_ats_gc_2026\/\" rel=\"attachment wp-att-20772\">dossier_candidature_ATS_G\u00e9nie Civil_2026<\/a><\/p>\n<p><a href=\"https:\/\/etab.ac-reunion.fr\/lyc-roland-garros\/formations\/cpge\/ats\/dossier_candidature_ats_ii_2026\/\" rel=\"attachment wp-att-20773\">dossier_candidature_ATS_Ing\u00e9nierie Industrielle_2026<\/a><\/p>\n<h2>Organisation<\/h2>\n<p>Une r\u00e9partition hebdomadaire\u00a0qui peut sembler lourde au d\u00e9marrage, mais l\u2019habitude vient rapidement\u00a0!<\/p>\n<table width=\"734\">\n<tbody>\n<tr>\n<td width=\"530\"><strong>Mati\u00e8res<\/strong><\/td>\n<td width=\"204\"><strong>Nombre d&rsquo;heures<\/strong><\/td>\n<\/tr>\n<tr>\n<td width=\"530\">Math\u00e9matiques<\/td>\n<td width=\"204\">10<\/td>\n<\/tr>\n<tr>\n<td width=\"530\">Sciences Physiques<\/td>\n<td width=\"204\">10<\/td>\n<\/tr>\n<tr>\n<td width=\"530\">Sciences industrielles de l\u2019ing\u00e9nieur (g\u00e9nie \u00e9lectrique et m\u00e9canique OU g\u00e9nie civil)<\/td>\n<td width=\"204\">7<\/td>\n<\/tr>\n<tr>\n<td width=\"530\">Anglais<\/td>\n<td width=\"204\">3<\/td>\n<\/tr>\n<tr>\n<td width=\"530\">Fran\u00e7ais et philosophie<\/td>\n<td width=\"204\">3<\/td>\n<\/tr>\n<tr>\n<td width=\"530\">Informatique<\/td>\n<td width=\"204\">1<\/td>\n<\/tr>\n<tr>\n<td width=\"530\">EPS<\/td>\n<td width=\"204\">2<\/td>\n<\/tr>\n<\/tbody>\n<\/table>\n<p>Il faut ajouter par semaine 4 heures de devoir surveill\u00e9 et 3 heures d&rsquo;interrogations orales (\u00ab\u00a0colles\u00a0\u00bb).<\/p>\n<h2>D\u00e9bouch\u00e9s\/poursuites d&rsquo;\u00e9tudes<\/h2>\n<p class=\"western\">Les \u00e9tudiants d\u2019ATS poursuivent naturellement en \u00e9cole d\u2019ing\u00e9nieurs.<\/p>\n<p>Leur int\u00e9gration peut \u00eatre cons\u00e9cutive \u00e0 la r\u00e9ussite au concours national sp\u00e9cifique ATS, les \u00e9crits se d\u00e9roulant au lyc\u00e9e Roland Garros (et les oraux \u00e0 Paris mais avec des aides sp\u00e9cifiques de LADOM et la R\u00e9gion couvrant les frais aff\u00e9rents). La liste des \u00e9coles d\u2019ing\u00e9nieurs recrutant sur ce concours est sur le site <a class=\"moz-txt-link-freetext\" href=\"https:\/\/www.concoursats.fr\/\">https:\/\/www.concoursats.fr\/<\/a>.<\/p>\n<p>Ils peuvent aussi int\u00e9grer d\u2019autres \u00e9coles d\u2019ing\u00e9nieurs sur titre, dossier ou sur des \u00e9preuves propres \u00e0 chacune. Ces candidatures se basent alors g\u00e9n\u00e9ralement sur des \u00e9l\u00e9ments comme leurs bulletins et appr\u00e9ciations des enseignants d\u2019ATS (une fiche d\u2019Avis Unique de Poursuite d\u2019\u00c9tudes est \u00e9tablie \u00e0 cette fin mi-avril).<\/p>\n<p>Enfin, ils ont la possibilit\u00e9 d\u2019int\u00e9grer un cycle licence (par exemple SPI) ou licence professionnelle.<\/p>\n<p>&nbsp;<\/p>\n<hr \/>\n<h2 style=\"text-align: center\">Derniers articles<\/h2>\n","protected":false},"excerpt":{"rendered":"<p>CPGE Adaptation Technicien Sup\u00e9rieur Pr\u00e9sentation La section ATS (Adaptation Technicien Sup\u00e9rieur) est une Classe Pr\u00e9paratoire aux Grandes \u00c9coles (CPGE) qui pr\u00e9pare en un an les titulaires d\u2019un BTS ou d\u2019un DUT\/BUT \u00e0 int\u00e9grer une \u00e9cole d\u2019ing\u00e9nieurs. Il existe plusieurs ATS dans des secteurs diff\u00e9rents comme l\u2019ing\u00e9nierie industrielle, le g\u00e9nie civil,&#8230;<\/p>\n<p> <a class=\"continue-reading-link\" href=\"https:\/\/etab.ac-reunion.fr\/lyc-roland-garros\/formations\/cpge\/ats\/\"><span>Lire plus<\/span><i class=\"crycon-right-dir\"><\/i><\/a> <\/p>\n","protected":false},"author":10850,"featured_media":0,"parent":149,"menu_order":2,"comment_status":"closed","ping_status":"closed","template":"templates\/template-page-with-intro.php","meta":{"footnotes":"","_links_to":"","_links_to_target":""},"class_list":["post-152","page","type-page","status-publish","hentry"],"_links":{"self":[{"href":"https:\/\/etab.ac-reunion.fr\/lyc-roland-garros\/wp-json\/wp\/v2\/pages\/152","targetHints":{"allow":["GET"]}}],"collection":[{"href":"https:\/\/etab.ac-reunion.fr\/lyc-roland-garros\/wp-json\/wp\/v2\/pages"}],"about":[{"href":"https:\/\/etab.ac-reunion.fr\/lyc-roland-garros\/wp-json\/wp\/v2\/types\/page"}],"author":[{"embeddable":true,"href":"https:\/\/etab.ac-reunion.fr\/lyc-roland-garros\/wp-json\/wp\/v2\/users\/10850"}],"replies":[{"embeddable":true,"href":"https:\/\/etab.ac-reunion.fr\/lyc-roland-garros\/wp-json\/wp\/v2\/comments?post=152"}],"version-history":[{"count":12,"href":"https:\/\/etab.ac-reunion.fr\/lyc-roland-garros\/wp-json\/wp\/v2\/pages\/152\/revisions"}],"predecessor-version":[{"id":20774,"href":"https:\/\/etab.ac-reunion.fr\/lyc-roland-garros\/wp-json\/wp\/v2\/pages\/152\/revisions\/20774"}],"up":[{"embeddable":true,"href":"https:\/\/etab.ac-reunion.fr\/lyc-roland-garros\/wp-json\/wp\/v2\/pages\/149"}],"wp:attachment":[{"href":"https:\/\/etab.ac-reunion.fr\/lyc-roland-garros\/wp-json\/wp\/v2\/media?parent=152"}],"curies":[{"name":"wp","href":"https:\/\/api.w.org\/{rel}","templated":true}]}}