{"id":1741,"date":"2016-04-05T13:58:19","date_gmt":"2016-04-05T09:58:19","guid":{"rendered":"http:\/\/lycee-roland-garros.ac-reunion.fr\/?page_id=1741"},"modified":"2016-04-05T15:12:07","modified_gmt":"2016-04-05T11:12:07","slug":"commission-hygiene-securite","status":"publish","type":"page","link":"https:\/\/etab.ac-reunion.fr\/lyc-roland-garros\/etablissement\/instances\/commission-hygiene-securite\/","title":{"rendered":"Commission d&rsquo;Hygi\u00e8ne et de S\u00e9curit\u00e9 (CHS)"},"content":{"rendered":"<hr \/>\n<h2>Composition<\/h2>\n<p>La Composition de la CHS est la suivante :<\/p>\n<ul>\n<li>le chef d\u2019\u00e9tablissement, pr\u00e9sident,<\/li>\n<li>le gestionnaire,<\/li>\n<li>le conseiller principal d\u2019\u00e9ducation ou le conseiller d\u2019\u00e9ducation si\u00e9geant au conseil d\u2019administration,<\/li>\n<li>le chef de travaux,<\/li>\n<li>le repr\u00e9sentant de la collectivit\u00e9 de rattachement,<\/li>\n<li>deux repr\u00e9sentants au titre des personnels enseignants,<\/li>\n<li>un repr\u00e9sentant au titre des personnels administratifs, sociaux, de sant\u00e9, techniques, ouvriers et de service (deux repr\u00e9sentants dans les \u00e9tablissements de plus de 600 \u00e9l\u00e8ves),<\/li>\n<li>deux repr\u00e9sentants des parents d\u2019\u00e9l\u00e8ves, d\u00e9sign\u00e9s au sein du CA,<\/li>\n<li>deux repr\u00e9sentants des \u00e9l\u00e8ves, d\u00e9sign\u00e9s au sein du conseil des d\u00e9l\u00e9gu\u00e9s des \u00e9l\u00e8ves par ces derniers.<\/li>\n<\/ul>\n<p>Il est d\u00e9sign\u00e9 autant de suppl\u00e9ants que de titulaires pour les repr\u00e9sentants du personnel, des parents d\u2019\u00e9l\u00e8ves et des \u00e9l\u00e8ves.<\/p>\n<ul>\n<li>l\u2019adjoint assiste de droit aux r\u00e9unions de la CHS et en assure la pr\u00e9sidence en cas d\u2019emp\u00eachement du chef d\u2019\u00e9tablissement.<\/li>\n<li>le m\u00e9decin de pr\u00e9vention, le m\u00e9decin de l\u2019\u00e9ducation nationale et l\u2019infirmi\u00e8re assistent de droit aux s\u00e9ances de la CHS en qualit\u00e9 d\u2019expert.<\/li>\n<li>des personnes qualifi\u00e9es peuvent \u00eatre invit\u00e9es.<\/li>\n<\/ul>\n<h2>Fonctionnement<\/h2>\n<p>La commission d\u2019hygi\u00e8ne et de s\u00e9curit\u00e9 se r\u00e9unit en s\u00e9ance ordinaire \u00e0 l\u2019initiative du chef d\u2019\u00e9tablissement au moins une fois par trimestre. Elle est convoqu\u00e9e en s\u00e9ance extraordinaire, sur ordre du jour d\u00e9termin\u00e9, \u00e0 la demande du chef d\u2019\u00e9tablissement, du conseil d\u2019administration, du conseil des d\u00e9l\u00e9gu\u00e9s pour la vie lyc\u00e9enne, du tiers au moins de ses membres ou du repr\u00e9sentant de la collectivit\u00e9 de rattachement.<\/p>\n<p>La commission d&rsquo;hygi\u00e8ne et de s\u00e9curit\u00e9 fait toutes propositions utiles en vue de promouvoir la formation \u00e0 la s\u00e9curit\u00e9 et de contribuer \u00e0 l&rsquo;am\u00e9lioration des conditions d&rsquo;hygi\u00e8ne et de s\u00e9curit\u00e9 dans l&rsquo;\u00e9tablissement, et notamment dans les ateliers. Elle donne ses avis \u00e0 la majorit\u00e9 des membres pr\u00e9sents.<\/p>\n","protected":false},"excerpt":{"rendered":"<p>Composition La Composition de la CHS est la suivante : le chef d\u2019\u00e9tablissement, pr\u00e9sident, le gestionnaire, le conseiller principal d\u2019\u00e9ducation ou le conseiller d\u2019\u00e9ducation si\u00e9geant au conseil d\u2019administration, le chef de travaux, le repr\u00e9sentant de la collectivit\u00e9 de rattachement, deux repr\u00e9sentants au titre des personnels enseignants, un repr\u00e9sentant au titre&#8230;<\/p>\n<p> <a class=\"continue-reading-link\" href=\"https:\/\/etab.ac-reunion.fr\/lyc-roland-garros\/etablissement\/instances\/commission-hygiene-securite\/\"><span>Lire plus<\/span><i class=\"crycon-right-dir\"><\/i><\/a> <\/p>\n","protected":false},"author":10850,"featured_media":0,"parent":41,"menu_order":3,"comment_status":"closed","ping_status":"closed","template":"","meta":{"footnotes":"","_links_to":"","_links_to_target":""},"class_list":["post-1741","page","type-page","status-publish","hentry"],"_links":{"self":[{"href":"https:\/\/etab.ac-reunion.fr\/lyc-roland-garros\/wp-json\/wp\/v2\/pages\/1741","targetHints":{"allow":["GET"]}}],"collection":[{"href":"https:\/\/etab.ac-reunion.fr\/lyc-roland-garros\/wp-json\/wp\/v2\/pages"}],"about":[{"href":"https:\/\/etab.ac-reunion.fr\/lyc-roland-garros\/wp-json\/wp\/v2\/types\/page"}],"author":[{"embeddable":true,"href":"https:\/\/etab.ac-reunion.fr\/lyc-roland-garros\/wp-json\/wp\/v2\/users\/10850"}],"replies":[{"embeddable":true,"href":"https:\/\/etab.ac-reunion.fr\/lyc-roland-garros\/wp-json\/wp\/v2\/comments?post=1741"}],"version-history":[{"count":5,"href":"https:\/\/etab.ac-reunion.fr\/lyc-roland-garros\/wp-json\/wp\/v2\/pages\/1741\/revisions"}],"predecessor-version":[{"id":1776,"href":"https:\/\/etab.ac-reunion.fr\/lyc-roland-garros\/wp-json\/wp\/v2\/pages\/1741\/revisions\/1776"}],"up":[{"embeddable":true,"href":"https:\/\/etab.ac-reunion.fr\/lyc-roland-garros\/wp-json\/wp\/v2\/pages\/41"}],"wp:attachment":[{"href":"https:\/\/etab.ac-reunion.fr\/lyc-roland-garros\/wp-json\/wp\/v2\/media?parent=1741"}],"curies":[{"name":"wp","href":"https:\/\/api.w.org\/{rel}","templated":true}]}}