{"id":1842,"date":"2016-04-06T21:10:30","date_gmt":"2016-04-06T17:10:30","guid":{"rendered":"http:\/\/lycee-roland-garros.ac-reunion.fr\/?page_id=1842"},"modified":"2016-10-03T20:44:07","modified_gmt":"2016-10-03T16:44:07","slug":"eclipse-solaire","status":"publish","type":"page","link":"https:\/\/etab.ac-reunion.fr\/lyc-roland-garros\/vie-au-lycee\/evenements\/eclipse-solaire\/","title":{"rendered":"Eclipse solaire"},"content":{"rendered":"<hr \/>\n<p><img loading=\"lazy\" decoding=\"async\" class=\"aligncenter size-full wp-image-3826\" src=\"https:\/\/etab.ac-reunion.fr\/lyc-roland-garros\/wp-content\/uploads\/sites\/142\/2016\/04\/solar-eclips.jpg\" alt=\"Eclipse solaire\" width=\"960\" height=\"365\" srcset=\"https:\/\/etab.ac-reunion.fr\/lyc-roland-garros\/wp-content\/uploads\/sites\/142\/2016\/04\/solar-eclips.jpg 960w, https:\/\/etab.ac-reunion.fr\/lyc-roland-garros\/wp-content\/uploads\/sites\/142\/2016\/04\/solar-eclips-300x114.jpg 300w, https:\/\/etab.ac-reunion.fr\/lyc-roland-garros\/wp-content\/uploads\/sites\/142\/2016\/04\/solar-eclips-200x76.jpg 200w, https:\/\/etab.ac-reunion.fr\/lyc-roland-garros\/wp-content\/uploads\/sites\/142\/2016\/04\/solar-eclips-150x57.jpg 150w\" sizes=\"auto, (max-width: 960px) 100vw, 960px\" \/><\/p>\n<h2>Organisation de la journ\u00e9e du 1er septembre 2016 au Lyc\u00e9e Roland Garros<\/h2>\n<h3>&gt; 10h30<\/h3>\n<ul>\n<li>Arr\u00eat des cours ;<\/li>\n<li>Pause m\u00e9ridienne \u2014 restauration avec un sandwich qu&rsquo;il faudra apporter\u00a0(sauf pour les internes qui recevront leur sandwich le matin au petit d\u00e9jeuner).<\/li>\n<\/ul>\n<h3>&gt; 12h00<\/h3>\n<ul>\n<li>les \u00e9l\u00e8ves, les professeurs et les personnels vont dans les classes qui leur sont attribu\u00e9es ;<\/li>\n<li>Appel ;<\/li>\n<li>Distribution des lunettes.<\/li>\n<\/ul>\n<h3>&gt; 12h05<\/h3>\n<p>Fermeture de l&rsquo;\u00e9tablissement, entr\u00e9e impossible.<\/p>\n<h3>&gt; 12h15<\/h3>\n<p>Les classes et les personnels encadrants sont \u00e0 l&rsquo;ext\u00e9rieur pour commencer les\u00a0observations.<\/p>\n<h3>&gt; 12h23 \u00e0 14h08<\/h3>\n<p>Observation directe avec les lunettes et observations dans les diff\u00e9rents ateliers\u00a0(du 1er contact au 2e contact).<\/p>\n<h3>&gt; 14h08 \u00e0 14h11<\/h3>\n<p>Uniquement observation directe avec les lunettes (du 2e contact au 3e contact =\u00a0phase de centralit\u00e9).<\/p>\n<h3>&gt; 14h11 \u00e0 14h30<\/h3>\n<p>Observation directe avec les lunettes et observations dans les diff\u00e9rents ateliers (du 3e contact et avant le 4e contact).<\/p>\n<h3>&gt; 14h30 \u00e0 15h42<\/h3>\n<p>Observation de la fin de l&rsquo;\u00e9clipse si le d\u00e9but \u00e9tait non visible \u00e0 cause de nuages.<\/p>\n<h3>Reprise des cours \u00e0 15h40 selon l&#8217;emploi du temps !<\/h3>\n<hr \/>\n<p><img loading=\"lazy\" decoding=\"async\" class=\"aligncenter size-large wp-image-3827\" src=\"https:\/\/etab.ac-reunion.fr\/lyc-roland-garros\/wp-content\/uploads\/sites\/142\/2016\/04\/Eclipse_tableau_horaire-1024x614.png\" alt=\"Eclipse - Horaire\" width=\"900\" height=\"540\" srcset=\"https:\/\/etab.ac-reunion.fr\/lyc-roland-garros\/wp-content\/uploads\/sites\/142\/2016\/04\/Eclipse_tableau_horaire-1024x614.png 1024w, https:\/\/etab.ac-reunion.fr\/lyc-roland-garros\/wp-content\/uploads\/sites\/142\/2016\/04\/Eclipse_tableau_horaire-300x180.png 300w, https:\/\/etab.ac-reunion.fr\/lyc-roland-garros\/wp-content\/uploads\/sites\/142\/2016\/04\/Eclipse_tableau_horaire-200x120.png 200w, https:\/\/etab.ac-reunion.fr\/lyc-roland-garros\/wp-content\/uploads\/sites\/142\/2016\/04\/Eclipse_tableau_horaire-150x90.png 150w, https:\/\/etab.ac-reunion.fr\/lyc-roland-garros\/wp-content\/uploads\/sites\/142\/2016\/04\/Eclipse_tableau_horaire.png 1118w\" sizes=\"auto, (max-width: 900px) 100vw, 900px\" \/><\/p>\n","protected":false},"excerpt":{"rendered":"<p>Organisation de la journ\u00e9e du 1er septembre 2016 au Lyc\u00e9e Roland Garros &gt; 10h30 Arr\u00eat des cours ; Pause m\u00e9ridienne \u2014 restauration avec un sandwich qu&rsquo;il faudra apporter\u00a0(sauf pour les internes qui recevront leur sandwich le matin au petit d\u00e9jeuner). &gt; 12h00 les \u00e9l\u00e8ves, les professeurs et les personnels vont&#8230;<\/p>\n<p> <a class=\"continue-reading-link\" href=\"https:\/\/etab.ac-reunion.fr\/lyc-roland-garros\/vie-au-lycee\/evenements\/eclipse-solaire\/\"><span>Lire plus<\/span><i class=\"crycon-right-dir\"><\/i><\/a> <\/p>\n","protected":false},"author":10850,"featured_media":0,"parent":1844,"menu_order":0,"comment_status":"closed","ping_status":"closed","template":"templates\/template-page-with-intro.php","meta":{"footnotes":"","_links_to":"","_links_to_target":""},"class_list":["post-1842","page","type-page","status-publish","hentry"],"_links":{"self":[{"href":"https:\/\/etab.ac-reunion.fr\/lyc-roland-garros\/wp-json\/wp\/v2\/pages\/1842","targetHints":{"allow":["GET"]}}],"collection":[{"href":"https:\/\/etab.ac-reunion.fr\/lyc-roland-garros\/wp-json\/wp\/v2\/pages"}],"about":[{"href":"https:\/\/etab.ac-reunion.fr\/lyc-roland-garros\/wp-json\/wp\/v2\/types\/page"}],"author":[{"embeddable":true,"href":"https:\/\/etab.ac-reunion.fr\/lyc-roland-garros\/wp-json\/wp\/v2\/users\/10850"}],"replies":[{"embeddable":true,"href":"https:\/\/etab.ac-reunion.fr\/lyc-roland-garros\/wp-json\/wp\/v2\/comments?post=1842"}],"version-history":[{"count":14,"href":"https:\/\/etab.ac-reunion.fr\/lyc-roland-garros\/wp-json\/wp\/v2\/pages\/1842\/revisions"}],"predecessor-version":[{"id":3848,"href":"https:\/\/etab.ac-reunion.fr\/lyc-roland-garros\/wp-json\/wp\/v2\/pages\/1842\/revisions\/3848"}],"up":[{"embeddable":true,"href":"https:\/\/etab.ac-reunion.fr\/lyc-roland-garros\/wp-json\/wp\/v2\/pages\/1844"}],"wp:attachment":[{"href":"https:\/\/etab.ac-reunion.fr\/lyc-roland-garros\/wp-json\/wp\/v2\/media?parent=1842"}],"curies":[{"name":"wp","href":"https:\/\/api.w.org\/{rel}","templated":true}]}}

<hr />
<p><img loading="lazy" decoding="async" class="aligncenter size-full wp-image-3826" src="https://etab.ac-reunion.fr/lyc-roland-garros/wp-content/uploads/sites/142/2016/04/solar-eclips.jpg" alt="Eclipse solaire" width="960" height="365" srcset="https://etab.ac-reunion.fr/lyc-roland-garros/wp-content/uploads/sites/142/2016/04/solar-eclips.jpg 960w, https://etab.ac-reunion.fr/lyc-roland-garros/wp-content/uploads/sites/142/2016/04/solar-eclips-300x114.jpg 300w, https://etab.ac-reunion.fr/lyc-roland-garros/wp-content/uploads/sites/142/2016/04/solar-eclips-200x76.jpg 200w, https://etab.ac-reunion.fr/lyc-roland-garros/wp-content/uploads/sites/142/2016/04/solar-eclips-150x57.jpg 150w" sizes="auto, (max-width: 960px) 100vw, 960px" /></p>
<h2>Organisation de la journée du 1er septembre 2016 au Lycée Roland Garros</h2>
<h3>&gt; 10h30</h3>
<ul>
<li>Arrêt des cours ;</li>
<li>Pause méridienne — restauration avec un sandwich qu&rsquo;il faudra apporter (sauf pour les internes qui recevront leur sandwich le matin au petit déjeuner).</li>
</ul>
<h3>&gt; 12h00</h3>
<ul>
<li>les élèves, les professeurs et les personnels vont dans les classes qui leur sont attribuées ;</li>
<li>Appel ;</li>
<li>Distribution des lunettes.</li>
</ul>
<h3>&gt; 12h05</h3>
<p>Fermeture de l&rsquo;établissement, entrée impossible.</p>
<h3>&gt; 12h15</h3>
<p>Les classes et les personnels encadrants sont à l&rsquo;extérieur pour commencer les observations.</p>
<h3>&gt; 12h23 à 14h08</h3>
<p>Observation directe avec les lunettes et observations dans les différents ateliers (du 1er contact au 2e contact).</p>
<h3>&gt; 14h08 à 14h11</h3>
<p>Uniquement observation directe avec les lunettes (du 2e contact au 3e contact = phase de centralité).</p>
<h3>&gt; 14h11 à 14h30</h3>
<p>Observation directe avec les lunettes et observations dans les différents ateliers (du 3e contact et avant le 4e contact).</p>
<h3>&gt; 14h30 à 15h42</h3>
<p>Observation de la fin de l&rsquo;éclipse si le début était non visible à cause de nuages.</p>
<h3>Reprise des cours à 15h40 selon l&#8217;emploi du temps !</h3>
<hr />
<p><img loading="lazy" decoding="async" class="aligncenter size-large wp-image-3827" src="https://etab.ac-reunion.fr/lyc-roland-garros/wp-content/uploads/sites/142/2016/04/Eclipse_tableau_horaire-1024x614.png" alt="Eclipse - Horaire" width="900" height="540" srcset="https://etab.ac-reunion.fr/lyc-roland-garros/wp-content/uploads/sites/142/2016/04/Eclipse_tableau_horaire-1024x614.png 1024w, https://etab.ac-reunion.fr/lyc-roland-garros/wp-content/uploads/sites/142/2016/04/Eclipse_tableau_horaire-300x180.png 300w, https://etab.ac-reunion.fr/lyc-roland-garros/wp-content/uploads/sites/142/2016/04/Eclipse_tableau_horaire-200x120.png 200w, https://etab.ac-reunion.fr/lyc-roland-garros/wp-content/uploads/sites/142/2016/04/Eclipse_tableau_horaire-150x90.png 150w, https://etab.ac-reunion.fr/lyc-roland-garros/wp-content/uploads/sites/142/2016/04/Eclipse_tableau_horaire.png 1118w" sizes="auto, (max-width: 900px) 100vw, 900px" /></p>

<p>Organisation de la journée du 1er septembre 2016 au Lycée Roland Garros &gt; 10h30 Arrêt des cours ; Pause méridienne — restauration avec un sandwich qu&rsquo;il faudra apporter (sauf pour les internes qui recevront leur sandwich le matin au petit déjeuner). &gt; 12h00 les élèves, les professeurs et les personnels vont&#8230;</p>
<p> <a class="continue-reading-link" href="https://etab.ac-reunion.fr/lyc-roland-garros/vie-au-lycee/evenements/eclipse-solaire/"><span>Lire plus</span><i class="crycon-right-dir"></i></a> </p>
