{"id":19951,"date":"2025-07-07T11:53:36","date_gmt":"2025-07-07T07:53:36","guid":{"rendered":"https:\/\/etab.ac-reunion.fr\/lyc-roland-garros\/?page_id=19951"},"modified":"2025-07-07T11:54:29","modified_gmt":"2025-07-07T07:54:29","slug":"listes-fournitures-scolaires-rentree-2025-2026-cap-et-bac-pro","status":"publish","type":"page","link":"https:\/\/etab.ac-reunion.fr\/lyc-roland-garros\/scolarite\/inscription\/listes-fournitures-scolaires-rentree-2025-2026-cap-et-bac-pro\/","title":{"rendered":"Listes fournitures scolaires Rentr\u00e9e 2025-2026 CAP et Bac Pro"},"content":{"rendered":"<p>LISTE DES FOURNITURES SCOLAIRES &#8211; RENTR\u00c9E SCOLAIRE 2025-2026<\/p>\n<blockquote><p>1\u00e8re Ann\u00e9e de CAP<\/p><\/blockquote>\n<p><a href=\"https:\/\/etab.ac-reunion.fr\/lyc-roland-garros\/wp-content\/uploads\/sites\/142\/2025\/07\/Liste-des-fournitures-scolaires-1ere-annee-CAP-AEPE-rentree-2025.pdf\">1\u00e8re ann\u00e9e CAP AEPE<\/a><\/p>\n<p><a href=\"https:\/\/etab.ac-reunion.fr\/lyc-roland-garros\/wp-content\/uploads\/sites\/142\/2025\/07\/Liste-effets-scolaires-1ere-annee-CAP-ELectricien-2025-2026.pdf\">1\u00e8re ann\u00e9e CAP ELECTRICITE<\/a><\/p>\n<p>&nbsp;<\/p>\n<blockquote><p>Seconde Bac Professionnel<\/p><\/blockquote>\n<p><a href=\"https:\/\/etab.ac-reunion.fr\/lyc-roland-garros\/wp-content\/uploads\/sites\/142\/2025\/07\/Liste-effets-scolaires-seconde-bac-pro-ASSP-2025-2026.pdf\">Seconde Pro ASSP<\/a><\/p>\n<p><a href=\"https:\/\/etab.ac-reunion.fr\/lyc-roland-garros\/wp-content\/uploads\/sites\/142\/2025\/07\/Liste-effets-scolaires-seconde-bac-pro-MTNE-2025-2026.pdf\">Seconde Pro MTNE<\/a><\/p>\n","protected":false},"excerpt":{"rendered":"<p>LISTE DES FOURNITURES SCOLAIRES &#8211; RENTR\u00c9E SCOLAIRE 2025-2026 1\u00e8re Ann\u00e9e de CAP 1\u00e8re ann\u00e9e CAP AEPE 1\u00e8re ann\u00e9e CAP ELECTRICITE &nbsp; Seconde Bac Professionnel Seconde Pro ASSP Seconde Pro MTNE<\/p>\n<p> <a class=\"continue-reading-link\" href=\"https:\/\/etab.ac-reunion.fr\/lyc-roland-garros\/scolarite\/inscription\/listes-fournitures-scolaires-rentree-2025-2026-cap-et-bac-pro\/\"><span>Lire plus<\/span><i class=\"crycon-right-dir\"><\/i><\/a> <\/p>\n","protected":false},"author":36395,"featured_media":0,"parent":11821,"menu_order":0,"comment_status":"closed","ping_status":"closed","template":"","meta":{"footnotes":"","_links_to":"","_links_to_target":""},"class_list":["post-19951","page","type-page","status-publish","hentry"],"_links":{"self":[{"href":"https:\/\/etab.ac-reunion.fr\/lyc-roland-garros\/wp-json\/wp\/v2\/pages\/19951","targetHints":{"allow":["GET"]}}],"collection":[{"href":"https:\/\/etab.ac-reunion.fr\/lyc-roland-garros\/wp-json\/wp\/v2\/pages"}],"about":[{"href":"https:\/\/etab.ac-reunion.fr\/lyc-roland-garros\/wp-json\/wp\/v2\/types\/page"}],"author":[{"embeddable":true,"href":"https:\/\/etab.ac-reunion.fr\/lyc-roland-garros\/wp-json\/wp\/v2\/users\/36395"}],"replies":[{"embeddable":true,"href":"https:\/\/etab.ac-reunion.fr\/lyc-roland-garros\/wp-json\/wp\/v2\/comments?post=19951"}],"version-history":[{"count":1,"href":"https:\/\/etab.ac-reunion.fr\/lyc-roland-garros\/wp-json\/wp\/v2\/pages\/19951\/revisions"}],"predecessor-version":[{"id":19952,"href":"https:\/\/etab.ac-reunion.fr\/lyc-roland-garros\/wp-json\/wp\/v2\/pages\/19951\/revisions\/19952"}],"up":[{"embeddable":true,"href":"https:\/\/etab.ac-reunion.fr\/lyc-roland-garros\/wp-json\/wp\/v2\/pages\/11821"}],"wp:attachment":[{"href":"https:\/\/etab.ac-reunion.fr\/lyc-roland-garros\/wp-json\/wp\/v2\/media?parent=19951"}],"curies":[{"name":"wp","href":"https:\/\/api.w.org\/{rel}","templated":true}]}}