{"id":20454,"date":"2025-12-15T13:58:12","date_gmt":"2025-12-15T09:58:12","guid":{"rendered":"https:\/\/etab.ac-reunion.fr\/lyc-roland-garros\/?page_id=20454"},"modified":"2025-12-15T13:58:12","modified_gmt":"2025-12-15T09:58:12","slug":"mot-du-proviseur","status":"publish","type":"page","link":"https:\/\/etab.ac-reunion.fr\/lyc-roland-garros\/etablissement\/roland-garros\/mot-du-proviseur\/","title":{"rendered":"Mot du Proviseur"},"content":{"rendered":"<p><strong>Bienvenue sur notre site Internet en cours de r\u00e9novation<\/strong><\/p>\n<p>&nbsp;<\/p>\n<p><strong>Le Lyc\u00e9e Roland Garros pourrait se r\u00e9sumer \u00e0 quelques chiffres\u00a0:<\/strong><\/p>\n<p>. 60 ans, ce qui en en fait le deuxi\u00e8me lyc\u00e9e mis en place \u00e0 la R\u00e9union.<\/p>\n<p>. 2100 \u00e9l\u00e8ves et 370 membres du personnel dont 220 enseignants, ce qui en fait le plus grand \u00e9tablissement scolaire de la R\u00e9union<\/p>\n<p>. 8 hectares, un internat de plus 400 places, une piste d\u2019athl\u00e9tisme et un gymnase, ce qui en fait un v\u00e9ritable campus au sens premier (travail, sport, restauration, h\u00e9bergement sur le m\u00eame lieu)<\/p>\n<p>. 20 dipl\u00f4mes pr\u00e9par\u00e9s\u00a0: CAP (2 m\u00e9tiers), Bac Pro (2 m\u00e9tiers), Bac Techno (4 fili\u00e8res), Bac g\u00e9n\u00e9ral (proposant en 1\u00e8re 13 sp\u00e9cialit\u00e9s), BTS (8 sp\u00e9cialit\u00e9s) et classes pr\u00e9paratoires (3 domaines), ce qui fait une offre de formation unique \u00e0 la R\u00e9union.<\/p>\n<p><strong>Mais cela n\u2019illustrerait pas la longue tradition d\u2019excellence et d\u2019insertion<\/strong> que notre \u00e9tablissement \u00e0 travers de nombreuses actions qui, tous les ans, visent l\u2019effervescence culturelle, l\u2019ouverture europ\u00e9enne, l\u2019excellence scientifique, l\u2019acc\u00e8s \u00e0 l\u2019orientation ambitieuse, l\u2019ancrage technologique et professionnelle de ses formations. Sans oublier l\u2019attachement de la population, au-del\u00e0 du Tampon, et des personnels nourrissant son attraction depuis 6 d\u00e9cennies.<\/p>\n<p><strong>Ce lyc\u00e9e, au rayonnement historique et acad\u00e9mique justifi\u00e9<\/strong>, sera renforc\u00e9 dans le cours de cette ann\u00e9e scolaire par la r\u00e9daction de son projet d\u2019\u00e9tablissement par l\u2019ensemble des personnels, visant 2030, projet qui sera ambitieux et visionnaire, comme l\u2019ont \u00e9t\u00e9 ceux, qui au d\u00e9but des ann\u00e9es 1960, ont voulu pour le sud de La R\u00e9union cet \u00e9tablissement vaste et ambitieux, essentiel au d\u00e9veloppement de son territoire.<\/p>\n<p>Je suis fier d\u2019en \u00eatre son proviseur depuis aout 2025.<\/p>\n<p>Pascal MAILLOU<\/p>\n","protected":false},"excerpt":{"rendered":"<p>Bienvenue sur notre site Internet en cours de r\u00e9novation &nbsp; Le Lyc\u00e9e Roland Garros pourrait se r\u00e9sumer \u00e0 quelques chiffres\u00a0: . 60 ans, ce qui en en fait le deuxi\u00e8me lyc\u00e9e mis en place \u00e0 la R\u00e9union. . 2100 \u00e9l\u00e8ves et 370 membres du personnel dont 220 enseignants, ce qui&#8230;<\/p>\n<p> <a class=\"continue-reading-link\" href=\"https:\/\/etab.ac-reunion.fr\/lyc-roland-garros\/etablissement\/roland-garros\/mot-du-proviseur\/\"><span>Lire plus<\/span><i class=\"crycon-right-dir\"><\/i><\/a> <\/p>\n","protected":false},"author":36395,"featured_media":0,"parent":7517,"menu_order":1,"comment_status":"closed","ping_status":"closed","template":"","meta":{"footnotes":"","_links_to":"","_links_to_target":""},"class_list":["post-20454","page","type-page","status-publish","hentry"],"_links":{"self":[{"href":"https:\/\/etab.ac-reunion.fr\/lyc-roland-garros\/wp-json\/wp\/v2\/pages\/20454","targetHints":{"allow":["GET"]}}],"collection":[{"href":"https:\/\/etab.ac-reunion.fr\/lyc-roland-garros\/wp-json\/wp\/v2\/pages"}],"about":[{"href":"https:\/\/etab.ac-reunion.fr\/lyc-roland-garros\/wp-json\/wp\/v2\/types\/page"}],"author":[{"embeddable":true,"href":"https:\/\/etab.ac-reunion.fr\/lyc-roland-garros\/wp-json\/wp\/v2\/users\/36395"}],"replies":[{"embeddable":true,"href":"https:\/\/etab.ac-reunion.fr\/lyc-roland-garros\/wp-json\/wp\/v2\/comments?post=20454"}],"version-history":[{"count":1,"href":"https:\/\/etab.ac-reunion.fr\/lyc-roland-garros\/wp-json\/wp\/v2\/pages\/20454\/revisions"}],"predecessor-version":[{"id":20455,"href":"https:\/\/etab.ac-reunion.fr\/lyc-roland-garros\/wp-json\/wp\/v2\/pages\/20454\/revisions\/20455"}],"up":[{"embeddable":true,"href":"https:\/\/etab.ac-reunion.fr\/lyc-roland-garros\/wp-json\/wp\/v2\/pages\/7517"}],"wp:attachment":[{"href":"https:\/\/etab.ac-reunion.fr\/lyc-roland-garros\/wp-json\/wp\/v2\/media?parent=20454"}],"curies":[{"name":"wp","href":"https:\/\/api.w.org\/{rel}","templated":true}]}}