{"id":20463,"date":"2025-12-16T09:02:12","date_gmt":"2025-12-16T05:02:12","guid":{"rendered":"https:\/\/etab.ac-reunion.fr\/lyc-roland-garros\/?page_id=20463"},"modified":"2025-12-16T09:02:12","modified_gmt":"2025-12-16T05:02:12","slug":"bac-pro-ciel","status":"publish","type":"page","link":"https:\/\/etab.ac-reunion.fr\/lyc-roland-garros\/formations\/professionnel\/bac-pro-ciel\/","title":{"rendered":"BAC PRO CIEL"},"content":{"rendered":"<blockquote>\n<h1 class=\"background-decoration mt-xl-1w ml-lg-3w ml-xl-0\">Bac pro cybers\u00e9curit\u00e9, informatique<br \/>\net r\u00e9seaux, \u00e9lectronique (CIEL)<\/h1>\n<p>&nbsp;<\/p><\/blockquote>\n<p><a href=\"https:\/\/www.onisep.fr\/ressources\/univers-formation\/formations\/lycees\/bac-pro-cybersecurite-informatique-et-reseaux-electronique\">Fiche du dipl\u00f4me<\/a><\/p>\n","protected":false},"excerpt":{"rendered":"<p>Bac pro cybers\u00e9curit\u00e9, informatique et r\u00e9seaux, \u00e9lectronique (CIEL) &nbsp; Fiche du dipl\u00f4me<\/p>\n<p> <a class=\"continue-reading-link\" href=\"https:\/\/etab.ac-reunion.fr\/lyc-roland-garros\/formations\/professionnel\/bac-pro-ciel\/\"><span>Lire plus<\/span><i class=\"crycon-right-dir\"><\/i><\/a> <\/p>\n","protected":false},"author":36395,"featured_media":0,"parent":434,"menu_order":5,"comment_status":"closed","ping_status":"closed","template":"","meta":{"footnotes":"","_links_to":"","_links_to_target":""},"class_list":["post-20463","page","type-page","status-publish","hentry"],"_links":{"self":[{"href":"https:\/\/etab.ac-reunion.fr\/lyc-roland-garros\/wp-json\/wp\/v2\/pages\/20463","targetHints":{"allow":["GET"]}}],"collection":[{"href":"https:\/\/etab.ac-reunion.fr\/lyc-roland-garros\/wp-json\/wp\/v2\/pages"}],"about":[{"href":"https:\/\/etab.ac-reunion.fr\/lyc-roland-garros\/wp-json\/wp\/v2\/types\/page"}],"author":[{"embeddable":true,"href":"https:\/\/etab.ac-reunion.fr\/lyc-roland-garros\/wp-json\/wp\/v2\/users\/36395"}],"replies":[{"embeddable":true,"href":"https:\/\/etab.ac-reunion.fr\/lyc-roland-garros\/wp-json\/wp\/v2\/comments?post=20463"}],"version-history":[{"count":1,"href":"https:\/\/etab.ac-reunion.fr\/lyc-roland-garros\/wp-json\/wp\/v2\/pages\/20463\/revisions"}],"predecessor-version":[{"id":20464,"href":"https:\/\/etab.ac-reunion.fr\/lyc-roland-garros\/wp-json\/wp\/v2\/pages\/20463\/revisions\/20464"}],"up":[{"embeddable":true,"href":"https:\/\/etab.ac-reunion.fr\/lyc-roland-garros\/wp-json\/wp\/v2\/pages\/434"}],"wp:attachment":[{"href":"https:\/\/etab.ac-reunion.fr\/lyc-roland-garros\/wp-json\/wp\/v2\/media?parent=20463"}],"curies":[{"name":"wp","href":"https:\/\/api.w.org\/{rel}","templated":true}]}}