{"id":476,"date":"2016-03-07T13:02:26","date_gmt":"2016-03-07T09:02:26","guid":{"rendered":"http:\/\/lycee-roland-garros-tmp.ac-reunion.fr\/?page_id=476"},"modified":"2023-07-08T09:42:45","modified_gmt":"2023-07-08T05:42:45","slug":"atelier-des-deux-infinis","status":"publish","type":"page","link":"https:\/\/etab.ac-reunion.fr\/lyc-roland-garros\/vie-au-lycee\/ateliers\/atelier-des-deux-infinis\/","title":{"rendered":"Atelier \u00ab\u00a0Des deux infinis\u00a0\u00bb"},"content":{"rendered":"<hr \/>\n<p align=\"justify\">L&rsquo;atelier \u00ab des deux infinis \u00bb\u00a0est un atelier qui a pour objectif d&rsquo;<strong>\u00e9tudier la physique de mani\u00e8re plus approfondie et ludique<\/strong>.\u00a0Les \u00e9l\u00e8ves volontaires se r\u00e9unissent le mardi ou le jeudi midi, ils con\u00e7oivent et r\u00e9alisent des projets en petits groupes. Le but est d\u2019amener progressivement les \u00e9l\u00e8ves \u00e0 une connaissance moderne de la physique des particules qui permet aussi d&rsquo;expliquer les origines de notre univers.<\/p>\n<p align=\"justify\">Les <strong>\u00e9l\u00e8ves de seconde<\/strong> sont orient\u00e9s vers la d\u00e9couverte de l&rsquo;<strong>infiniment grand<\/strong> comme par exemple la conception du syst\u00e8me solaire \u00e0 l&rsquo;\u00e9chelle du lyc\u00e9e.<\/p>\n<p align=\"justify\">Les <strong>\u00e9l\u00e8ves de premi\u00e8re et de terminale<\/strong> d\u00e9couvrent les <strong>particules \u00e9l\u00e9mentaires<\/strong> \u00e0 partir d&rsquo;un d\u00e9tecteur de rayonnement cosmique, qu&rsquo;ils prennent en main et qu&rsquo;ils d\u00e9veloppent. Ils ont pu l\u2019an dernier pr\u00e9senter leur projet au concours C G\u00e9nial. Cette ann\u00e9e ils ont particip\u00e9 \u00e0 un voyage scientifique exceptionnel et vont r\u00e9aliser un film scientifique.<\/p>\n<p align=\"justify\">Tous ces <strong>projets<\/strong> sont d\u00e9velopp\u00e9s en partenariat avec <strong>Sciences \u00e0 l&rsquo;\u00c9cole<\/strong>, dispositif minist\u00e9riel de soutien aux projets innovants. En parall\u00e8le, des \u00e9l\u00e8ves peuvent aussi se pr\u00e9parer aux Olympiades internationales de physique.<\/p>\n<hr \/>\n<h2 style=\"text-align: center\">Derniers articles<\/h2>\n","protected":false},"excerpt":{"rendered":"<p>L&rsquo;atelier \u00ab des deux infinis \u00bb\u00a0est un atelier qui a pour objectif d&rsquo;\u00e9tudier la physique de mani\u00e8re plus approfondie et ludique.\u00a0Les \u00e9l\u00e8ves volontaires se r\u00e9unissent le mardi ou le jeudi midi, ils con\u00e7oivent et r\u00e9alisent des projets en petits groupes. Le but est d\u2019amener progressivement les \u00e9l\u00e8ves \u00e0 une connaissance&#8230;<\/p>\n<p> <a class=\"continue-reading-link\" href=\"https:\/\/etab.ac-reunion.fr\/lyc-roland-garros\/vie-au-lycee\/ateliers\/atelier-des-deux-infinis\/\"><span>Lire plus<\/span><i class=\"crycon-right-dir\"><\/i><\/a> <\/p>\n","protected":false},"author":10850,"featured_media":0,"parent":465,"menu_order":1,"comment_status":"closed","ping_status":"closed","template":"templates\/template-page-with-intro.php","meta":{"footnotes":"","_links_to":"","_links_to_target":""},"class_list":["post-476","page","type-page","status-publish","hentry"],"_links":{"self":[{"href":"https:\/\/etab.ac-reunion.fr\/lyc-roland-garros\/wp-json\/wp\/v2\/pages\/476","targetHints":{"allow":["GET"]}}],"collection":[{"href":"https:\/\/etab.ac-reunion.fr\/lyc-roland-garros\/wp-json\/wp\/v2\/pages"}],"about":[{"href":"https:\/\/etab.ac-reunion.fr\/lyc-roland-garros\/wp-json\/wp\/v2\/types\/page"}],"author":[{"embeddable":true,"href":"https:\/\/etab.ac-reunion.fr\/lyc-roland-garros\/wp-json\/wp\/v2\/users\/10850"}],"replies":[{"embeddable":true,"href":"https:\/\/etab.ac-reunion.fr\/lyc-roland-garros\/wp-json\/wp\/v2\/comments?post=476"}],"version-history":[{"count":11,"href":"https:\/\/etab.ac-reunion.fr\/lyc-roland-garros\/wp-json\/wp\/v2\/pages\/476\/revisions"}],"predecessor-version":[{"id":17618,"href":"https:\/\/etab.ac-reunion.fr\/lyc-roland-garros\/wp-json\/wp\/v2\/pages\/476\/revisions\/17618"}],"up":[{"embeddable":true,"href":"https:\/\/etab.ac-reunion.fr\/lyc-roland-garros\/wp-json\/wp\/v2\/pages\/465"}],"wp:attachment":[{"href":"https:\/\/etab.ac-reunion.fr\/lyc-roland-garros\/wp-json\/wp\/v2\/media?parent=476"}],"curies":[{"name":"wp","href":"https:\/\/api.w.org\/{rel}","templated":true}]}}