{"id":584,"date":"2016-03-07T21:22:30","date_gmt":"2016-03-07T17:22:30","guid":{"rendered":"http:\/\/lycee-roland-garros-tmp.ac-reunion.fr\/?page_id=584"},"modified":"2016-03-13T18:57:47","modified_gmt":"2016-03-13T14:57:47","slug":"modal","status":"publish","type":"page","link":"https:\/\/etab.ac-reunion.fr\/lyc-roland-garros\/formations\/mlds\/modal\/","title":{"rendered":"Modal"},"content":{"rendered":"<h4>Module d\u2019Accueil en Lyc\u00e9e<\/h4>\n<hr \/>\n<p>Il est r\u00e9serv\u00e9 aux \u00e9l\u00e8ves de seconde qui pr\u00e9sentent un fort risque d\u2019entrer dans un processus de d\u00e9scolarisation.<\/p>\n<p>L\u2019objectif \u00e9nonc\u00e9 est de r\u00e9concilier l\u2019\u00e9l\u00e8ve avec l\u2019\u00e9cole en vue d\u2019une poursuite de sa scolarit\u00e9 ou d\u2019une nouvelle orientation.<\/p>\n","protected":false},"excerpt":{"rendered":"<p>Module d\u2019Accueil en Lyc\u00e9e Il est r\u00e9serv\u00e9 aux \u00e9l\u00e8ves de seconde qui pr\u00e9sentent un fort risque d\u2019entrer dans un processus de d\u00e9scolarisation. L\u2019objectif \u00e9nonc\u00e9 est de r\u00e9concilier l\u2019\u00e9l\u00e8ve avec l\u2019\u00e9cole en vue d\u2019une poursuite de sa scolarit\u00e9 ou d\u2019une nouvelle orientation.<\/p>\n<p> <a class=\"continue-reading-link\" href=\"https:\/\/etab.ac-reunion.fr\/lyc-roland-garros\/formations\/mlds\/modal\/\"><span>Lire plus<\/span><i class=\"crycon-right-dir\"><\/i><\/a> <\/p>\n","protected":false},"author":10850,"featured_media":0,"parent":502,"menu_order":0,"comment_status":"closed","ping_status":"closed","template":"templates\/template-page-with-intro.php","meta":{"footnotes":"","_links_to":"","_links_to_target":""},"class_list":["post-584","page","type-page","status-publish","hentry"],"_links":{"self":[{"href":"https:\/\/etab.ac-reunion.fr\/lyc-roland-garros\/wp-json\/wp\/v2\/pages\/584","targetHints":{"allow":["GET"]}}],"collection":[{"href":"https:\/\/etab.ac-reunion.fr\/lyc-roland-garros\/wp-json\/wp\/v2\/pages"}],"about":[{"href":"https:\/\/etab.ac-reunion.fr\/lyc-roland-garros\/wp-json\/wp\/v2\/types\/page"}],"author":[{"embeddable":true,"href":"https:\/\/etab.ac-reunion.fr\/lyc-roland-garros\/wp-json\/wp\/v2\/users\/10850"}],"replies":[{"embeddable":true,"href":"https:\/\/etab.ac-reunion.fr\/lyc-roland-garros\/wp-json\/wp\/v2\/comments?post=584"}],"version-history":[{"count":4,"href":"https:\/\/etab.ac-reunion.fr\/lyc-roland-garros\/wp-json\/wp\/v2\/pages\/584\/revisions"}],"predecessor-version":[{"id":1014,"href":"https:\/\/etab.ac-reunion.fr\/lyc-roland-garros\/wp-json\/wp\/v2\/pages\/584\/revisions\/1014"}],"up":[{"embeddable":true,"href":"https:\/\/etab.ac-reunion.fr\/lyc-roland-garros\/wp-json\/wp\/v2\/pages\/502"}],"wp:attachment":[{"href":"https:\/\/etab.ac-reunion.fr\/lyc-roland-garros\/wp-json\/wp\/v2\/media?parent=584"}],"curies":[{"name":"wp","href":"https:\/\/api.w.org\/{rel}","templated":true}]}}