{"id":4356,"date":"2020-06-09T12:02:01","date_gmt":"2020-06-09T08:02:01","guid":{"rendered":"http:\/\/lycee-rontaunay.ac-reunion.fr\/?page_id=4356"},"modified":"2021-02-25T10:46:36","modified_gmt":"2021-02-25T06:46:36","slug":"cap-equipier-polyvalent-du-commerce","status":"publish","type":"page","link":"https:\/\/etab.ac-reunion.fr\/lyc-rontaunay\/cap-equipier-polyvalent-du-commerce\/","title":{"rendered":"CAP \u00c9quipier Polyvalent du Commerce"},"content":{"rendered":"[et_pb_section fb_built=\u00a0\u00bb1&Prime; _builder_version=\u00a0\u00bb4.4.8&Prime;][et_pb_row _builder_version=\u00a0\u00bb4.4.8&Prime;][et_pb_column type=\u00a0\u00bb4_4&Prime; _builder_version=\u00a0\u00bb4.4.8&Prime;][et_pb_image src=\u00a0\u00bbhttps:\/\/etab.ac-reunion.fr\/lyc-rontaunay\/wp-content\/uploads\/sites\/34\/2020\/06\/CAP_EPC_.jpg\u00a0\u00bb title_text=\u00a0\u00bbCAP_EPC_\u00a0\u00bb align=\u00a0\u00bbcenter\u00a0\u00bb _builder_version=\u00a0\u00bb4.4.8&Prime; animation_style=\u00a0\u00bbflip\u00a0\u00bb border_width_all=\u00a0\u00bb1px\u00a0\u00bb][\/et_pb_image][et_pb_text _builder_version=\u00a0\u00bb4.4.8&Prime;]\n<h3 class=\"ideo-title-block\">\u00c0 savoir<\/h3>\n<div class=\"ezxmltext-field\">\n<p>Ce CAP\u00a0 remplace, \u00e0 compter de la rentr\u00e9e 2020, les 6 CAP suivants : CAP employ\u00e9 de commerce multi-sp\u00e9cialit\u00e9s, CAP vendeur-magasinier en pi\u00e8ces de rechange et \u00e9quipements automobiles, CAP employ\u00e9 de vente sp\u00e9cialis\u00e9 option produits alimentaires, option produits d&rsquo;\u00e9quipement courant, services \u00e0 la client\u00e8le, option produits de librairie-papeterie-presse.<\/p>\n<p>Le CAP \u00e9quipier polyvalent du commerce forme aux techniques de commercialisation de produits ou de services. Les enseignements donnent les connaissances sur les circuits de distribution, sur les\u00a0modes d&rsquo;approvisionnement, les proc\u00e9dures de stockage des\u00a0marchandises. Les \u00e9l\u00e8ves apprennent les principes de rangement, d&rsquo;\u00e9tiquetage, de mise en rayon des produits. Ils sont form\u00e9s \u00e0\u00a0utiliser\u00a0des documents commerciaux tels que des documents d&rsquo;inventaire, de livraison, \u00e0\u00a0se servir\u00a0de logiciels de caisse. Les enseignements en communication professionnelle et commerciale permettent aux \u00e9l\u00e8ves d&rsquo;\u00e9tablir le\u00a0contact avec la client\u00e8le afin de\u00a0l&rsquo;accompagner dans ses\u00a0achats.<\/p>\n<p>&nbsp;<\/p>\n<h2 class=\"ideo-title-block\">Les poursuites d&rsquo;\u00e9tudes<\/h2>\n<div class=\"ezxmltext-field\">\n<p>Ce CAP d\u00e9bouche sur la vie active mais il est possible, sous certaines conditions, de poursuivre des \u00e9tudes en 1 an en MC (mention compl\u00e9mentaire) ou en 2 ans en bac pro.<\/p>\n<\/div>\n<div class=\"ideo-label formation\">\u00a0Exemples de formations possibles<\/div>\n<ul class=\"formation\">\n<li><a href=\"https:\/\/www.onisep.fr\/Ressources\/Univers-Formation\/Formations\/Lycees\/Bac-pro-Metiers-du-commerce-et-de-la-vente-option-A-animation-et-gestion-de-l-espace-commercial-ex-bac-pro-commerce\">Bac pro M\u00e9tiers du commerce et de la vente option A animation et gestion de l&rsquo;espace commercial (ex bac pro commerce)<\/a><\/li>\n<li><a href=\"https:\/\/www.onisep.fr\/Ressources\/Univers-Formation\/Formations\/Lycees\/Bac-pro-Metiers-du-commerce-et-de-la-vente-option-B-prospection-clientele-et-valorisation-de-l-offre-commerciale-ex-bac-pro-vente\">Bac pro M\u00e9tiers du commerce et de la vente option B prospection client\u00e8le et valorisation de l&rsquo;offre commerciale (ex bac pro vente)<\/a><\/li>\n<li><a href=\"https:\/\/www.onisep.fr\/Ressources\/Univers-Formation\/Formations\/Lycees\/Bac-pro-Technicien-conseil-vente-en-alimentation-option-produits-alimentaires\">Bac pro Technicien conseil vente en alimentation option produits alimentaires<\/a><\/li>\n<li><a href=\"https:\/\/www.onisep.fr\/Ressources\/Univers-Formation\/Formations\/Post-bac\/MC-Assistance-conseil-vente-a-distance\">MC Assistance, conseil, vente \u00e0 distance<\/a><\/li>\n<\/ul>\n<\/div>\n[\/et_pb_text][et_pb_video src=\u00a0\u00bbhttps:\/\/youtu.be\/OvuXnQZV7KY\u00a0\u00bb _builder_version=\u00a0\u00bb4.9.0&Prime; _module_preset=\u00a0\u00bbdefault\u00a0\u00bb hover_enabled=\u00a0\u00bb0&Prime; sticky_enabled=\u00a0\u00bb0&Prime;][\/et_pb_video][\/et_pb_column][\/et_pb_row][\/et_pb_section]\n<!-- AddThis Advanced Settings generic via filter on the_content --><!-- AddThis Share Buttons generic via filter on the_content -->","protected":false},"excerpt":{"rendered":"<p>\u00c0 savoir Ce CAP\u00a0 remplace, \u00e0 compter de la rentr\u00e9e 2020, les 6 CAP suivants : CAP employ\u00e9 de commerce multi-sp\u00e9cialit\u00e9s, CAP vendeur-magasinier en pi\u00e8ces de rechange et \u00e9quipements automobiles, [&hellip;]<\/p>\n<p><!-- AddThis Advanced Settings generic via filter on get_the_excerpt --><!-- AddThis Share Buttons generic via filter on get_the_excerpt --><\/p>\n","protected":false},"author":17465,"featured_media":0,"parent":0,"menu_order":0,"comment_status":"closed","ping_status":"closed","template":"","meta":{"_et_pb_use_builder":"on","_et_pb_old_content":"","_et_gb_content_width":"","footnotes":"","_links_to":"","_links_to_target":""},"class_list":["post-4356","page","type-page","status-publish","hentry"],"_links":{"self":[{"href":"https:\/\/etab.ac-reunion.fr\/lyc-rontaunay\/wp-json\/wp\/v2\/pages\/4356","targetHints":{"allow":["GET"]}}],"collection":[{"href":"https:\/\/etab.ac-reunion.fr\/lyc-rontaunay\/wp-json\/wp\/v2\/pages"}],"about":[{"href":"https:\/\/etab.ac-reunion.fr\/lyc-rontaunay\/wp-json\/wp\/v2\/types\/page"}],"author":[{"embeddable":true,"href":"https:\/\/etab.ac-reunion.fr\/lyc-rontaunay\/wp-json\/wp\/v2\/users\/17465"}],"replies":[{"embeddable":true,"href":"https:\/\/etab.ac-reunion.fr\/lyc-rontaunay\/wp-json\/wp\/v2\/comments?post=4356"}],"version-history":[{"count":7,"href":"https:\/\/etab.ac-reunion.fr\/lyc-rontaunay\/wp-json\/wp\/v2\/pages\/4356\/revisions"}],"predecessor-version":[{"id":5544,"href":"https:\/\/etab.ac-reunion.fr\/lyc-rontaunay\/wp-json\/wp\/v2\/pages\/4356\/revisions\/5544"}],"wp:attachment":[{"href":"https:\/\/etab.ac-reunion.fr\/lyc-rontaunay\/wp-json\/wp\/v2\/media?parent=4356"}],"curies":[{"name":"wp","href":"https:\/\/api.w.org\/{rel}","templated":true}]}}