{"id":4396,"date":"2020-06-11T08:05:03","date_gmt":"2020-06-11T04:05:03","guid":{"rendered":"http:\/\/lycee-rontaunay.ac-reunion.fr\/?page_id=4396"},"modified":"2023-10-04T09:54:23","modified_gmt":"2023-10-04T05:54:23","slug":"bts-gestion-de-la-pme","status":"publish","type":"page","link":"https:\/\/etab.ac-reunion.fr\/lyc-rontaunay\/bts-gestion-de-la-pme\/","title":{"rendered":"BTS Gestion de la PME"},"content":{"rendered":"[et_pb_section fb_built=\u00a0\u00bb1&Prime; _builder_version=\u00a0\u00bb4.16&Prime; global_colors_info=\u00a0\u00bb{}\u00a0\u00bb][et_pb_row _builder_version=\u00a0\u00bb4.16&Prime; _module_preset=\u00a0\u00bbdefault\u00a0\u00bb global_colors_info=\u00a0\u00bb{}\u00a0\u00bb][et_pb_column type=\u00a0\u00bb4_4&Prime; _builder_version=\u00a0\u00bb4.16&Prime; _module_preset=\u00a0\u00bbdefault\u00a0\u00bb global_colors_info=\u00a0\u00bb{}\u00a0\u00bb][et_pb_image src=\u00a0\u00bbhttps:\/\/etab.ac-reunion.fr\/lyc-rontaunay\/wp-content\/uploads\/sites\/34\/2020\/06\/BTS-GPME.jpg\u00a0\u00bb title_text=\u00a0\u00bbBTS GPME\u00a0\u00bb align=\u00a0\u00bbcenter\u00a0\u00bb _builder_version=\u00a0\u00bb4.16&Prime; border_width_all=\u00a0\u00bb1px\u00a0\u00bb global_colors_info=\u00a0\u00bb{}\u00a0\u00bb][\/et_pb_image][\/et_pb_column][\/et_pb_row][et_pb_row column_structure=\u00a0\u00bb1_2,1_2&Prime; _builder_version=\u00a0\u00bb4.16&Prime; _module_preset=\u00a0\u00bbdefault\u00a0\u00bb global_colors_info=\u00a0\u00bb{}\u00a0\u00bb][et_pb_column type=\u00a0\u00bb1_2&Prime; _builder_version=\u00a0\u00bb4.16&Prime; _module_preset=\u00a0\u00bbdefault\u00a0\u00bb global_colors_info=\u00a0\u00bb{}\u00a0\u00bb][et_pb_button button_url=\u00a0\u00bbhttps:\/\/ec.europa.eu\/education\/ects\/users-guide\/credit-mobility_fr.htm\u00a0\u00bb button_text=\u00a0\u00bb+ D&rsquo;INFOS\u00a0\u00bb button_alignment=\u00a0\u00bbcenter\u00a0\u00bb disabled_on=\u00a0\u00bboff|off|off\u00a0\u00bb _builder_version=\u00a0\u00bb4.16&Prime; custom_button=\u00a0\u00bbon\u00a0\u00bb button_text_size=\u00a0\u00bb54px\u00a0\u00bb button_text_color=\u00a0\u00bbrgba(0,0,0,0)\u00a0\u00bb button_bg_image=\u00a0\u00bbhttps:\/\/etab.ac-reunion.fr\/lyc-rontaunay\/wp-content\/uploads\/sites\/34\/2020\/06\/ECTS-120.jpg\u00a0\u00bb button_bg_size=\u00a0\u00bbcontain\u00a0\u00bb button_border_width=\u00a0\u00bb0px\u00a0\u00bb button_border_color=\u00a0\u00bb#000000&Prime; button_font=\u00a0\u00bb||||||||\u00a0\u00bb background_layout=\u00a0\u00bbdark\u00a0\u00bb animation_style=\u00a0\u00bbflip\u00a0\u00bb global_colors_info=\u00a0\u00bb{}\u00a0\u00bb button_text_color__hover_enabled=\u00a0\u00bbon|hover\u00a0\u00bb button_text_color__hover=\u00a0\u00bb#FFFFFF\u00a0\u00bb][\/et_pb_button][\/et_pb_column][et_pb_column type=\u00a0\u00bb1_2&Prime; _builder_version=\u00a0\u00bb4.16&Prime; _module_preset=\u00a0\u00bbdefault\u00a0\u00bb global_colors_info=\u00a0\u00bb{}\u00a0\u00bb][et_pb_button button_url=\u00a0\u00bbhttps:\/\/etab.ac-reunion.fr\/lyc-rontaunay\/wp-content\/uploads\/sites\/34\/2023\/10\/Rapport-public-GPME-2023.pdf\u00a0\u00bb button_text=\u00a0\u00bbRapport public Parcoursup session 2023&Prime; button_alignment=\u00a0\u00bbcenter\u00a0\u00bb disabled_on=\u00a0\u00bboff|off|off\u00a0\u00bb _builder_version=\u00a0\u00bb4.22.2&Prime; _module_preset=\u00a0\u00bbdefault\u00a0\u00bb custom_button=\u00a0\u00bbon\u00a0\u00bb button_text_size=\u00a0\u00bb30px\u00a0\u00bb button_text_color=\u00a0\u00bb#0C71C3&Prime; button_bg_enable_image=\u00a0\u00bboff\u00a0\u00bb button_bg_size=\u00a0\u00bbcontain\u00a0\u00bb button_border_width=\u00a0\u00bb1px\u00a0\u00bb button_border_color=\u00a0\u00bb#000000&Prime; button_font=\u00a0\u00bb||||||||\u00a0\u00bb animation_style=\u00a0\u00bbflip\u00a0\u00bb hover_enabled=\u00a0\u00bb0&Prime; global_colors_info=\u00a0\u00bb{}\u00a0\u00bb button_text_color__hover=\u00a0\u00bb#FFFFFF\u00a0\u00bb button_text_color__hover_enabled=\u00a0\u00bbon|hover\u00a0\u00bb sticky_enabled=\u00a0\u00bb0&Prime;][\/et_pb_button][\/et_pb_column][\/et_pb_row][et_pb_row _builder_version=\u00a0\u00bb4.16&Prime; global_colors_info=\u00a0\u00bb{}\u00a0\u00bb][et_pb_column type=\u00a0\u00bb4_4&Prime; _builder_version=\u00a0\u00bb4.16&Prime; global_colors_info=\u00a0\u00bb{}\u00a0\u00bb][et_pb_text _builder_version=\u00a0\u00bb4.16&Prime; global_colors_info=\u00a0\u00bb{}\u00a0\u00bb]\n<h3 class=\"ideo-title-block\">\u00c0 savoir<\/h3>\n<div class=\"ezxmltext-field\">\n<p>Le titulaire du BTS gestion de la PME\u00a0est le collaborateur direct du dirigeant ou d&rsquo;un cadre dirigeant d&rsquo;une petite ou moyenne entreprise (5 \u00e0 50 salari\u00e9s). Son travail se caract\u00e9rise par une forte polyvalence \u00e0 dominante administrative : gestion de la relation avec la client\u00e8le et les fournisseurs, gestion et d\u00e9veloppement des ressources humaines, organisation et planification des activit\u00e9s (r\u00e9union, d\u00e9placements, \u00e9v\u00e9nements&#8230;), gestion des ressources, p\u00e9rennisation de l&rsquo;entreprise, gestion des risques, communication globale. Il participe \u00e0 ces activit\u00e9s en exer\u00e7ant tout particuli\u00e8rement des fonctions de veille, de suivi et d&rsquo;alerte. Compte tenu de sa position d&rsquo;interface interne et externe, il doit d\u00e9velopper une forte dimension relationnelle.<\/p>\n<p>L&rsquo;assistant dispose d&rsquo;une autonomie et d&rsquo;un champ de d\u00e9l\u00e9gation plus ou moins \u00e9tendus selon l&rsquo;entreprise, le dirigeant et selon sa propre exp\u00e9rience. Son niveau de responsabilit\u00e9 peut s&rsquo;enrichir au fil de son parcours professionnel.<\/p>\n<p>&nbsp;<\/p>\n<\/div>\n<h2 class=\"ideo-title-block\">Les attendus Parcoursup<\/h2>\n<div class=\"ezxmltext-field\">\n<p>&nbsp;<\/p>\n<h5>ATTENDUS NATIONAUX DE LA PLATEFORME D&rsquo;INSCRIPTION DANS L&rsquo;ENSEIGNEMENT SUP\u00c9RIEUR PARCOURSUP<\/h5>\n<ul>\n<li>S&rsquo;int\u00e9resser au management et \u00e0 la gestion des entreprises ainsi qu&rsquo;\u00e0 leur environnement \u00e9conomique et juridique<\/li>\n<li>Disposer de comp\u00e9tences en mati\u00e8re de communication \u00e9crite et orale<\/li>\n<li>Disposer de comp\u00e9tences relationnelles propres aux activit\u00e9s de gestion de la PME<\/li>\n<li>Disposer de comp\u00e9tences techniques et calculatoires pour traiter des donn\u00e9es de gestion<\/li>\n<li>Avoir la capacit\u00e9 d&rsquo;\u00e9voluer dans des environnements num\u00e9riques<\/li>\n<\/ul>\n<h2>\u00a0<\/h2>\n<h2 class=\"ideo-title-block\">Les admissions<\/h2>\n<div class=\"ezxmltext-field\">\n<p>Le BTS gestion de la PME est accessible \u00e0 tout titulaire d&rsquo;un baccalaur\u00e9at : bac pro, bac STMG, bac g\u00e9n\u00e9ral. Acc\u00e8s sur dossier, voire tests et\/ou entretien.<\/p>\n<\/div>\n<h2>\u00a0<\/h2>\n<h2 class=\"ideo-title-block\">Les poursuites d&rsquo;\u00e9tudes<\/h2>\n<div class=\"ezxmltext-field\">\n<p>Le BTS a pour objectif l&rsquo;insertion professionnelle mais, avec un tr\u00e8s bon dossier ou une mention \u00e0 l&rsquo;examen, une poursuite d&rsquo;\u00e9tudes est envisageable en licence professionnelle dans le domaine de la gestion, du management des organisations, de la comptabilit\u00e9, des ressources humaines etc&#8230;, \u00a0en licence LMD administration et gestion des entreprise ou administration \u00e9conomique et sociale, \u00a0ou encore, en \u00e9cole de commerce et de gestion par le biais des admissions parall\u00e8les.<\/p>\n<\/div>\n<div class=\"ideo-label formation\">\u00a0Exemples de formations possibles<\/div>\n<ul class=\"formation\">\n<li><a href=\"http:\/\/www.onisep.fr\/Ressources\/Univers-Formation\/Formations\/Post-bac\/Diplome-de-l-Ecole-de-gestion-et-de-commerce-EGC\">Dipl\u00f4me de l&rsquo;\u00c9cole de gestion et de commerce (EGC)<\/a><\/li>\n<li><a href=\"http:\/\/www.onisep.fr\/Ressources\/Univers-Formation\/Formations\/Post-bac\/Diplome-du-programme-grande-ecole-de-Neoma\">Dipl\u00f4me du programme grande \u00e9cole de Neoma<\/a><\/li>\n<\/ul>\n<\/div>\n[\/et_pb_text][et_pb_video src=\u00a0\u00bbhttps:\/\/youtu.be\/n3LYMhfW4qg\u00a0\u00bb _builder_version=\u00a0\u00bb4.16&Prime; _module_preset=\u00a0\u00bbdefault\u00a0\u00bb global_colors_info=\u00a0\u00bb{}\u00a0\u00bb][\/et_pb_video][\/et_pb_column][\/et_pb_row][et_pb_row column_structure=\u00a0\u00bb1_4,1_4,1_4,1_4&Prime; _builder_version=\u00a0\u00bb4.16&Prime; global_colors_info=\u00a0\u00bb{}\u00a0\u00bb][et_pb_column type=\u00a0\u00bb1_4&Prime; _builder_version=\u00a0\u00bb4.16&Prime; global_colors_info=\u00a0\u00bb{}\u00a0\u00bb][et_pb_button button_url=\u00a0\u00bbhttps:\/\/etab.ac-reunion.fr\/lyc-rontaunay\/presentation-du-bts-gpme\/\u00a0\u00bb button_text=\u00a0\u00bbBTS GPME\u00a0\u00bb _builder_version=\u00a0\u00bb4.16&Prime; custom_button=\u00a0\u00bbon\u00a0\u00bb button_text_size=\u00a0\u00bb38px\u00a0\u00bb button_text_color=\u00a0\u00bb#000000&Prime; button_bg_image=\u00a0\u00bbhttps:\/\/etab.ac-reunion.fr\/lyc-rontaunay\/wp-content\/uploads\/sites\/34\/2020\/02\/Diapositive1.jpg\u00a0\u00bb button_border_width=\u00a0\u00bb1px\u00a0\u00bb button_border_color=\u00a0\u00bb#000000&Prime; global_colors_info=\u00a0\u00bb{}\u00a0\u00bb][\/et_pb_button][\/et_pb_column][et_pb_column type=\u00a0\u00bb1_4&Prime; _builder_version=\u00a0\u00bb4.16&Prime; global_colors_info=\u00a0\u00bb{}\u00a0\u00bb][et_pb_button button_url=\u00a0\u00bbhttps:\/\/etab.ac-reunion.fr\/lyc-rontaunay\/bts-gestion-de-la-pme-brochure-en-francais\/\u00a0\u00bb button_text=\u00a0\u00bbBrochure\u00a0\u00bb _builder_version=\u00a0\u00bb4.16&Prime; custom_button=\u00a0\u00bbon\u00a0\u00bb button_text_size=\u00a0\u00bb38px\u00a0\u00bb button_bg_image=\u00a0\u00bbhttps:\/\/etab.ac-reunion.fr\/lyc-rontaunay\/wp-content\/uploads\/sites\/34\/2020\/06\/drapeau-francais.jpg\u00a0\u00bb button_border_width=\u00a0\u00bb1px\u00a0\u00bb button_border_color=\u00a0\u00bb#000000&Prime; global_colors_info=\u00a0\u00bb{}\u00a0\u00bb][\/et_pb_button][\/et_pb_column][et_pb_column type=\u00a0\u00bb1_4&Prime; _builder_version=\u00a0\u00bb4.16&Prime; global_colors_info=\u00a0\u00bb{}\u00a0\u00bb][et_pb_button button_url=\u00a0\u00bbhttps:\/\/etab.ac-reunion.fr\/lyc-rontaunay\/administrative-associates-degree-bts-gestion-de-la-pme-version-anglaise\/\u00a0\u00bb button_text=\u00a0\u00bbBrochure\u00a0\u00bb _builder_version=\u00a0\u00bb4.16&Prime; custom_button=\u00a0\u00bbon\u00a0\u00bb button_text_size=\u00a0\u00bb38px\u00a0\u00bb button_bg_image=\u00a0\u00bbhttps:\/\/etab.ac-reunion.fr\/lyc-rontaunay\/wp-content\/uploads\/sites\/34\/2020\/06\/drapeau-anglais.jpg\u00a0\u00bb button_border_width=\u00a0\u00bb1px\u00a0\u00bb button_border_color=\u00a0\u00bb#000000&Prime; global_colors_info=\u00a0\u00bb{}\u00a0\u00bb][\/et_pb_button][\/et_pb_column][et_pb_column type=\u00a0\u00bb1_4&Prime; _builder_version=\u00a0\u00bb4.16&Prime; global_colors_info=\u00a0\u00bb{}\u00a0\u00bb][et_pb_button button_url=\u00a0\u00bbhttps:\/\/etab.ac-reunion.fr\/lyc-rontaunay\/tts-gestion-de-la-pyme-brochure-version-espagnole\/\u00a0\u00bb button_text=\u00a0\u00bbFolleto\u00a0\u00bb _builder_version=\u00a0\u00bb4.16&Prime; custom_button=\u00a0\u00bbon\u00a0\u00bb button_text_size=\u00a0\u00bb38px\u00a0\u00bb button_bg_image=\u00a0\u00bbhttps:\/\/etab.ac-reunion.fr\/lyc-rontaunay\/wp-content\/uploads\/sites\/34\/2020\/06\/drapeau-espagne.jpg\u00a0\u00bb button_border_width=\u00a0\u00bb1px\u00a0\u00bb button_border_color=\u00a0\u00bb#000000&Prime; global_colors_info=\u00a0\u00bb{}\u00a0\u00bb][\/et_pb_button][\/et_pb_column][\/et_pb_row][\/et_pb_section]\n<!-- AddThis Advanced Settings generic via filter on the_content --><!-- AddThis Share Buttons generic via filter on the_content -->","protected":false},"excerpt":{"rendered":"<p>\u00c0 savoir Le titulaire du BTS gestion de la PME\u00a0est le collaborateur direct du dirigeant ou d&rsquo;un cadre dirigeant d&rsquo;une petite ou moyenne entreprise (5 \u00e0 50 salari\u00e9s). Son travail [&hellip;]<\/p>\n<p><!-- AddThis Advanced Settings generic via filter on get_the_excerpt --><!-- AddThis Share Buttons generic via filter on get_the_excerpt --><\/p>\n","protected":false},"author":17465,"featured_media":0,"parent":0,"menu_order":0,"comment_status":"closed","ping_status":"closed","template":"","meta":{"_et_pb_use_builder":"on","_et_pb_old_content":"","_et_gb_content_width":"","footnotes":"","_links_to":"","_links_to_target":""},"class_list":["post-4396","page","type-page","status-publish","hentry"],"_links":{"self":[{"href":"https:\/\/etab.ac-reunion.fr\/lyc-rontaunay\/wp-json\/wp\/v2\/pages\/4396","targetHints":{"allow":["GET"]}}],"collection":[{"href":"https:\/\/etab.ac-reunion.fr\/lyc-rontaunay\/wp-json\/wp\/v2\/pages"}],"about":[{"href":"https:\/\/etab.ac-reunion.fr\/lyc-rontaunay\/wp-json\/wp\/v2\/types\/page"}],"author":[{"embeddable":true,"href":"https:\/\/etab.ac-reunion.fr\/lyc-rontaunay\/wp-json\/wp\/v2\/users\/17465"}],"replies":[{"embeddable":true,"href":"https:\/\/etab.ac-reunion.fr\/lyc-rontaunay\/wp-json\/wp\/v2\/comments?post=4396"}],"version-history":[{"count":67,"href":"https:\/\/etab.ac-reunion.fr\/lyc-rontaunay\/wp-json\/wp\/v2\/pages\/4396\/revisions"}],"predecessor-version":[{"id":7116,"href":"https:\/\/etab.ac-reunion.fr\/lyc-rontaunay\/wp-json\/wp\/v2\/pages\/4396\/revisions\/7116"}],"wp:attachment":[{"href":"https:\/\/etab.ac-reunion.fr\/lyc-rontaunay\/wp-json\/wp\/v2\/media?parent=4396"}],"curies":[{"name":"wp","href":"https:\/\/api.w.org\/{rel}","templated":true}]}}