{"id":4481,"date":"2020-06-11T10:10:47","date_gmt":"2020-06-11T06:10:47","guid":{"rendered":"http:\/\/lycee-rontaunay.ac-reunion.fr\/?page_id=4481"},"modified":"2023-10-04T09:55:26","modified_gmt":"2023-10-04T05:55:26","slug":"bts-metiers-des-services-a-lenvironnement-mse","status":"publish","type":"page","link":"https:\/\/etab.ac-reunion.fr\/lyc-rontaunay\/bts-metiers-des-services-a-lenvironnement-mse\/","title":{"rendered":"BTS M\u00e9tiers des Services \u00e0 l&rsquo;Environnement (MSE)"},"content":{"rendered":"[et_pb_section fb_built=\u00a0\u00bb1&Prime; _builder_version=\u00a0\u00bb4.16&Prime; global_colors_info=\u00a0\u00bb{}\u00a0\u00bb][et_pb_row _builder_version=\u00a0\u00bb4.16&Prime; global_colors_info=\u00a0\u00bb{}\u00a0\u00bb][et_pb_column type=\u00a0\u00bb4_4&Prime; _builder_version=\u00a0\u00bb4.16&Prime; global_colors_info=\u00a0\u00bb{}\u00a0\u00bb][et_pb_image src=\u00a0\u00bbhttps:\/\/etab.ac-reunion.fr\/lyc-rontaunay\/wp-content\/uploads\/sites\/34\/2020\/06\/bts-mse.jpg\u00a0\u00bb title_text=\u00a0\u00bbbts mse\u00a0\u00bb align=\u00a0\u00bbcenter\u00a0\u00bb _builder_version=\u00a0\u00bb4.16&Prime; border_width_all=\u00a0\u00bb1px\u00a0\u00bb border_color_all=\u00a0\u00bb#000000&Prime; global_colors_info=\u00a0\u00bb{}\u00a0\u00bb][\/et_pb_image][\/et_pb_column][\/et_pb_row][et_pb_row column_structure=\u00a0\u00bb1_2,1_2&Prime; _builder_version=\u00a0\u00bb4.16&Prime; _module_preset=\u00a0\u00bbdefault\u00a0\u00bb global_colors_info=\u00a0\u00bb{}\u00a0\u00bb][et_pb_column type=\u00a0\u00bb1_2&Prime; _builder_version=\u00a0\u00bb4.16&Prime; _module_preset=\u00a0\u00bbdefault\u00a0\u00bb global_colors_info=\u00a0\u00bb{}\u00a0\u00bb][et_pb_button button_url=\u00a0\u00bbhttps:\/\/ec.europa.eu\/education\/ects\/users-guide\/credit-mobility_fr.htm\u00a0\u00bb button_text=\u00a0\u00bb+ D&rsquo;INFOS\u00a0\u00bb button_alignment=\u00a0\u00bbcenter\u00a0\u00bb disabled_on=\u00a0\u00bboff|off|off\u00a0\u00bb _builder_version=\u00a0\u00bb4.16&Prime; custom_button=\u00a0\u00bbon\u00a0\u00bb button_text_size=\u00a0\u00bb54px\u00a0\u00bb button_text_color=\u00a0\u00bbrgba(0,0,0,0)\u00a0\u00bb button_bg_image=\u00a0\u00bbhttps:\/\/etab.ac-reunion.fr\/lyc-rontaunay\/wp-content\/uploads\/sites\/34\/2020\/06\/ECTS-120.jpg\u00a0\u00bb button_bg_size=\u00a0\u00bbcontain\u00a0\u00bb button_border_width=\u00a0\u00bb0px\u00a0\u00bb button_border_color=\u00a0\u00bb#000000&Prime; button_font=\u00a0\u00bb||||||||\u00a0\u00bb background_layout=\u00a0\u00bbdark\u00a0\u00bb animation_style=\u00a0\u00bbflip\u00a0\u00bb locked=\u00a0\u00bboff\u00a0\u00bb global_colors_info=\u00a0\u00bb{}\u00a0\u00bb button_text_color__hover_enabled=\u00a0\u00bbon|hover\u00a0\u00bb button_text_color__hover=\u00a0\u00bb#FFFFFF\u00a0\u00bb][\/et_pb_button][\/et_pb_column][et_pb_column type=\u00a0\u00bb1_2&Prime; _builder_version=\u00a0\u00bb4.16&Prime; _module_preset=\u00a0\u00bbdefault\u00a0\u00bb global_colors_info=\u00a0\u00bb{}\u00a0\u00bb][et_pb_button button_url=\u00a0\u00bbhttps:\/\/etab.ac-reunion.fr\/lyc-rontaunay\/wp-content\/uploads\/sites\/34\/2023\/10\/Rapport-public-MSE-2023.pdf\u00a0\u00bb button_text=\u00a0\u00bbRapport public Parcoursup session 2023&Prime; button_alignment=\u00a0\u00bbcenter\u00a0\u00bb disabled_on=\u00a0\u00bboff|off|off\u00a0\u00bb _builder_version=\u00a0\u00bb4.22.2&Prime; _module_preset=\u00a0\u00bbdefault\u00a0\u00bb custom_button=\u00a0\u00bbon\u00a0\u00bb button_text_size=\u00a0\u00bb30px\u00a0\u00bb button_text_color=\u00a0\u00bb#0C71C3&Prime; button_bg_enable_image=\u00a0\u00bboff\u00a0\u00bb button_bg_size=\u00a0\u00bbcontain\u00a0\u00bb button_border_width=\u00a0\u00bb1px\u00a0\u00bb button_border_color=\u00a0\u00bb#000000&Prime; button_font=\u00a0\u00bb||||||||\u00a0\u00bb animation_style=\u00a0\u00bbflip\u00a0\u00bb hover_enabled=\u00a0\u00bb0&Prime; global_colors_info=\u00a0\u00bb{}\u00a0\u00bb button_text_color__hover=\u00a0\u00bb#FFFFFF\u00a0\u00bb button_text_color__hover_enabled=\u00a0\u00bbon|hover\u00a0\u00bb sticky_enabled=\u00a0\u00bb0&Prime;][\/et_pb_button][\/et_pb_column][\/et_pb_row][et_pb_row _builder_version=\u00a0\u00bb4.16&Prime; _module_preset=\u00a0\u00bbdefault\u00a0\u00bb global_colors_info=\u00a0\u00bb{}\u00a0\u00bb][et_pb_column type=\u00a0\u00bb4_4&Prime; _builder_version=\u00a0\u00bb4.16&Prime; _module_preset=\u00a0\u00bbdefault\u00a0\u00bb global_colors_info=\u00a0\u00bb{}\u00a0\u00bb][et_pb_text _builder_version=\u00a0\u00bb4.16&Prime; global_colors_info=\u00a0\u00bb{}\u00a0\u00bb]\n<h3 class=\"ideo-title-block\">\u00c0 savoir<\/h3>\n<div class=\"ezxmltext-field\">\n<p>Le titulaire de ce BTS r\u00e9alise des prestations de services dans les domaines de la propret\u00e9, de l&rsquo;hygi\u00e8ne des locaux et des \u00e9quipements, de la propret\u00e9 urbaine, de la gestion des d\u00e9chets et de l&rsquo;assainissement.<\/p>\n<p>Outre la recherche et la n\u00e9gociation de march\u00e9s, il peut concevoir un produit adapt\u00e9 aux besoins d&rsquo;un client, organiser le travail sur site et contr\u00f4ler la qualit\u00e9 du service. Les connaissances acquises dans le cadre du BTS lui permettent de g\u00e9rer les moyens d&rsquo;exploitation (budget, comptes\u2026) et de production (personnel, mat\u00e9riel\u2026). Les enseignements dispens\u00e9s lui donnent les capacit\u00e9s pour diriger une op\u00e9ration exceptionnelle, urgente ou d\u00e9licate (catastrophe \u00e9cologique, site difficilement accessible\u2026).<\/p>\n<p>Le dipl\u00f4m\u00e9 occupe des postes \u00e0 responsabilit\u00e9s dans des entreprises de services, des services g\u00e9n\u00e9raux d&rsquo;entreprises (tous secteurs d&rsquo;activit\u00e9s), des collectivit\u00e9s territoriales, des \u00e9tablissements publics ou des administrations. Il peut exercer ses activit\u00e9s sous la d\u00e9nomination de : responsable de secteur, charg\u00e9 d&rsquo;\u00e9tudes (faisabilit\u00e9, \u00e9tudes techniques et \u00e9conomiques), animateur qualit\u00e9, s\u00e9curit\u00e9, environnement, d\u00e9veloppement durable, chef de projet environnement, adjoint au responsable des services g\u00e9n\u00e9raux.<\/p>\n<\/div>\n<p>&nbsp;<\/p>\n<h2 class=\"ideo-title-block\">Les attendus Parcoursup<\/h2>\n<div class=\"ezxmltext-field\">\n<h5>ATTENDUS NATIONAUX DE LA PLATEFORME D&rsquo;INSCRIPTION DANS L&rsquo;ENSEIGNEMENT SUP\u00c9RIEUR PARCOURSUP<\/h5>\n<ul>\n<li>S&rsquo;int\u00e9resser aux m\u00e9tiers de la propret\u00e9, de l&rsquo;assainissement et de la valorisation des d\u00e9chets<\/li>\n<li>Disposer de comp\u00e9tences dans les disciplines scientifiques et technologiques ou professionnelles<\/li>\n<li>Disposer de comp\u00e9tences relationnelles, d&rsquo;autonomie et d&rsquo;organisation, permettant de s&rsquo;investir dans des projets collectifs<\/li>\n<li>S&rsquo;exprimer correctement \u00e0 l&rsquo;\u00e9crit et \u00e0 l&rsquo;oral, pour s&rsquo;inscrire dans un travail en \u00e9quipe et pour \u00e9changer avec les professionnels du secteur<\/li>\n<li>Disposer de capacit\u00e9s d&rsquo;organisation et d&rsquo;autonomie<\/li>\n<\/ul>\n<\/div>\n<h2 class=\"ideo-title-block\">Les admissions<\/h2>\n<div class=\"ezxmltext-field\">\n<p>Le BTS m\u00e9tiers des services \u00e0 l&rsquo;environnement est accessible \u00e0 tout titulaire d&rsquo;un baccalaur\u00e9at : bac S, bac STL, bac STI2D, bac professionnel hygi\u00e8ne propret\u00e9 st\u00e9rilisation ou bac professionnel gestion des pollutions et protection de l&rsquo;environnement.<\/p>\n<\/div>\n<p>&nbsp;<\/p>\n<h2 class=\"ideo-title-block\">Les poursuites d&rsquo;\u00e9tudes<\/h2>\n<div class=\"ezxmltext-field\">\n<p>Le BTS a pour objectif l&rsquo;insertion professionnelle mais, avec un tr\u00e8s bon dossier ou une mention \u00e0 l&rsquo;examen, une poursuite d&rsquo;\u00e9tudes est envisageable en licences pro de m\u00eame sp\u00e9cialit\u00e9 ou en \u00e9cole d&rsquo;ing\u00e9nieur.<\/p>\n<\/div>\n<div class=\"ideo-label formation\">\u00a0Exemple de formation possible<\/div>\n<ul class=\"formation\">\n<li><a href=\"http:\/\/www.onisep.fr\/Ressources\/Univers-Formation\/Formations\/Post-bac\/Licence-pro-metiers-de-la-protection-et-de-la-gestion-de-l-environnement\">Licence pro m\u00e9tiers de la protection et de la gestion de l&rsquo;environnement<\/a><\/li>\n<\/ul>\n[\/et_pb_text][\/et_pb_column][\/et_pb_row][et_pb_row column_structure=\u00a0\u00bb1_3,1_3,1_3&Prime; _builder_version=\u00a0\u00bb4.16&Prime; global_colors_info=\u00a0\u00bb{}\u00a0\u00bb][et_pb_column type=\u00a0\u00bb1_3&Prime; _builder_version=\u00a0\u00bb4.16&Prime; global_colors_info=\u00a0\u00bb{}\u00a0\u00bb][et_pb_button button_url=\u00a0\u00bbhttps:\/\/etab.ac-reunion.fr\/lyc-rontaunay\/presentation-bts-mse\/\u00a0\u00bb button_text=\u00a0\u00bbBTS MSE\u00a0\u00bb _builder_version=\u00a0\u00bb4.16&Prime; custom_button=\u00a0\u00bbon\u00a0\u00bb button_text_size=\u00a0\u00bb44px\u00a0\u00bb button_text_color=\u00a0\u00bb#000000&Prime; button_bg_image=\u00a0\u00bbhttps:\/\/etab.ac-reunion.fr\/lyc-rontaunay\/wp-content\/uploads\/sites\/34\/2020\/02\/Diapositive1-1.jpg\u00a0\u00bb button_border_width=\u00a0\u00bb1px\u00a0\u00bb button_border_color=\u00a0\u00bb#000000&Prime; global_colors_info=\u00a0\u00bb{}\u00a0\u00bb][\/et_pb_button][\/et_pb_column][et_pb_column type=\u00a0\u00bb1_3&Prime; _builder_version=\u00a0\u00bb4.16&Prime; global_colors_info=\u00a0\u00bb{}\u00a0\u00bb][et_pb_button button_url=\u00a0\u00bbhttps:\/\/etab.ac-reunion.fr\/lyc-rontaunay\/brochure-bts-mse-francais\/\u00a0\u00bb button_text=\u00a0\u00bbBrochure\u00a0\u00bb _builder_version=\u00a0\u00bb4.16&Prime; custom_button=\u00a0\u00bbon\u00a0\u00bb button_text_size=\u00a0\u00bb44px\u00a0\u00bb button_text_color=\u00a0\u00bb#000000&Prime; button_bg_image=\u00a0\u00bbhttps:\/\/etab.ac-reunion.fr\/lyc-rontaunay\/wp-content\/uploads\/sites\/34\/2020\/06\/drapeau-francais.jpg\u00a0\u00bb button_border_width=\u00a0\u00bb1px\u00a0\u00bb button_border_color=\u00a0\u00bb#000000&Prime; global_colors_info=\u00a0\u00bb{}\u00a0\u00bb][\/et_pb_button][\/et_pb_column][et_pb_column type=\u00a0\u00bb1_3&Prime; _builder_version=\u00a0\u00bb4.16&Prime; global_colors_info=\u00a0\u00bb{}\u00a0\u00bb][et_pb_button button_url=\u00a0\u00bbhttps:\/\/etab.ac-reunion.fr\/lyc-rontaunay\/jobs-related-to-environmental-services-esp-degreebts-mse-version-anglaise\/\u00a0\u00bb button_text=\u00a0\u00bbBrochure\u00a0\u00bb _builder_version=\u00a0\u00bb4.16&Prime; custom_button=\u00a0\u00bbon\u00a0\u00bb button_text_size=\u00a0\u00bb44px\u00a0\u00bb button_bg_image=\u00a0\u00bbhttps:\/\/etab.ac-reunion.fr\/lyc-rontaunay\/wp-content\/uploads\/sites\/34\/2020\/06\/drapeau-anglais.jpg\u00a0\u00bb button_border_width=\u00a0\u00bb1px\u00a0\u00bb button_border_color=\u00a0\u00bb#000000&Prime; global_colors_info=\u00a0\u00bb{}\u00a0\u00bb][\/et_pb_button][\/et_pb_column][\/et_pb_row][et_pb_row _builder_version=\u00a0\u00bb4.16&Prime; _module_preset=\u00a0\u00bbdefault\u00a0\u00bb global_colors_info=\u00a0\u00bb{}\u00a0\u00bb][et_pb_column type=\u00a0\u00bb4_4&Prime; _builder_version=\u00a0\u00bb4.16&Prime; _module_preset=\u00a0\u00bbdefault\u00a0\u00bb global_colors_info=\u00a0\u00bb{}\u00a0\u00bb][et_pb_video src=\u00a0\u00bbhttps:\/\/youtu.be\/RVinrph2o7Q\u00a0\u00bb _builder_version=\u00a0\u00bb4.16&Prime; _module_preset=\u00a0\u00bbdefault\u00a0\u00bb global_colors_info=\u00a0\u00bb{}\u00a0\u00bb][\/et_pb_video][\/et_pb_column][\/et_pb_row][\/et_pb_section]\n<!-- AddThis Advanced Settings generic via filter on the_content --><!-- AddThis Share Buttons generic via filter on the_content -->","protected":false},"excerpt":{"rendered":"<p>\u00c0 savoir Le titulaire de ce BTS r\u00e9alise des prestations de services dans les domaines de la propret\u00e9, de l&rsquo;hygi\u00e8ne des locaux et des \u00e9quipements, de la propret\u00e9 urbaine, de [&hellip;]<\/p>\n<p><!-- AddThis Advanced Settings generic via filter on get_the_excerpt --><!-- AddThis Share Buttons generic via filter on get_the_excerpt --><\/p>\n","protected":false},"author":17465,"featured_media":0,"parent":0,"menu_order":0,"comment_status":"closed","ping_status":"closed","template":"","meta":{"_et_pb_use_builder":"on","_et_pb_old_content":"","_et_gb_content_width":"","footnotes":"","_links_to":"","_links_to_target":""},"class_list":["post-4481","page","type-page","status-publish","hentry"],"_links":{"self":[{"href":"https:\/\/etab.ac-reunion.fr\/lyc-rontaunay\/wp-json\/wp\/v2\/pages\/4481","targetHints":{"allow":["GET"]}}],"collection":[{"href":"https:\/\/etab.ac-reunion.fr\/lyc-rontaunay\/wp-json\/wp\/v2\/pages"}],"about":[{"href":"https:\/\/etab.ac-reunion.fr\/lyc-rontaunay\/wp-json\/wp\/v2\/types\/page"}],"author":[{"embeddable":true,"href":"https:\/\/etab.ac-reunion.fr\/lyc-rontaunay\/wp-json\/wp\/v2\/users\/17465"}],"replies":[{"embeddable":true,"href":"https:\/\/etab.ac-reunion.fr\/lyc-rontaunay\/wp-json\/wp\/v2\/comments?post=4481"}],"version-history":[{"count":17,"href":"https:\/\/etab.ac-reunion.fr\/lyc-rontaunay\/wp-json\/wp\/v2\/pages\/4481\/revisions"}],"predecessor-version":[{"id":7117,"href":"https:\/\/etab.ac-reunion.fr\/lyc-rontaunay\/wp-json\/wp\/v2\/pages\/4481\/revisions\/7117"}],"wp:attachment":[{"href":"https:\/\/etab.ac-reunion.fr\/lyc-rontaunay\/wp-json\/wp\/v2\/media?parent=4481"}],"curies":[{"name":"wp","href":"https:\/\/api.w.org\/{rel}","templated":true}]}}