{"id":5453,"date":"2021-02-23T13:18:06","date_gmt":"2021-02-23T09:18:06","guid":{"rendered":"http:\/\/lycee-rontaunay.ac-reunion.fr\/?page_id=5453"},"modified":"2021-03-01T14:08:11","modified_gmt":"2021-03-01T10:08:11","slug":"cap-atmfc-2","status":"publish","type":"page","link":"https:\/\/etab.ac-reunion.fr\/lyc-rontaunay\/cap-atmfc-2\/","title":{"rendered":"CAP ATMFC"},"content":{"rendered":"[et_pb_section fb_built=\u00a0\u00bb1&Prime; _builder_version=\u00a0\u00bb4.9.0&Prime; _module_preset=\u00a0\u00bbdefault\u00a0\u00bb locked=\u00a0\u00bboff\u00a0\u00bb][et_pb_row _builder_version=\u00a0\u00bb4.9.0&Prime; _module_preset=\u00a0\u00bbdefault\u00a0\u00bb][et_pb_column type=\u00a0\u00bb4_4&Prime; _builder_version=\u00a0\u00bb4.9.0&Prime; _module_preset=\u00a0\u00bbdefault\u00a0\u00bb][et_pb_image src=\u00a0\u00bbhttps:\/\/etab.ac-reunion.fr\/lyc-rontaunay\/wp-content\/uploads\/sites\/34\/2020\/05\/CAP-ATMFC.jpeg\u00a0\u00bb title_text=\u00a0\u00bbCAP ATMFC\u00a0\u00bb align=\u00a0\u00bbcenter\u00a0\u00bb _builder_version=\u00a0\u00bb4.9.0&Prime; _module_preset=\u00a0\u00bbdefault\u00a0\u00bb hover_enabled=\u00a0\u00bb0&Prime; border_width_all=\u00a0\u00bb1px\u00a0\u00bb border_color_all=\u00a0\u00bb#000000&Prime; sticky_enabled=\u00a0\u00bb0&Prime;][\/et_pb_image][et_pb_text _builder_version=\u00a0\u00bb4.9.0&Prime; _module_preset=\u00a0\u00bbdefault\u00a0\u00bb]\n<h1 class=\"entry-title main_title\">CAP ATMFC (Assistant Technique en Milieu Familial et Collectif)<\/h1>\n<div class=\"entry-content\">\n<div class=\"at-above-post-page addthis_tool\" data-url=\"https:\/\/etab.ac-reunion.fr\/lyc-rontaunay\/cap-atmfc-assistant-technique-en-milieu-familial-et-collectif\/\">\u00a0<\/div>\n<div class=\"et_builder clearfix\">\n<div class=\"et_lb_module et_lb_text_block et_lb_first\">\n<p>Capacit\u00e9 : 1 classe<\/p>\n<p>Effectifs : 24 \u00e9l\u00e8ves<\/p>\n<p>Le titulaire du CAP Assistant technique\u00a0en milieux familial et collectif\u00a0exerce dans les services techniques de structures collectives publiques ou priv\u00e9es (maisons de retraite par exemple), ou chez les particuliers par l&rsquo;interm\u00e9diaire d&rsquo;un organisme prestataire.<\/p>\n<p>Selon la structure qui l&#8217;emploie, il travaille seul ou en \u00e9quipe et r\u00e9alise tout ou partie des activit\u00e9s suivantes : entretien des espaces de vie (salon, chambre, cantine\u2026), entretien du linge et des v\u00eatements (lavage, repassage et rangement du linge &#8211; ou sa pr\u00e9paration et sa r\u00e9ception lorsque ce service est externalis\u00e9) et pr\u00e9paration des repas (approvisionnement ou r\u00e9ception des denr\u00e9es, r\u00e9alisation des pr\u00e9parations froides et chaudes simples, au besoin selon des sp\u00e9cifications particuli\u00e8res &#8211; r\u00e9gimes alimentaires par exemple &#8211; et service).<\/p>\n<p>Il travaille dans le respect des consignes et de la r\u00e9glementation relative \u00e0 l&rsquo;hygi\u00e8ne et \u00e0 la s\u00e9curit\u00e9.<\/p>\n<\/div>\n<\/div>\n<\/div>\n[\/et_pb_text][\/et_pb_column][\/et_pb_row][et_pb_row column_structure=\u00a0\u00bb1_2,1_2&Prime; _builder_version=\u00a0\u00bb4.9.0&Prime; _module_preset=\u00a0\u00bbdefault\u00a0\u00bb][et_pb_column type=\u00a0\u00bb1_2&Prime; _builder_version=\u00a0\u00bb4.9.0&Prime; _module_preset=\u00a0\u00bbdefault\u00a0\u00bb][et_pb_slider _builder_version=\u00a0\u00bb4.9.0&Prime; _module_preset=\u00a0\u00bbdefault\u00a0\u00bb auto=\u00a0\u00bbon\u00a0\u00bb auto_speed=\u00a0\u00bb4500&Prime;][et_pb_slide heading=\u00a0\u00bbCAP ATMFC\u00a0\u00bb button_text=\u00a0\u00bbPhoto\u00a0\u00bb button_link=\u00a0\u00bbhttps:\/\/etab.ac-reunion.fr\/lyc-rontaunay\/wp-content\/uploads\/sites\/34\/2021\/02\/CAP-ATMFC-machine-a-coudre-1-scaled.jpg\u00a0\u00bb image=\u00a0\u00bbhttps:\/\/etab.ac-reunion.fr\/lyc-rontaunay\/wp-content\/uploads\/sites\/34\/2021\/02\/CAP-ATMFC-machine-a-coudre-1-scaled.jpg\u00a0\u00bb _builder_version=\u00a0\u00bb4.9.0&Prime; _module_preset=\u00a0\u00bbdefault\u00a0\u00bb sticky_transition=\u00a0\u00bbon\u00a0\u00bb]\n<p>Entretien du linge, utilisation de la machine \u00e0 coudre<\/p>\n[\/et_pb_slide][et_pb_slide heading=\u00a0\u00bbCAP ATMFC\u00a0\u00bb button_text=\u00a0\u00bbVid\u00e9o\u00a0\u00bb button_link=\u00a0\u00bbhttps:\/\/youtu.be\/ki2eSHJtAZ4&Prime; image=\u00a0\u00bbhttps:\/\/etab.ac-reunion.fr\/lyc-rontaunay\/wp-content\/uploads\/sites\/34\/2021\/02\/CAP-ATMFC-machine-a-coudre-2-scaled.jpg\u00a0\u00bb _builder_version=\u00a0\u00bb4.9.0&Prime; _module_preset=\u00a0\u00bbdefault\u00a0\u00bb sticky_transition=\u00a0\u00bbon\u00a0\u00bb][\/et_pb_slide][et_pb_slide heading=\u00a0\u00bbCAP ATMFC\u00a0\u00bb button_text=\u00a0\u00bbPhoto\u00a0\u00bb button_link=\u00a0\u00bbhttps:\/\/etab.ac-reunion.fr\/lyc-rontaunay\/wp-content\/uploads\/sites\/34\/2021\/02\/CAP-ATMFC-repassage-scaled.jpg\u00a0\u00bb image=\u00a0\u00bbhttps:\/\/etab.ac-reunion.fr\/lyc-rontaunay\/wp-content\/uploads\/sites\/34\/2021\/02\/CAP-ATMFC-repassage-scaled.jpg\u00a0\u00bb _builder_version=\u00a0\u00bb4.9.0&Prime; _module_preset=\u00a0\u00bbdefault\u00a0\u00bb sticky_transition=\u00a0\u00bbon\u00a0\u00bb]\n<p>Entretien du linge, repassage<\/p>\n[\/et_pb_slide][et_pb_slide heading=\u00a0\u00bbCAP ATMFC\u00a0\u00bb button_text=\u00a0\u00bbPhoto\u00a0\u00bb button_link=\u00a0\u00bbhttps:\/\/etab.ac-reunion.fr\/lyc-rontaunay\/wp-content\/uploads\/sites\/34\/2021\/02\/CAP-ATMFC-couture-scaled.jpg\u00a0\u00bb image=\u00a0\u00bbhttps:\/\/etab.ac-reunion.fr\/lyc-rontaunay\/wp-content\/uploads\/sites\/34\/2021\/02\/CAP-ATMFC-couture-scaled.jpg\u00a0\u00bb _builder_version=\u00a0\u00bb4.9.0&Prime; _module_preset=\u00a0\u00bbdefault\u00a0\u00bb sticky_transition=\u00a0\u00bbon\u00a0\u00bb]\n<p>Entretien du linge, couture<\/p>\n[\/et_pb_slide][\/et_pb_slider][\/et_pb_column][et_pb_column type=\u00a0\u00bb1_2&Prime; _builder_version=\u00a0\u00bb4.9.0&Prime; _module_preset=\u00a0\u00bbdefault\u00a0\u00bb][et_pb_slider _builder_version=\u00a0\u00bb4.9.0&Prime; _module_preset=\u00a0\u00bbdefault\u00a0\u00bb auto=\u00a0\u00bbon\u00a0\u00bb auto_speed=\u00a0\u00bb4500&Prime;][et_pb_slide heading=\u00a0\u00bbCAP ATMFC\u00a0\u00bb button_text=\u00a0\u00bbPhoto\u00a0\u00bb button_link=\u00a0\u00bbhttps:\/\/etab.ac-reunion.fr\/lyc-rontaunay\/wp-content\/uploads\/sites\/34\/2021\/02\/CAP-ATMFC-cuisine-collective-2-scaled.jpg\u00a0\u00bb image=\u00a0\u00bbhttps:\/\/etab.ac-reunion.fr\/lyc-rontaunay\/wp-content\/uploads\/sites\/34\/2021\/02\/CAP-ATMFC-cuisine-collective-2-scaled.jpg\u00a0\u00bb _builder_version=\u00a0\u00bb4.9.0&Prime; _module_preset=\u00a0\u00bbdefault\u00a0\u00bb sticky_transition=\u00a0\u00bbon\u00a0\u00bb]\n<p>Cuisine collective<\/p>\n[\/et_pb_slide][et_pb_slide heading=\u00a0\u00bbCAP ATMFC\u00a0\u00bb button_text=\u00a0\u00bbPhoto\u00a0\u00bb button_link=\u00a0\u00bbhttps:\/\/etab.ac-reunion.fr\/lyc-rontaunay\/wp-content\/uploads\/sites\/34\/2021\/02\/CAP-ATMFC-labo-patisserie-scaled.jpg\u00a0\u00bb image=\u00a0\u00bbhttps:\/\/etab.ac-reunion.fr\/lyc-rontaunay\/wp-content\/uploads\/sites\/34\/2021\/02\/CAP-ATMFC-labo-patisserie-scaled.jpg\u00a0\u00bb _builder_version=\u00a0\u00bb4.9.0&Prime; _module_preset=\u00a0\u00bbdefault\u00a0\u00bb sticky_transition=\u00a0\u00bbon\u00a0\u00bb]\n<p>Laboratoire de p\u00e2tisserie<\/p>\n[\/et_pb_slide][et_pb_slide heading=\u00a0\u00bbCAP ATMFC\u00a0\u00bb button_text=\u00a0\u00bbVid\u00e9o\u00a0\u00bb button_link=\u00a0\u00bbhttps:\/\/youtu.be\/yr52uF4K1pc\u00a0\u00bb image=\u00a0\u00bbhttps:\/\/etab.ac-reunion.fr\/lyc-rontaunay\/wp-content\/uploads\/sites\/34\/2021\/02\/CAP-ATMFC-cuisine-collective-1-scaled.jpg\u00a0\u00bb _builder_version=\u00a0\u00bb4.9.0&Prime; _module_preset=\u00a0\u00bbdefault\u00a0\u00bb sticky_transition=\u00a0\u00bbon\u00a0\u00bb]\n<p>Cuisine collective, pr\u00e9paration de la sauce des lasagnes<\/p>\n[\/et_pb_slide][et_pb_slide heading=\u00a0\u00bbCAP ATMFC\u00a0\u00bb button_text=\u00a0\u00bbVid\u00e9o\u00a0\u00bb button_link=\u00a0\u00bbhttps:\/\/youtu.be\/qn4YVDRnyxE\u00a0\u00bb image=\u00a0\u00bbhttps:\/\/etab.ac-reunion.fr\/lyc-rontaunay\/wp-content\/uploads\/sites\/34\/2021\/02\/CAP-ATMFC-cuisine-collective-garniture-lasagne-scaled.jpg\u00a0\u00bb _builder_version=\u00a0\u00bb4.9.0&Prime; _module_preset=\u00a0\u00bbdefault\u00a0\u00bb sticky_transition=\u00a0\u00bbon\u00a0\u00bb]\n<p>Pr\u00e9paration de la garniture des lasagnes<\/p>\n[\/et_pb_slide][et_pb_slide heading=\u00a0\u00bbCAP ATMFC\u00a0\u00bb button_text=\u00a0\u00bbPhoto\u00a0\u00bb button_link=\u00a0\u00bbhttps:\/\/etab.ac-reunion.fr\/lyc-rontaunay\/wp-content\/uploads\/sites\/34\/2021\/02\/CAP-ATMFC-service-2-scaled.jpg\u00a0\u00bb image=\u00a0\u00bbhttps:\/\/etab.ac-reunion.fr\/lyc-rontaunay\/wp-content\/uploads\/sites\/34\/2021\/02\/CAP-ATMFC-service-2-scaled.jpg\u00a0\u00bb _builder_version=\u00a0\u00bb4.9.0&Prime; _module_preset=\u00a0\u00bbdefault\u00a0\u00bb sticky_transition=\u00a0\u00bbon\u00a0\u00bb]\n<p>Cuisine collective, service<\/p>\n[\/et_pb_slide][et_pb_slide heading=\u00a0\u00bbCAP ATMFC\u00a0\u00bb button_text=\u00a0\u00bbPhoto\u00a0\u00bb button_link=\u00a0\u00bbhttps:\/\/etab.ac-reunion.fr\/lyc-rontaunay\/wp-content\/uploads\/sites\/34\/2021\/02\/CAP-ATMFC-service-1-scaled.jpg\u00a0\u00bb image=\u00a0\u00bbhttps:\/\/etab.ac-reunion.fr\/lyc-rontaunay\/wp-content\/uploads\/sites\/34\/2021\/02\/CAP-ATMFC-service-1-scaled.jpg\u00a0\u00bb _builder_version=\u00a0\u00bb4.9.0&Prime; _module_preset=\u00a0\u00bbdefault\u00a0\u00bb sticky_transition=\u00a0\u00bbon\u00a0\u00bb]\n<p>Cuisine collective, les lasagnes !<\/p>\n[\/et_pb_slide][et_pb_slide heading=\u00a0\u00bbCAP ATMFC\u00a0\u00bb button_text=\u00a0\u00bbVid\u00e9o\u00a0\u00bb button_link=\u00a0\u00bbhttps:\/\/youtu.be\/OkClJqnH6HM\u00a0\u00bb image=\u00a0\u00bbhttps:\/\/etab.ac-reunion.fr\/lyc-rontaunay\/wp-content\/uploads\/sites\/34\/2021\/02\/IMG_7020-scaled.jpg\u00a0\u00bb _builder_version=\u00a0\u00bb4.9.0&Prime; _module_preset=\u00a0\u00bbdefault\u00a0\u00bb sticky_transition=\u00a0\u00bbon\u00a0\u00bb]\n<p>Remise en \u00e9tat et rangement du mat\u00e9riel<\/p>\n[\/et_pb_slide][\/et_pb_slider][\/et_pb_column][\/et_pb_row][et_pb_row _builder_version=\u00a0\u00bb4.9.0&Prime; _module_preset=\u00a0\u00bbdefault\u00a0\u00bb][et_pb_column type=\u00a0\u00bb4_4&Prime; _builder_version=\u00a0\u00bb4.9.0&Prime; _module_preset=\u00a0\u00bbdefault\u00a0\u00bb][et_pb_button button_url=\u00a0\u00bbhttps:\/\/www.onisep.fr\/Ressources\/Univers-Formation\/Formations\/Lycees\/cap-assistant-technique-en-milieux-familial-et-collectif\u00a0\u00bb button_text=\u00a0\u00bbPour en savoir + sur le CAP ATMFC\u00a0\u00bb button_alignment=\u00a0\u00bbcenter\u00a0\u00bb _builder_version=\u00a0\u00bb4.9.0&Prime; _module_preset=\u00a0\u00bbdefault\u00a0\u00bb custom_button=\u00a0\u00bbon\u00a0\u00bb button_text_size=\u00a0\u00bb30px\u00a0\u00bb button_text_color=\u00a0\u00bb#000000&Prime; button_bg_color=\u00a0\u00bb#0C71C3&Prime; button_border_width=\u00a0\u00bb1px\u00a0\u00bb button_border_color=\u00a0\u00bb#000000&Prime; button_border_radius=\u00a0\u00bb10px\u00a0\u00bb][\/et_pb_button][\/et_pb_column][\/et_pb_row][\/et_pb_section]\n<!-- AddThis Advanced Settings generic via filter on the_content --><!-- AddThis Share Buttons generic via filter on the_content -->","protected":false},"excerpt":{"rendered":"<p>CAP ATMFC (Assistant Technique en Milieu Familial et Collectif) \u00a0 Capacit\u00e9 : 1 classe Effectifs : 24 \u00e9l\u00e8ves Le titulaire du CAP Assistant technique\u00a0en milieux familial et collectif\u00a0exerce dans les [&hellip;]<\/p>\n<p><!-- AddThis Advanced Settings generic via filter on get_the_excerpt --><!-- AddThis Share Buttons generic via filter on get_the_excerpt --><\/p>\n","protected":false},"author":17465,"featured_media":0,"parent":0,"menu_order":0,"comment_status":"closed","ping_status":"closed","template":"","meta":{"_et_pb_use_builder":"on","_et_pb_old_content":"","_et_gb_content_width":"","footnotes":"","_links_to":"","_links_to_target":""},"class_list":["post-5453","page","type-page","status-publish","hentry"],"_links":{"self":[{"href":"https:\/\/etab.ac-reunion.fr\/lyc-rontaunay\/wp-json\/wp\/v2\/pages\/5453","targetHints":{"allow":["GET"]}}],"collection":[{"href":"https:\/\/etab.ac-reunion.fr\/lyc-rontaunay\/wp-json\/wp\/v2\/pages"}],"about":[{"href":"https:\/\/etab.ac-reunion.fr\/lyc-rontaunay\/wp-json\/wp\/v2\/types\/page"}],"author":[{"embeddable":true,"href":"https:\/\/etab.ac-reunion.fr\/lyc-rontaunay\/wp-json\/wp\/v2\/users\/17465"}],"replies":[{"embeddable":true,"href":"https:\/\/etab.ac-reunion.fr\/lyc-rontaunay\/wp-json\/wp\/v2\/comments?post=5453"}],"version-history":[{"count":28,"href":"https:\/\/etab.ac-reunion.fr\/lyc-rontaunay\/wp-json\/wp\/v2\/pages\/5453\/revisions"}],"predecessor-version":[{"id":5596,"href":"https:\/\/etab.ac-reunion.fr\/lyc-rontaunay\/wp-json\/wp\/v2\/pages\/5453\/revisions\/5596"}],"wp:attachment":[{"href":"https:\/\/etab.ac-reunion.fr\/lyc-rontaunay\/wp-json\/wp\/v2\/media?parent=5453"}],"curies":[{"name":"wp","href":"https:\/\/api.w.org\/{rel}","templated":true}]}}