{"id":7125,"date":"2023-10-04T10:55:22","date_gmt":"2023-10-04T06:55:22","guid":{"rendered":"https:\/\/etab.ac-reunion.fr\/lyc-rontaunay\/?page_id=7125"},"modified":"2023-10-04T16:03:02","modified_gmt":"2023-10-04T12:03:02","slug":"bac-pro-aepa","status":"publish","type":"page","link":"https:\/\/etab.ac-reunion.fr\/lyc-rontaunay\/bac-pro-aepa\/","title":{"rendered":"BAC PRO AEPA"},"content":{"rendered":"<h1 style=\"text-align: center\"><a href=\"https:\/\/etab.ac-reunion.fr\/lyc-rontaunay\/bac-pro-aepa\/bac-pro-aepa-2\/\" rel=\"attachment wp-att-7130\"><img loading=\"lazy\" decoding=\"async\" class=\"aligncenter size-full wp-image-7130\" src=\"https:\/\/etab.ac-reunion.fr\/lyc-rontaunay\/wp-content\/uploads\/sites\/34\/2023\/10\/BAC-PRO-AEPA.jpg\" alt=\"\" width=\"512\" height=\"307\" srcset=\"https:\/\/etab.ac-reunion.fr\/lyc-rontaunay\/wp-content\/uploads\/sites\/34\/2023\/10\/BAC-PRO-AEPA.jpg 512w, https:\/\/etab.ac-reunion.fr\/lyc-rontaunay\/wp-content\/uploads\/sites\/34\/2023\/10\/BAC-PRO-AEPA-480x288.jpg 480w\" sizes=\"(min-width: 0px) and (max-width: 480px) 480px, (min-width: 481px) 512px, 100vw\" \/><\/a><\/h1>\n<h1 class=\"background-decoration mt-xl-1w ml-lg-3w ml-xl-0\"><strong>Bac pro Animation-enfance et personnes \u00e2g\u00e9es (AEPA)<\/strong><\/h1>\n<p>&nbsp;<\/p>\n<h2 class=\"border-decoration-bottom border-color-brand\">Objectifs de la formation<\/h2>\n<div class=\"editor\">\n<div class=\"ezrichtext-field\">\n<p>Le titulaire du baccalaur\u00e9at professionnel Animation &#8211; enfance et personnes \u00e2g\u00e9es poss\u00e8de les comp\u00e9tences n\u00e9cessaires pour concevoir et r\u00e9aliser des activit\u00e9s de nature vari\u00e9e, notamment aupr\u00e8s d&rsquo;un public jeune ou de personnes \u00e2g\u00e9es en perte d&rsquo;autonomie.<\/p>\n<p>Il ma\u00eetrise les techniques n\u00e9cessaires \u00e0 la conduite d&rsquo;un projet d&rsquo;animation : conception, organisation, r\u00e9alisation et \u00e9valuation des activit\u00e9s.<\/p>\n<p>Il est dot\u00e9 de comp\u00e9tences relationnelles indispensables pour accueillir, communiquer et impulser une dynamique au sein du groupe dont il a la charge.<\/p>\n<p>Le dipl\u00f4me peut \u00eatre employ\u00e9 notamment par des centres de loisirs, des Maisons de la jeunesse et de la culture, des associations, des \u00e9tablissements d&rsquo;h\u00e9bergement pour personnes \u00e2g\u00e9es d\u00e9pendantes (EHPAD), des centres sociaux, des services d&rsquo;aide et de maintien \u00e0 domicile. Il y occupe des postes d&rsquo;animateur socio-culturel, animateur p\u00e9riscolaire, animateur en g\u00e9rontologie, animateur social &#8230;.<\/p>\n<p>Depuis la rentr\u00e9e 2021, dans certains \u00e9tablissements, les \u00e9l\u00e8ves peuvent s\u2019inscrire \u00e0 l\u2019unit\u00e9 professionnelle facultative \u00ab secteur sportif \u00bb \u00e0 condition d\u2019avoir r\u00e9alis\u00e9 un stage d\u2019au moins 4 semaines dans une structure sportive. Les bacheliers titulaires de cette unit\u00e9 facultative obtiendront automatiquement certaines unit\u00e9s capitalisables des BP JEPS (Brevet professionnel de la jeunesse, de l\u2019\u00e9ducation populaire et du sport) sp\u00e9cialit\u00e9 animateur mentions loisirs tous publics et animation sociale.<\/p>\n<\/div>\n<\/div>\n<p>&nbsp;<\/p>\n<p>&nbsp;<\/p>\n<h2 class=\"border-decoration-bottom border-color-brand\">Poursuites d&rsquo;\u00e9tudes<\/h2>\n<div class=\"editor mb-3w\">\n<div class=\"ezrichtext-field\">\n<p>Le bac pro a pour premier objectif l&rsquo;insertion professionnelle mais le dipl\u00f4m\u00e9 peut \u00e9galement \u00e9voluer au sein de la fili\u00e8re des dipl\u00f4mes professionnels de l&rsquo;animation (BP JEPS) et avec de l&rsquo;exp\u00e9rience, prendre des responsabilit\u00e9s de coordination puis de direction (DE JEPS). Il peut \u00e9galement choisir de faire des \u00e9tudes sup\u00e9rieures en pr\u00e9parant un BTSA (2 ans)<\/p>\n<\/div>\n<\/div>\n<p><strong>Exemple(s) de formation(s) :<\/strong><\/p>\n<ul>\n<li><a href=\"https:\/\/www.onisep.fr\/ressources\/univers-formation\/formations\/Lycees\/bp-jeps-specialite-animateur-mention-animation-sociale\">BP JEPS sp\u00e9cialit\u00e9 animateur mention animation sociale<\/a><\/li>\n<li><a href=\"https:\/\/www.onisep.fr\/ressources\/univers-formation\/formations\/Lycees\/bp-jeps-specialite-animateur-mention-loisirs-tous-publics\">BP JEPS sp\u00e9cialit\u00e9 animateur mention loisirs tous publics<\/a><\/li>\n<li><a href=\"https:\/\/www.onisep.fr\/ressources\/univers-formation\/formations\/Post-bac\/btsa-developpement-animation-des-territoires-ruraux\">BTSA d\u00e9veloppement, animation des territoires ruraux<\/a><\/li>\n<li><a href=\"https:\/\/www.onisep.fr\/ressources\/univers-formation\/formations\/Post-bac\/dejeps-animation-socio-educative-ou-culturelle-mention-animation-sociale\">DEJEPS animation socio-\u00e9ducative ou culturelle mention animation sociale<\/a><\/li>\n<\/ul>\n<!-- AddThis Advanced Settings generic via filter on the_content --><!-- AddThis Share Buttons generic via filter on the_content -->","protected":false},"excerpt":{"rendered":"<p>Bac pro Animation-enfance et personnes \u00e2g\u00e9es (AEPA) &nbsp; Objectifs de la formation Le titulaire du baccalaur\u00e9at professionnel Animation &#8211; enfance et personnes \u00e2g\u00e9es poss\u00e8de les comp\u00e9tences n\u00e9cessaires pour concevoir et [&hellip;]<!-- AddThis Advanced Settings generic via filter on get_the_excerpt --><!-- AddThis Share Buttons generic via filter on get_the_excerpt --><\/p>\n","protected":false},"author":20534,"featured_media":7130,"parent":0,"menu_order":0,"comment_status":"closed","ping_status":"closed","template":"","meta":{"_et_pb_use_builder":"","_et_pb_old_content":"","_et_gb_content_width":"","footnotes":"","_links_to":"","_links_to_target":""},"class_list":["post-7125","page","type-page","status-publish","has-post-thumbnail","hentry"],"_links":{"self":[{"href":"https:\/\/etab.ac-reunion.fr\/lyc-rontaunay\/wp-json\/wp\/v2\/pages\/7125","targetHints":{"allow":["GET"]}}],"collection":[{"href":"https:\/\/etab.ac-reunion.fr\/lyc-rontaunay\/wp-json\/wp\/v2\/pages"}],"about":[{"href":"https:\/\/etab.ac-reunion.fr\/lyc-rontaunay\/wp-json\/wp\/v2\/types\/page"}],"author":[{"embeddable":true,"href":"https:\/\/etab.ac-reunion.fr\/lyc-rontaunay\/wp-json\/wp\/v2\/users\/20534"}],"replies":[{"embeddable":true,"href":"https:\/\/etab.ac-reunion.fr\/lyc-rontaunay\/wp-json\/wp\/v2\/comments?post=7125"}],"version-history":[{"count":2,"href":"https:\/\/etab.ac-reunion.fr\/lyc-rontaunay\/wp-json\/wp\/v2\/pages\/7125\/revisions"}],"predecessor-version":[{"id":7133,"href":"https:\/\/etab.ac-reunion.fr\/lyc-rontaunay\/wp-json\/wp\/v2\/pages\/7125\/revisions\/7133"}],"wp:featuredmedia":[{"embeddable":true,"href":"https:\/\/etab.ac-reunion.fr\/lyc-rontaunay\/wp-json\/wp\/v2\/media\/7130"}],"wp:attachment":[{"href":"https:\/\/etab.ac-reunion.fr\/lyc-rontaunay\/wp-json\/wp\/v2\/media?parent=7125"}],"curies":[{"name":"wp","href":"https:\/\/api.w.org\/{rel}","templated":true}]}}