{"id":1816,"date":"2018-03-11T13:52:13","date_gmt":"2018-03-11T10:52:13","guid":{"rendered":"http:\/\/lycee-stpaul4.ac-reunion.fr\/?page_id=1816"},"modified":"2023-02-06T11:14:08","modified_gmt":"2023-02-06T08:14:08","slug":"presentation-du-bac-stl-biotechnologies","status":"publish","type":"page","link":"https:\/\/etab.ac-reunion.fr\/lyc-saint-paul4\/presentation-du-bac-stl-biotechnologies\/","title":{"rendered":"Pr\u00e9sentation de la fili\u00e8re STL Biotechnologies"},"content":{"rendered":"<div class=\"wp-block-image\">\n<figure class=\"alignright size-large is-resized\"><a href=\"https:\/\/view.genial.ly\/6065870d7e2ace0cd7da409b\/interactive-content-12-raisons-de-choisir-la-stl-biotechnologies\" target=\"_blank\" rel=\"noopener\"><img loading=\"lazy\" decoding=\"async\" src=\"https:\/\/etab.ac-reunion.fr\/lyc-saint-paul4\/wp-content\/uploads\/sites\/49\/2021\/06\/12-questions-1.jpg\" alt=\"\" class=\"wp-image-3103\" width=\"92\" height=\"39\" \/><\/a><figcaption class=\"wp-element-caption\">C<em>liquez pour suivre le lien<\/em><\/figcaption><\/figure>\n<\/div>\n\n\n<p><\/p>\n\n\n\n<figure class=\"wp-block-image size-large\"><img loading=\"lazy\" decoding=\"async\" width=\"1024\" height=\"768\" src=\"https:\/\/etab.ac-reunion.fr\/lyc-saint-paul4\/wp-content\/uploads\/sites\/49\/2021\/04\/nuage-STL-1024x768.png\" alt=\"\" class=\"wp-image-3017\" srcset=\"https:\/\/etab.ac-reunion.fr\/lyc-saint-paul4\/wp-content\/uploads\/sites\/49\/2021\/04\/nuage-STL-1024x768.png 1024w, https:\/\/etab.ac-reunion.fr\/lyc-saint-paul4\/wp-content\/uploads\/sites\/49\/2021\/04\/nuage-STL-300x225.png 300w, https:\/\/etab.ac-reunion.fr\/lyc-saint-paul4\/wp-content\/uploads\/sites\/49\/2021\/04\/nuage-STL-768x576.png 768w, https:\/\/etab.ac-reunion.fr\/lyc-saint-paul4\/wp-content\/uploads\/sites\/49\/2021\/04\/nuage-STL-1536x1152.png 1536w, https:\/\/etab.ac-reunion.fr\/lyc-saint-paul4\/wp-content\/uploads\/sites\/49\/2021\/04\/nuage-STL.png 1598w\" sizes=\"auto, (max-width: 1024px) 100vw, 1024px\" \/><\/figure>\n\n\n\n<p>La fili\u00e8re STL (sciences et technologies de laboratoire) est une fili\u00e8re pr\u00e9sente au lyc\u00e9e Saint Paul IV sp\u00e9cialis\u00e9e dans le domaine de la biologie. C\u2019est une fili\u00e8re technologique qui nous permet l\u2019obtention d\u2019un bac technologique, \u00e9quivalent aux bacs g\u00e9n\u00e9raux.<\/p>\n\n\n\n<p>Si vous aimez analyser, manipuler, faire des hypoth\u00e8ses, vous mettre en r\u00e9flexion comme le font les vrais scientifiques alors cette fili\u00e8re est faite pour vous&nbsp;! Vous serez aupr\u00e8s de professeurs forts sympathiques et passionn\u00e9s, voire pour certains exceptionnels.<\/p>\n\n\n\n<p>Tout d\u2019abord, la STL vous permet de r\u00e9aliser toutes les semaines des manipulations en laboratoire tout en utilisant des produits du quotidien et de laboratoire.<\/p>\n\n\n\n<p>De plus, vous y retrouverez des mati\u00e8res du tronc commun&nbsp;: langues, math\u00e9matiques, physique chimie, EPS, philosophie mais aussi des mati\u00e8res que vous n\u2019avez jamais rencontr\u00e9es&nbsp;: la biologie-biochimie, la biotechnologie et l\u2019ETLV.<\/p>\n\n\n\n<p>L\u2019ETLV (1h par semaine) permet d\u2019acqu\u00e9rir du vocabulaire scientifique en anglais car certaines notices de mat\u00e9riel au laboratoire sont en anglais. Pour ceux qui n\u2019aiment pas les maths, il faut savoir qu\u2019elles sont obligatoires pour des \u00e9tudes scientifiques et qu\u2019en STL il n\u2019y en a que 3h contre 6h en sp\u00e9cialit\u00e9 en fili\u00e8re g\u00e9n\u00e9rale.<\/p>\n\n\n\n<p>Ensuite, cette fili\u00e8re ouvre beaucoup de portes&nbsp;: \u00e9tudes courtes professionnalisantes (les BTS, inaccessibles apr\u00e8s un bac g\u00e9n\u00e9ral, et les BUT) ou longues&nbsp;: facult\u00e9s, pr\u00e9pa, \u00e9coles sp\u00e9cialis\u00e9es\u2026<\/p>\n\n\n\n<p>Pour r\u00e9sumer, la STL c\u2019est beaucoup d\u2019avantages&nbsp;:<\/p>\n\n\n<div class=\"wp-block-image\">\n<figure class=\"alignright size-large is-resized\"><img loading=\"lazy\" decoding=\"async\" src=\"https:\/\/etab.ac-reunion.fr\/lyc-saint-paul4\/wp-content\/uploads\/sites\/49\/2021\/04\/STL.jpg\" alt=\"\" class=\"wp-image-3018\" width=\"360\" height=\"240\" srcset=\"https:\/\/etab.ac-reunion.fr\/lyc-saint-paul4\/wp-content\/uploads\/sites\/49\/2021\/04\/STL.jpg 612w, https:\/\/etab.ac-reunion.fr\/lyc-saint-paul4\/wp-content\/uploads\/sites\/49\/2021\/04\/STL-300x200.jpg 300w, https:\/\/etab.ac-reunion.fr\/lyc-saint-paul4\/wp-content\/uploads\/sites\/49\/2021\/04\/STL-140x94.jpg 140w\" sizes=\"auto, (max-width: 360px) 100vw, 360px\" \/><\/figure>\n<\/div>\n\n\n<ul class=\"wp-block-list\">\n<li>Des TP en laboratoire toutes les semaines<\/li>\n\n\n\n<li>Beaucoup de d\u00e9bouch\u00e9s dans pleins de domaines de la biologie et l\u2019accessibilit\u00e9 au BTS<\/li>\n\n\n\n<li>La d\u00e9couverte de nouvelles mati\u00e8res<\/li>\n\n\n\n<li>L\u2019immersion dans les nombreux domaines des biotechnologies (biologie m\u00e9dicale, l\u2019agroalimentaire, l\u2019environnement, le contr\u00f4le qualit\u00e9, la microbiologie, la cosm\u00e9tologie, la biologie marine\u2026)<\/li>\n\n\n\n<li>Du travail en petit groupe ce qui permet aux professeurs de mieux nous encadrer et d\u2019aider les \u00e9l\u00e8ves en difficult\u00e9<\/li>\n\n\n\n<li>Du travail souvent en autonomie ou en bin\u00f4me<\/li>\n\n\n\n<li>Un emploi du temps sans \u00ab&nbsp;trous&nbsp;\u00bb<\/li>\n\n\n\n<li>Des classes soud\u00e9es<\/li>\n\n\n\n<li>Pas de casse-t\u00eate pour choisir vos sp\u00e9cialit\u00e9s en premi\u00e8re et en terminale (car les sp\u00e9cialit\u00e9s sont impos\u00e9es)<\/li>\n\n\n\n<li>Des sorties p\u00e9dagogiques comme des visites d\u2019entreprises<\/li>\n\n\n\n<li>L\u2019utilisation de mat\u00e9riel professionnel pr\u00e9sent sur l\u2019\u00eele uniquement \u00e0 Saint Paul IV<\/li>\n<\/ul>\n\n\n\n<p>\u00c9videment cette fili\u00e8re poss\u00e8de aussi quelques inconv\u00e9nients. Il faut \u00eatre ponctuel, ne pas rater les TP et ne pas oublier son mat\u00e9riel (blouse et calculatrice). L\u2019emploi du temps est assez charg\u00e9. Il faut rendre des comptes-rendus de TP chaque semaine et le laboratoire est un endroit \u00e0 risque (produit chimiques, contamination microbienne\u2026)&nbsp;: il faut donc respecter des r\u00e8gles de s\u00e9curit\u00e9. Enfin, l\u2019encadrement et l\u2019aide que nous donnent nos professeurs ne nous forment pas aux \u00e9tudes le plus difficiles comme la fac de m\u00e9decine.<\/p>\n\n\n\n<p>Pour terminer, si vous voyez que cette fili\u00e8re refl\u00e8te vos envies ou vos r\u00eaves, n\u2019h\u00e9sitez pas une seconde&nbsp;! Choisissiez la STL&nbsp;! Elle vous apportera des connaissances primordiales qui vous serviront tout au long de votre vie professionnelle. Elles vous permettront de trouver un travail facilement dans divers domaines de la biologie apr\u00e8s les \u00e9tudes sup\u00e9rieures.<\/p>\n\n\n\n<p class=\"has-text-align-right\"><em>Pr\u00e9sentation r\u00e9dig\u00e9e par les \u00e9l\u00e8ves de la terminale STL1 avec l\u2019encadrement de Mme Lafferrerie<\/em><\/p>\n\n\n\n<p><\/p>\n\n\n\n<p>Pour en savoir plus : <a href=\"https:\/\/etab.ac-reunion.fr\/lyc-saint-paul4\/wp-content\/uploads\/sites\/49\/2021\/12\/Presentation-STL-2122.pdf\" target=\"_blank\" rel=\"noreferrer noopener\">Diaporama pr\u00e9sentant la formation STL Biotechnologies au lyc\u00e9e de Saint-Paul IV<\/a><\/p>\n\n\n\n<h2 class=\"wp-block-heading\">&nbsp;<\/h2>\n\n\n\n<h2 class=\"wp-block-heading\">Un exemple de projet technologique accompagn\u00e9 (PTA)<\/h2>\n\n\n\n<figure class=\"wp-block-video\"><video controls src=\"https:\/\/etab.ac-reunion.fr\/lyc-saint-paul4\/wp-content\/uploads\/sites\/49\/2018\/03\/projet-technologique-en-terminale-stl-exemple-de-la-paille-\u00e0-filtrer.m4v\"><\/video><\/figure>\n\n\n\n<h2 class=\"wp-block-heading\">Reportage de la Web TV de l&rsquo;acad\u00e9mie de Versailles sur la fili\u00e8re Biotechnologies<\/h2>\n\n\n\n<p><a href=\"http:\/\/webtv.ac-versailles.fr\/spip.php?article1128\" target=\"_blank\" rel=\"noreferrer noopener\">http:\/\/webtv.ac-versailles.fr\/spip.php?article1128<\/a><\/p>\n\n\n\n<p><strong>T\u00e9l\u00e9charger la plaquette de pr\u00e9sentation : <\/strong><a href=\"https:\/\/etab.ac-reunion.fr\/lyc-saint-paul4\/wp-content\/uploads\/sites\/49\/2023\/02\/plaquette-STL-2023.pdf\" target=\"_blank\" rel=\"noreferrer noopener\">Plaquette bac STL biotechnologies 2023<\/a><\/p>\n\n\n\n<p class=\"has-text-align-right\"><em>derni\u00e8re maj ann\u00e9e 2022-2023<\/em><\/p>\n","protected":false},"excerpt":{"rendered":"<p>La fili\u00e8re STL (sciences et technologies de laboratoire) est une fili\u00e8re pr\u00e9sente au lyc\u00e9e Saint Paul IV sp\u00e9cialis\u00e9e dans le domaine de la biologie. C\u2019est une fili\u00e8re technologique qui nous permet l\u2019obtention d\u2019un bac technologique, \u00e9quivalent aux bacs g\u00e9n\u00e9raux. Si vous aimez analyser, manipuler, faire des hypoth\u00e8ses, vous mettre en r\u00e9flexion comme le font les [&hellip;]<\/p>\n","protected":false},"author":15,"featured_media":0,"parent":0,"menu_order":0,"comment_status":"closed","ping_status":"closed","template":"","meta":{"footnotes":""},"class_list":["post-1816","page","type-page","status-publish","hentry"],"_links":{"self":[{"href":"https:\/\/etab.ac-reunion.fr\/lyc-saint-paul4\/wp-json\/wp\/v2\/pages\/1816","targetHints":{"allow":["GET"]}}],"collection":[{"href":"https:\/\/etab.ac-reunion.fr\/lyc-saint-paul4\/wp-json\/wp\/v2\/pages"}],"about":[{"href":"https:\/\/etab.ac-reunion.fr\/lyc-saint-paul4\/wp-json\/wp\/v2\/types\/page"}],"author":[{"embeddable":true,"href":"https:\/\/etab.ac-reunion.fr\/lyc-saint-paul4\/wp-json\/wp\/v2\/users\/15"}],"replies":[{"embeddable":true,"href":"https:\/\/etab.ac-reunion.fr\/lyc-saint-paul4\/wp-json\/wp\/v2\/comments?post=1816"}],"version-history":[{"count":20,"href":"https:\/\/etab.ac-reunion.fr\/lyc-saint-paul4\/wp-json\/wp\/v2\/pages\/1816\/revisions"}],"predecessor-version":[{"id":4179,"href":"https:\/\/etab.ac-reunion.fr\/lyc-saint-paul4\/wp-json\/wp\/v2\/pages\/1816\/revisions\/4179"}],"wp:attachment":[{"href":"https:\/\/etab.ac-reunion.fr\/lyc-saint-paul4\/wp-json\/wp\/v2\/media?parent=1816"}],"curies":[{"name":"wp","href":"https:\/\/api.w.org\/{rel}","templated":true}]}}