{"id":39,"date":"2014-01-16T10:13:07","date_gmt":"2014-01-16T06:13:07","guid":{"rendered":"http:\/\/lycee-stpaul4.ac-reunion.fr\/?page_id=39"},"modified":"2023-02-10T08:28:55","modified_gmt":"2023-02-10T05:28:55","slug":"bts-sp3s-services-et-prestations-des-secteurs-sanitaire-et-social-ouverture-rentree-2013","status":"publish","type":"page","link":"https:\/\/etab.ac-reunion.fr\/lyc-saint-paul4\/bts-sp3s-services-et-prestations-des-secteurs-sanitaire-et-social-ouverture-rentree-2013\/","title":{"rendered":"BTS SP3S &#8211; Services et prestations des secteurs sanitaire et social"},"content":{"rendered":"<p><a href=\"https:\/\/etab.ac-reunion.fr\/lyc-saint-paul4\/wp-content\/uploads\/sites\/49\/2014\/01\/sp3s2.jpg\"><img loading=\"lazy\" decoding=\"async\" class=\"alignnone wp-image-42 size-full\" src=\"https:\/\/etab.ac-reunion.fr\/lyc-saint-paul4\/wp-content\/uploads\/sites\/49\/2014\/01\/sp3s2-e1398355593797.jpg\" alt=\"sp3s2\" width=\"800\" height=\"366\" srcset=\"https:\/\/etab.ac-reunion.fr\/lyc-saint-paul4\/wp-content\/uploads\/sites\/49\/2014\/01\/sp3s2-e1398355593797.jpg 800w, https:\/\/etab.ac-reunion.fr\/lyc-saint-paul4\/wp-content\/uploads\/sites\/49\/2014\/01\/sp3s2-e1398355593797-300x137.jpg 300w\" sizes=\"auto, (max-width: 800px) 100vw, 800px\" \/><\/a><\/p>\n<p><b>Cr\u00e9\u00e9 \u00e0 la rentr\u00e9e 2007, le BTS SP3S r\u00e9pond aux besoins grandissants de professionnels du secteur sanitaire et social. Il concerne les organismes de protection sociale, les entreprises de services \u00e0 la personne, les services sanitaires et sociaux. Il vise \u00e0 former en 2 ans des collaborateurs d\u2019une structure sanitaire, sociale, m\u00e9dico-sociale ou socio-\u00e9ducative appel\u00e9s \u00e0 g\u00e9rer la demande et le besoin de l\u2019usager, \u00e0 coordonner et \u00e0 animer une \u00e9quipe, \u00e0 organiser et \u00e0 promouvoir les activit\u00e9s d\u2019une structure. Le titulaire du BTS SP3S met ses comp\u00e9tences techniques, administratives et relationnelles au service de publics demandeurs de soins, de services, de prestations sociales. Il proc\u00e8de \u00e0 l\u2019analyse des besoins, facilite l\u2019acc\u00e8s aux droits, propose des services et prestations qu\u2019il organise et met en \u0153uvre dans une logique de r\u00e9seau. Il participe \u00e0 l\u2019\u00e9volution de sa structure et peut coordonner une \u00e9quipe.<\/b><\/p>\n<hr \/>\n<h4>\u00a0<\/h4>\n<div style=\"width: 960px;\" class=\"wp-video\"><video class=\"wp-video-shortcode\" id=\"video-39-1\" width=\"960\" height=\"720\" preload=\"metadata\" controls=\"controls\"><source type=\"video\/mp4\" src=\"https:\/\/etab.ac-reunion.fr\/lyc-saint-paul4\/wp-content\/uploads\/sites\/49\/2018\/03\/diapo-pr\u00e9sentation-sp3s-2018.mp4?_=1\" \/><a href=\"https:\/\/etab.ac-reunion.fr\/lyc-saint-paul4\/wp-content\/uploads\/sites\/49\/2018\/03\/diapo-pr\u00e9sentation-sp3s-2018.mp4\">https:\/\/etab.ac-reunion.fr\/lyc-saint-paul4\/wp-content\/uploads\/sites\/49\/2018\/03\/diapo-pr\u00e9sentation-sp3s-2018.mp4<\/a><\/video><\/div>\n<h4>\u00a0<\/h4>\n<hr \/>\n<h4><b>Programme hebdomadaire du BTS SP3S<\/b><b><span style=\"text-decoration: underline\"><br \/><\/span><\/b><\/h4>\n<div>\u00a0<b><br \/><\/b><\/div>\n<table border=\"1\" cellspacing=\"0\" cellpadding=\"0\">\n<tbody>\n<tr>\n<td valign=\"top\" width=\"451\">\n<div><b>Mati\u00e8res<\/b><\/div>\n<\/td>\n<td valign=\"top\" width=\"132\">\n<div align=\"center\"><b>Premi\u00e8re ann\u00e9e<\/b><\/div>\n<\/td>\n<td valign=\"top\" width=\"123\">\n<div align=\"center\"><b>Deuxi\u00e8me ann\u00e9e<\/b><\/div>\n<\/td>\n<\/tr>\n<tr>\n<td valign=\"top\" width=\"451\">\n<div><b>Epreuves obligatoires<\/b><\/div>\n<\/td>\n<td valign=\"top\" width=\"132\">\u00a0<\/td>\n<td valign=\"top\" width=\"123\">\u00a0<\/td>\n<\/tr>\n<tr>\n<td valign=\"top\" width=\"451\">Culture g\u00e9n\u00e9rale et Expression<\/td>\n<td valign=\"top\" width=\"132\">\n<div align=\"center\">3h<\/div>\n<\/td>\n<td valign=\"top\" width=\"123\">\n<div align=\"center\">3h<\/div>\n<\/td>\n<\/tr>\n<tr>\n<td valign=\"top\" width=\"451\">\n<div>Langue vivante \u00e9trang\u00e8re<\/div>\n<\/td>\n<td valign=\"top\" width=\"132\">\n<div align=\"center\">2h<\/div>\n<\/td>\n<td valign=\"top\" width=\"123\">\n<div align=\"center\">2h<\/div>\n<\/td>\n<\/tr>\n<tr>\n<td valign=\"top\" width=\"451\">\n<div>Accompagnement et coordination du parcours de la personne<\/div>\n<\/td>\n<td valign=\"top\" width=\"132\">\n<div align=\"center\">5h30<\/div>\n<\/td>\n<td valign=\"top\" width=\"123\">\n<div align=\"center\">6h30<\/div>\n<\/td>\n<\/tr>\n<tr>\n<td valign=\"top\" width=\"451\">\n<div>Projet et d\u00e9marche qualit\u00e9<\/div>\n<\/td>\n<td valign=\"top\" width=\"132\">\n<div align=\"center\">4h30<\/div>\n<\/td>\n<td valign=\"top\" width=\"123\">\n<div align=\"center\">4h<\/div>\n<\/td>\n<\/tr>\n<tr>\n<td valign=\"top\" width=\"451\">\n<div>Politique de la structure et territoires<\/div>\n<\/td>\n<td valign=\"top\" width=\"132\">\n<div align=\"center\">7h30<\/div>\n<\/td>\n<td valign=\"top\" width=\"123\">\n<div align=\"center\">5h30<\/div>\n<\/td>\n<\/tr>\n<tr>\n<td valign=\"top\" width=\"451\">\n<div>Gestion de la structure et du service<\/div>\n<\/td>\n<td valign=\"top\" width=\"132\">\n<div align=\"center\">3h<\/div>\n<\/td>\n<td valign=\"top\" width=\"123\">\n<div align=\"center\">4h<\/div>\n<\/td>\n<\/tr>\n<tr>\n<td valign=\"top\" width=\"451\">\n<div style=\"text-align: left\">Actions professionnelles<\/div>\n<\/td>\n<td style=\"text-align: center\" valign=\"top\" width=\"132\">2h<\/td>\n<td valign=\"top\" width=\"123\">\n<div align=\"center\">2h30<\/div>\n<\/td>\n<\/tr>\n<tr>\n<td valign=\"top\" width=\"451\">\u00a0<\/td>\n<td valign=\"top\" width=\"132\">\u00a0<\/td>\n<td valign=\"top\" width=\"123\">\u00a0<\/td>\n<\/tr>\n<tr>\n<td valign=\"top\" width=\"451\"><strong>TOTAL<\/strong><\/td>\n<td style=\"text-align: center\" valign=\"top\" width=\"132\"><b>27h30<\/b><\/td>\n<td style=\"text-align: center\" valign=\"top\" width=\"123\"><b>27h30<\/b><\/td>\n<\/tr>\n<tr>\n<td valign=\"top\" width=\"451\">\u00a0<\/td>\n<td valign=\"top\" width=\"132\">\u00a0<\/td>\n<td valign=\"top\" width=\"123\">\u00a0<\/td>\n<\/tr>\n<tr>\n<td valign=\"top\" width=\"451\">\n<div>Langue vivante 2 facultative<\/div>\n<\/td>\n<td valign=\"top\" width=\"132\">\n<div align=\"center\">2h<\/div>\n<\/td>\n<td valign=\"top\" width=\"123\">\n<div align=\"center\">2h<\/div>\n<\/td>\n<\/tr>\n<\/tbody>\n<\/table>\n<div><b>\u00a0<\/b><\/div>\n<div>\u00a0<\/div>\n<h4><b>Acc\u00e8s \u00e0 la formation<\/b><\/h4>\n\n\n<p>Acc\u00e8s \u00e0 la formation via <a href=\"http:\/\/www.parcoursup.fr\" target=\"_blank\" rel=\"noreferrer noopener\">www.parcoursup.fr<\/a><\/p>\n\n\n\n<p>Le BTS s&rsquo;adresse s&rsquo;adresse plus particuli\u00e8rement aux titulaires des baccalaur\u00e9ats suivants: <ul>   <li>Bac technologique : ST2S,\u00a0 STMG<\/li>   <li>Bac professionnel : ASSP, AGORA<\/li>   <li>Bac s\u00e9rie g\u00e9n\u00e9rale .<\/li> <\/ul> <strong>D<\/strong><b>\u00e9bouch\u00e9s professionnels :\u00a0<\/b> Les titulaires de ce BTS peuvent exercer en qualit\u00e9 de gestionnaire conseil\u00a0; de conseiller d\u2019action sociale dans les organismes de protection sociale compl\u00e9mentaire\u00a0; d\u2019assistant m\u00e9dical dans les centres de lutte contre le cancer\u00a0; de coordonnateur d\u2019activit\u00e9s sociales aupr\u00e8s des familles, des personnes handicap\u00e9es, des personnes \u00e2g\u00e9es, des enfants\u00a0; de coordinateur de secr\u00e9tariat de services m\u00e9dicaux&#8230; Ils peuvent aussi assurer la responsabilit\u00e9 d\u2019un secteur en service d\u2019aide \u00e0 domicile, par exemple. Ces diff\u00e9rents m\u00e9tiers offrent de nombreux d\u00e9bouch\u00e9s dans les organismes de protection sociale (caisses d\u2019allocations familiales, mutuelles), les \u00e9tablissements et services sanitaires (structures de soins, services d\u2019infirmiers \u00e0 domicile\u2026), les \u00e9tablissements et services sociaux (CCAS, Centre communal d\u2019action sociale) ou services socio-\u00e9ducatifs (PJJ, Protection judiciaire de la jeunesse), les \u00e9tablissements et services m\u00e9dico-sociaux (structures d\u2019accueil pour enfants, pour personnes \u00e2g\u00e9es et personnes handicap\u00e9es), les structures de services \u00e0 caract\u00e8re sanitaire ou social relevant d\u2019une collectivit\u00e9 territoriale (d\u00e9partement), d\u2019une association d\u2019aide \u00e0 la personne\u2026 Interlocuteur privil\u00e9gi\u00e9 de l\u2019usager, il analyse ses besoins, lui propose des prestations et des services appropri\u00e9s, et assure la gestion de son dossier. Qu\u2019il intervienne en tant que \u00ab\u00a0gestionnaire conseil\u00a0\u00bb, \u00ab\u00a0assistant m\u00e9dical\u00a0\u00bb ou \u00ab\u00a0conseiller d\u2019action sociale\u00a0\u00bb, il joue un r\u00f4le clef dans la bonne marche de la structure qui l\u2019emploie en participant \u00e0 la gestion administrative et comptable, \u00e0 la d\u00e9marche qualit\u00e9 et \u00e0 l\u2019animation d\u2019\u00e9quipe. Il travaille en \u00e9troite collaboration avec les professionnels de la sant\u00e9, les travailleurs sociaux et les partenaires institutionnels.   <h4><b>Poursuite \u00e9tudes<\/b><\/h4> Le BTS services et prestations des secteurs sanitaire et social a pour objectif l\u2019insertion professionnelle, mais, avec un tr\u00e8s bon dossier ou une mention \u00e0 l\u2019examen, une poursuite d\u2019\u00e9tudes est envisageable en\u00a0licence professionnelle (<a href=\"http:\/\/www.onisep.fr\/Ressources\/Univers-Formation\/Formations\/Post-bac\/Licence-pro-intervention-sociale-specialite-accueil-professionnalise-des-publics-a-besoins-specifiques\">Licence pro intervention sociale sp\u00e9cialit\u00e9 accueil professionnalis\u00e9 des publics \u00e0 besoins sp\u00e9cifiques<\/a>, <a href=\"http:\/\/www.onisep.fr\/Ressources\/Univers-Formation\/Formations\/Post-bac\/Licence-pro-intervention-sociale-specialite-assistance-sociale-travail-social-et-conduite-de-projet\">Licence pro intervention sociale sp\u00e9cialit\u00e9 assistance sociale\u00a0: travail social et conduite de projet<\/a>, <a href=\"http:\/\/www.onisep.fr\/Ressources\/Univers-Formation\/Formations\/Post-bac\/Licence-pro-intervention-sociale-specialite-gestion-de-la-protection-sociale\">Licence pro intervention sociale sp\u00e9cialit\u00e9 gestion de la protection sociale<\/a>, <a href=\"http:\/\/www.onisep.fr\/Ressources\/Univers-Formation\/Formations\/Post-bac\/Licence-pro-intervention-sociale-specialite-mediation-sociale\">Licence pro intervention sociale sp\u00e9cialit\u00e9 m\u00e9diation sociale<\/a>\u2026) ou\u00a0en licence du champ sanitaire et social.  <strong>T\u00e9l\u00e9charger la plaquette de pr\u00e9sentation : <a href=\"https:\/\/etab.ac-reunion.fr\/lyc-saint-paul4\/wp-content\/uploads\/sites\/49\/2023\/02\/Depliant-sp3s.pdf\" target=\"_blank\" rel=\"noreferrer noopener\">Plaquette BTS SP3S <\/a><\/strong><\/p>\n","protected":false},"excerpt":{"rendered":"<p>Cr\u00e9\u00e9 \u00e0 la rentr\u00e9e 2007, le BTS SP3S r\u00e9pond aux besoins grandissants de professionnels du secteur sanitaire et social. Il concerne les organismes de protection sociale, les entreprises de services \u00e0 la personne, les services sanitaires et sociaux. Il vise \u00e0 former en 2 ans des collaborateurs d\u2019une structure sanitaire, sociale, m\u00e9dico-sociale ou socio-\u00e9ducative appel\u00e9s [&hellip;]<\/p>\n","protected":false},"author":463,"featured_media":0,"parent":0,"menu_order":0,"comment_status":"closed","ping_status":"closed","template":"","meta":{"footnotes":""},"class_list":["post-39","page","type-page","status-publish","hentry"],"_links":{"self":[{"href":"https:\/\/etab.ac-reunion.fr\/lyc-saint-paul4\/wp-json\/wp\/v2\/pages\/39","targetHints":{"allow":["GET"]}}],"collection":[{"href":"https:\/\/etab.ac-reunion.fr\/lyc-saint-paul4\/wp-json\/wp\/v2\/pages"}],"about":[{"href":"https:\/\/etab.ac-reunion.fr\/lyc-saint-paul4\/wp-json\/wp\/v2\/types\/page"}],"author":[{"embeddable":true,"href":"https:\/\/etab.ac-reunion.fr\/lyc-saint-paul4\/wp-json\/wp\/v2\/users\/463"}],"replies":[{"embeddable":true,"href":"https:\/\/etab.ac-reunion.fr\/lyc-saint-paul4\/wp-json\/wp\/v2\/comments?post=39"}],"version-history":[{"count":10,"href":"https:\/\/etab.ac-reunion.fr\/lyc-saint-paul4\/wp-json\/wp\/v2\/pages\/39\/revisions"}],"predecessor-version":[{"id":4184,"href":"https:\/\/etab.ac-reunion.fr\/lyc-saint-paul4\/wp-json\/wp\/v2\/pages\/39\/revisions\/4184"}],"wp:attachment":[{"href":"https:\/\/etab.ac-reunion.fr\/lyc-saint-paul4\/wp-json\/wp\/v2\/media?parent=39"}],"curies":[{"name":"wp","href":"https:\/\/api.w.org\/{rel}","templated":true}]}}