{"id":1264,"date":"2015-06-17T13:27:12","date_gmt":"2015-06-17T09:27:12","guid":{"rendered":"http:\/\/lycee-sarda-garriga.ac-reunion.fr\/?page_id=1264"},"modified":"2020-02-04T23:14:07","modified_gmt":"2020-02-04T19:14:07","slug":"bac2015_recteur","status":"publish","type":"page","link":"https:\/\/etab.ac-reunion.fr\/lyc-sarda-garriga\/bac2015_recteur\/","title":{"rendered":"Ouverture des \u00c9preuves du Baccalaur\u00e9at  2015 par M. le Recteur"},"content":{"rendered":"<p>M. le Recteur Thierry Terret s&rsquo;est rendu au Lyc\u00e9e Sarda Garriga le 17 juin 2015 pour l&rsquo;ouverture des sujets de Philosophie s\u00e9rie L\/ES du Baccalaur\u00e9at 2015 et pour la distribution des sujets de Philosophie s\u00e9rie ES.<\/p>\n<p style=\"text-align: center\">\u00a0\n<div style=\"width:600px\"><div id=\"su_video_player_69f63aeb44e72\" class=\"su-video jp-video su-video-controls-yes\" data-id=\"su_video_player_69f63aeb44e72\" data-video=\"https:\/\/etab.ac-reunion.fr\/lyc-sarda-garriga\/wp-content\/uploads\/sites\/98\/2015\/06\/JT_LSG2015.mp4\" data-swf=\"https:\/\/etab.ac-reunion.fr\/lyc-sarda-garriga\/wp-content\/plugins\/shortcodes-ultimate\/vendor\/jplayer\/jplayer.swf\" data-autoplay=\"no\" data-loop=\"no\" data-poster=\"\"><div id=\"su_video_player_69f63aeb44e72_player\" class=\"jp-jplayer\" style=\"width:600px;height:400px\"><\/div><div class=\"jp-title\"><\/div><div class=\"jp-start jp-play\"><\/div><div class=\"jp-gui\"><div class=\"jp-interface\"><div class=\"jp-progress\"><div class=\"jp-seek-bar\"><div class=\"jp-play-bar\"><\/div><\/div><\/div><div class=\"jp-current-time\"><\/div><div class=\"jp-duration\"><\/div><div class=\"jp-controls-holder\"><span class=\"jp-play\"><\/span><span class=\"jp-pause\"><\/span><span class=\"jp-mute\"><\/span><span class=\"jp-unmute\"><\/span><span class=\"jp-full-screen\"><\/span><span class=\"jp-restore-screen\"><\/span><div class=\"jp-volume-bar\"><div class=\"jp-volume-bar-value\"><\/div><\/div><\/div><\/div><\/div><\/div><\/div>\n","protected":false},"excerpt":{"rendered":"<p>M. le Recteur Thierry Terret s&rsquo;est rendu au Lyc\u00e9e Sarda Garriga le 17 juin 2015 pour l&rsquo;ouverture des sujets de Philosophie s\u00e9rie L\/ES du Baccalaur\u00e9at 2015 et pour la distribution des sujets de Philosophie s\u00e9rie ES. \u00a0<\/p>\n","protected":false},"author":2934,"featured_media":0,"parent":0,"menu_order":0,"comment_status":"closed","ping_status":"closed","template":"","meta":{"footnotes":"","_links_to":"","_links_to_target":""},"class_list":["post-1264","page","type-page","status-publish","hentry"],"_links":{"self":[{"href":"https:\/\/etab.ac-reunion.fr\/lyc-sarda-garriga\/wp-json\/wp\/v2\/pages\/1264","targetHints":{"allow":["GET"]}}],"collection":[{"href":"https:\/\/etab.ac-reunion.fr\/lyc-sarda-garriga\/wp-json\/wp\/v2\/pages"}],"about":[{"href":"https:\/\/etab.ac-reunion.fr\/lyc-sarda-garriga\/wp-json\/wp\/v2\/types\/page"}],"author":[{"embeddable":true,"href":"https:\/\/etab.ac-reunion.fr\/lyc-sarda-garriga\/wp-json\/wp\/v2\/users\/2934"}],"replies":[{"embeddable":true,"href":"https:\/\/etab.ac-reunion.fr\/lyc-sarda-garriga\/wp-json\/wp\/v2\/comments?post=1264"}],"version-history":[{"count":15,"href":"https:\/\/etab.ac-reunion.fr\/lyc-sarda-garriga\/wp-json\/wp\/v2\/pages\/1264\/revisions"}],"predecessor-version":[{"id":4065,"href":"https:\/\/etab.ac-reunion.fr\/lyc-sarda-garriga\/wp-json\/wp\/v2\/pages\/1264\/revisions\/4065"}],"wp:attachment":[{"href":"https:\/\/etab.ac-reunion.fr\/lyc-sarda-garriga\/wp-json\/wp\/v2\/media?parent=1264"}],"curies":[{"name":"wp","href":"https:\/\/api.w.org\/{rel}","templated":true}]}}