{"id":3310,"date":"2019-02-07T21:05:38","date_gmt":"2019-02-07T17:05:38","guid":{"rendered":"http:\/\/lycee-sarda-garriga.ac-reunion.fr\/?page_id=3310"},"modified":"2025-05-21T23:54:36","modified_gmt":"2025-05-21T19:54:36","slug":"seconde","status":"publish","type":"page","link":"https:\/\/etab.ac-reunion.fr\/lyc-sarda-garriga\/orientations\/seconde\/","title":{"rendered":"Seconde"},"content":{"rendered":"\n<p>Afin de vous accompagner dans vos choix d&rsquo; Orientation (voie g\u00e9n\u00e9rale ou technologique)<\/p>\n\n\n\n<p>veuillez trouver, <strong>apr\u00e8s authentification sous m\u00e9tice<\/strong> puis en <a rel=\"noreferrer noopener\" href=\"https:\/\/portail.sgarriga.ac-reunion.fr\/wordpress\/1ere-specialites\/\" target=\"_blank\">cliquant sur ce lien<\/a>, &nbsp; des <strong>pr\u00e9sentations des&nbsp; enseignements de&nbsp; Sp\u00e9cialit\u00e9s<\/strong> (EPS, Histoire g\u00e9ographie&nbsp; g\u00e9opolitique et sciences politiques,&nbsp; Humanit\u00e9&nbsp; litt\u00e9rature et philosophie, Langue litt\u00e9rature et culture \u00e9trang\u00e8re en anglais et en espagnol, Math\u00e9matiques, Num\u00e9rique et sciences informatiques, Physique chimie, &nbsp;Sciences de l\u2019ing\u00e9nieur, &nbsp;Sciences \u00e9conomiques et sociales, Sciences de la Vie et la Terre) et <a href=\"https:\/\/etab.ac-reunion.fr\/lyc-sarda-garriga\/voie-technologique\/\" target=\"_blank\" rel=\"noreferrer noopener\">en cliquant sur ce lien<\/a>  des enseignements en STMG et STI2D.<\/p>\n\n\n\n<p><\/p>\n\n\n\n<p><\/p>\n","protected":false},"excerpt":{"rendered":"<p>Afin de vous accompagner dans vos choix d&rsquo; Orientation (voie g\u00e9n\u00e9rale ou technologique) veuillez trouver, apr\u00e8s authentification sous m\u00e9tice puis en cliquant sur ce lien, &nbsp; des pr\u00e9sentations des&nbsp; enseignements de&nbsp; Sp\u00e9cialit\u00e9s (EPS, Histoire g\u00e9ographie&nbsp; g\u00e9opolitique et sciences politiques,&nbsp; Humanit\u00e9&nbsp; litt\u00e9rature et philosophie, Langue litt\u00e9rature et culture \u00e9trang\u00e8re en anglais et en espagnol, Math\u00e9matiques, Num\u00e9rique [&hellip;]<\/p>\n","protected":false},"author":2934,"featured_media":0,"parent":376,"menu_order":0,"comment_status":"closed","ping_status":"closed","template":"","meta":{"footnotes":"","_links_to":"","_links_to_target":""},"class_list":["post-3310","page","type-page","status-publish","hentry"],"_links":{"self":[{"href":"https:\/\/etab.ac-reunion.fr\/lyc-sarda-garriga\/wp-json\/wp\/v2\/pages\/3310","targetHints":{"allow":["GET"]}}],"collection":[{"href":"https:\/\/etab.ac-reunion.fr\/lyc-sarda-garriga\/wp-json\/wp\/v2\/pages"}],"about":[{"href":"https:\/\/etab.ac-reunion.fr\/lyc-sarda-garriga\/wp-json\/wp\/v2\/types\/page"}],"author":[{"embeddable":true,"href":"https:\/\/etab.ac-reunion.fr\/lyc-sarda-garriga\/wp-json\/wp\/v2\/users\/2934"}],"replies":[{"embeddable":true,"href":"https:\/\/etab.ac-reunion.fr\/lyc-sarda-garriga\/wp-json\/wp\/v2\/comments?post=3310"}],"version-history":[{"count":17,"href":"https:\/\/etab.ac-reunion.fr\/lyc-sarda-garriga\/wp-json\/wp\/v2\/pages\/3310\/revisions"}],"predecessor-version":[{"id":8965,"href":"https:\/\/etab.ac-reunion.fr\/lyc-sarda-garriga\/wp-json\/wp\/v2\/pages\/3310\/revisions\/8965"}],"up":[{"embeddable":true,"href":"https:\/\/etab.ac-reunion.fr\/lyc-sarda-garriga\/wp-json\/wp\/v2\/pages\/376"}],"wp:attachment":[{"href":"https:\/\/etab.ac-reunion.fr\/lyc-sarda-garriga\/wp-json\/wp\/v2\/media?parent=3310"}],"curies":[{"name":"wp","href":"https:\/\/api.w.org\/{rel}","templated":true}]}}