{"id":4133,"date":"2020-02-21T22:23:33","date_gmt":"2020-02-21T18:23:33","guid":{"rendered":"http:\/\/lycee-sarda-garriga.ac-reunion.fr\/?page_id=4133"},"modified":"2020-09-27T18:07:40","modified_gmt":"2020-09-27T14:07:40","slug":"24hinnovation","status":"publish","type":"page","link":"https:\/\/etab.ac-reunion.fr\/lyc-sarda-garriga\/24hinnovation\/","title":{"rendered":"24H de l&rsquo;Innovation &#8211; Sciences SII"},"content":{"rendered":"\n\n\n<p>La 7<sup>\u00e8me<\/sup> \u00e9dition des \u00ab&nbsp;24 heures de l\u2019innovation&nbsp;\u00bb a eu lieu au lyc\u00e9e Sarda Garriga du mercredi 19 f\u00e9vrier \u00e0 10h au jeudi 20 f\u00e9vrier \u00e0 10h. 60 coll\u00e9giens, lyc\u00e9ens et \u00e9tudiants ont \u00e9t\u00e9 r\u00e9partis en 9 \u00e9quipes. \u00ab Les 24h de l\u2019innovation \u00bb est une manifestation bas\u00e9e sur une rencontre autour de la cr\u00e9ativit\u00e9 et de l\u2019innovation en 24 heures chrono.<\/p>\n","protected":false},"excerpt":{"rendered":"<p>La 7\u00e8me \u00e9dition des \u00ab&nbsp;24 heures de l\u2019innovation&nbsp;\u00bb a eu lieu au lyc\u00e9e Sarda Garriga du mercredi 19 f\u00e9vrier \u00e0 10h au jeudi 20 f\u00e9vrier \u00e0 10h. 60 coll\u00e9giens, lyc\u00e9ens et \u00e9tudiants ont \u00e9t\u00e9 r\u00e9partis en 9 \u00e9quipes. \u00ab Les 24h de l\u2019innovation \u00bb est une manifestation bas\u00e9e sur une rencontre autour de la cr\u00e9ativit\u00e9 [&hellip;]<\/p>\n","protected":false},"author":2934,"featured_media":4181,"parent":0,"menu_order":0,"comment_status":"closed","ping_status":"closed","template":"","meta":{"footnotes":"","_links_to":"","_links_to_target":""},"class_list":["post-4133","page","type-page","status-publish","has-post-thumbnail","hentry"],"_links":{"self":[{"href":"https:\/\/etab.ac-reunion.fr\/lyc-sarda-garriga\/wp-json\/wp\/v2\/pages\/4133","targetHints":{"allow":["GET"]}}],"collection":[{"href":"https:\/\/etab.ac-reunion.fr\/lyc-sarda-garriga\/wp-json\/wp\/v2\/pages"}],"about":[{"href":"https:\/\/etab.ac-reunion.fr\/lyc-sarda-garriga\/wp-json\/wp\/v2\/types\/page"}],"author":[{"embeddable":true,"href":"https:\/\/etab.ac-reunion.fr\/lyc-sarda-garriga\/wp-json\/wp\/v2\/users\/2934"}],"replies":[{"embeddable":true,"href":"https:\/\/etab.ac-reunion.fr\/lyc-sarda-garriga\/wp-json\/wp\/v2\/comments?post=4133"}],"version-history":[{"count":5,"href":"https:\/\/etab.ac-reunion.fr\/lyc-sarda-garriga\/wp-json\/wp\/v2\/pages\/4133\/revisions"}],"predecessor-version":[{"id":4179,"href":"https:\/\/etab.ac-reunion.fr\/lyc-sarda-garriga\/wp-json\/wp\/v2\/pages\/4133\/revisions\/4179"}],"wp:featuredmedia":[{"embeddable":true,"href":"https:\/\/etab.ac-reunion.fr\/lyc-sarda-garriga\/wp-json\/wp\/v2\/media\/4181"}],"wp:attachment":[{"href":"https:\/\/etab.ac-reunion.fr\/lyc-sarda-garriga\/wp-json\/wp\/v2\/media?parent=4133"}],"curies":[{"name":"wp","href":"https:\/\/api.w.org\/{rel}","templated":true}]}}