{"id":6510,"date":"2022-11-29T15:58:02","date_gmt":"2022-11-29T11:58:02","guid":{"rendered":"https:\/\/etab.ac-reunion.fr\/lyc-sarda-garriga\/?page_id=6510"},"modified":"2023-04-16T22:48:26","modified_gmt":"2023-04-16T18:48:26","slug":"operation-de-solidarite-ensemble-avec-yvan","status":"publish","type":"page","link":"https:\/\/etab.ac-reunion.fr\/lyc-sarda-garriga\/operation-de-solidarite-ensemble-avec-yvan\/","title":{"rendered":"Op\u00e9ration de Solidarit\u00e9 et Prix &#8211; Ensemble avec Yvan"},"content":{"rendered":"\n<p><\/p>\n\n\n\n<p><\/p>\n\n\n\n<p><\/p>\n\n\n\n<p><\/p>\n\n\n\n<p><\/p>\n\n\n\n<p><\/p>\n\n\n\n<p><\/p>\n\n\n\n<p><\/p>\n\n\n\n<p><\/p>\n\n\n\n<p><\/p>\n\n\n\n<p><\/p>\n\n\n\n<p><\/p>\n\n\n\n<p><\/p>\n\n\n\n<p><\/p>\n\n\n\n<p><\/p>\n\n\n\n<p><\/p>\n\n\n\n<p><\/p>\n\n\n\n<p><\/p>\n\n\n\n<p><\/p>\n\n\n\n<p><\/p>\n\n\n\n<p><\/p>\n\n\n\n<p><\/p>\n\n\n\n<p><\/p>\n\n\n\n<p class=\"has-text-align-center has-black-color has-white-background-color has-text-color has-background\">Dans le cadre de la Journ\u00e9e Mondiale des Personnes Handicap\u00e9s, le lyc\u00e9e lance l&rsquo;op\u00e9ration \u00ab\u00a0Ensemble avec Yvan\u00a0\u00bb ! <strong> Contribuez \u00e0 l&rsquo;achat d&rsquo;un fauteuil \u00e0 propulsion \u00e9lectrique en achetant un mug et\/ou un t-shirt sp\u00e9cialement r\u00e9alis\u00e9 pour cette op\u00e9ration.\u00a0Une mani\u00e8re d&rsquo;allier Plaisir et Entraide&#8230; <\/strong>Cela peut \u00eatre une id\u00e9e cadeau originale\u00a0! Les \u00e9tudiants de la CPES seront \u00e0 votre disposition pour proc\u00e9der \u00e0 votre prise de commande. Merci \u00e0 tous pour votre soutien !<\/p>\n\n\n\n<figure class=\"wp-block-image size-large is-resized\"><a href=\"https:\/\/etab.ac-reunion.fr\/lyc-sarda-garriga\/wp-content\/uploads\/sites\/98\/2022\/11\/Projet-Yvan.png\" target=\"_blank\" rel=\"noreferrer noopener\"><img loading=\"lazy\" decoding=\"async\" src=\"https:\/\/etab.ac-reunion.fr\/lyc-sarda-garriga\/wp-content\/uploads\/sites\/98\/2022\/11\/Projet-Yvan-1024x726.png\" alt=\"\" class=\"wp-image-6512\" width=\"837\" height=\"593\" srcset=\"https:\/\/etab.ac-reunion.fr\/lyc-sarda-garriga\/wp-content\/uploads\/sites\/98\/2022\/11\/Projet-Yvan-1024x726.png 1024w, https:\/\/etab.ac-reunion.fr\/lyc-sarda-garriga\/wp-content\/uploads\/sites\/98\/2022\/11\/Projet-Yvan-300x213.png 300w, https:\/\/etab.ac-reunion.fr\/lyc-sarda-garriga\/wp-content\/uploads\/sites\/98\/2022\/11\/Projet-Yvan-768x545.png 768w, https:\/\/etab.ac-reunion.fr\/lyc-sarda-garriga\/wp-content\/uploads\/sites\/98\/2022\/11\/Projet-Yvan-1536x1090.png 1536w, https:\/\/etab.ac-reunion.fr\/lyc-sarda-garriga\/wp-content\/uploads\/sites\/98\/2022\/11\/Projet-Yvan.png 1748w\" sizes=\"auto, (max-width: 837px) 100vw, 837px\" \/><\/a><\/figure>\n\n\n\n<p><\/p>\n\n\n\n<p class=\"has-black-color has-white-background-color has-text-color has-background\">\u00ab Ce <strong>samedi 15 avril 2023,<\/strong> le Lyc\u00e9e Sarda Garriga de St-Andr\u00e9 a re\u00e7u le \u00ab <strong>Premier Prix d\u00e9partemental du Prix de l\u2019Education Citoyenne \u00bb Cat\u00e9gorie Lyc\u00e9e de l\u2019Ordre National du M\u00e9rite. Un prix qui r\u00e9compense le projet \u00ab Ensemble avec Yvan \u00bb <\/strong>port\u00e9 par la CPES \u00c9conomie-Gestion.<strong> Notre projet a \u00e9galement \u00e9t\u00e9 s\u00e9lectionn\u00e9 pour repr\u00e9senter l\u2019Acad\u00e9mie au niveau National<\/strong>. Bravo \u00e0 nos \u00e9tudiants et \u00e0 vous tous pour avoir contribu\u00e9 \u00e0 la r\u00e9ussite de ce projet ! \u00bb<\/p>\n\n\n\n<figure class=\"wp-block-image size-large\"><a href=\"https:\/\/etab.ac-reunion.fr\/lyc-sarda-garriga\/wp-content\/uploads\/sites\/98\/2023\/04\/Yvan_prix.jpeg\" target=\"_blank\" rel=\"noreferrer noopener\"><img loading=\"lazy\" decoding=\"async\" width=\"870\" height=\"1024\" src=\"https:\/\/etab.ac-reunion.fr\/lyc-sarda-garriga\/wp-content\/uploads\/sites\/98\/2023\/04\/Yvan_prix-870x1024.jpeg\" alt=\"\" class=\"wp-image-6775\" srcset=\"https:\/\/etab.ac-reunion.fr\/lyc-sarda-garriga\/wp-content\/uploads\/sites\/98\/2023\/04\/Yvan_prix-870x1024.jpeg 870w, https:\/\/etab.ac-reunion.fr\/lyc-sarda-garriga\/wp-content\/uploads\/sites\/98\/2023\/04\/Yvan_prix-255x300.jpeg 255w, https:\/\/etab.ac-reunion.fr\/lyc-sarda-garriga\/wp-content\/uploads\/sites\/98\/2023\/04\/Yvan_prix-768x904.jpeg 768w, https:\/\/etab.ac-reunion.fr\/lyc-sarda-garriga\/wp-content\/uploads\/sites\/98\/2023\/04\/Yvan_prix.jpeg 1242w\" sizes=\"auto, (max-width: 870px) 100vw, 870px\" \/><\/a><\/figure>\n","protected":false},"excerpt":{"rendered":"<p>Dans le cadre de la Journ\u00e9e Mondiale des Personnes Handicap\u00e9s, le lyc\u00e9e lance l&rsquo;op\u00e9ration \u00ab\u00a0Ensemble avec Yvan\u00a0\u00bb ! Contribuez \u00e0 l&rsquo;achat d&rsquo;un fauteuil \u00e0 propulsion \u00e9lectrique en achetant un mug et\/ou un t-shirt sp\u00e9cialement r\u00e9alis\u00e9 pour cette op\u00e9ration.\u00a0Une mani\u00e8re d&rsquo;allier Plaisir et Entraide&#8230; Cela peut \u00eatre une id\u00e9e cadeau originale\u00a0! Les \u00e9tudiants de la CPES [&hellip;]<\/p>\n","protected":false},"author":2934,"featured_media":6525,"parent":0,"menu_order":0,"comment_status":"closed","ping_status":"closed","template":"","meta":{"footnotes":"","_links_to":"","_links_to_target":""},"class_list":["post-6510","page","type-page","status-publish","has-post-thumbnail","hentry"],"_links":{"self":[{"href":"https:\/\/etab.ac-reunion.fr\/lyc-sarda-garriga\/wp-json\/wp\/v2\/pages\/6510","targetHints":{"allow":["GET"]}}],"collection":[{"href":"https:\/\/etab.ac-reunion.fr\/lyc-sarda-garriga\/wp-json\/wp\/v2\/pages"}],"about":[{"href":"https:\/\/etab.ac-reunion.fr\/lyc-sarda-garriga\/wp-json\/wp\/v2\/types\/page"}],"author":[{"embeddable":true,"href":"https:\/\/etab.ac-reunion.fr\/lyc-sarda-garriga\/wp-json\/wp\/v2\/users\/2934"}],"replies":[{"embeddable":true,"href":"https:\/\/etab.ac-reunion.fr\/lyc-sarda-garriga\/wp-json\/wp\/v2\/comments?post=6510"}],"version-history":[{"count":21,"href":"https:\/\/etab.ac-reunion.fr\/lyc-sarda-garriga\/wp-json\/wp\/v2\/pages\/6510\/revisions"}],"predecessor-version":[{"id":6794,"href":"https:\/\/etab.ac-reunion.fr\/lyc-sarda-garriga\/wp-json\/wp\/v2\/pages\/6510\/revisions\/6794"}],"wp:featuredmedia":[{"embeddable":true,"href":"https:\/\/etab.ac-reunion.fr\/lyc-sarda-garriga\/wp-json\/wp\/v2\/media\/6525"}],"wp:attachment":[{"href":"https:\/\/etab.ac-reunion.fr\/lyc-sarda-garriga\/wp-json\/wp\/v2\/media?parent=6510"}],"curies":[{"name":"wp","href":"https:\/\/api.w.org\/{rel}","templated":true}]}}